000
CXUS51 KPHI 300800
CF6TTN
PRELIMINARY LOCAL CLIMATOLOGICAL DATA (WS FORM: F-6)

                                          STATION:   TRENTON NJ
                                          MONTH:     AUGUST
                                          YEAR:      2015
                                          LATITUDE:   40 16 N
                                          LONGITUDE:  74 49 W

  TEMPERATURE IN F:       :PCPN:    SNOW:  WIND      :SUNSHINE: SKY     :PK WND
================================================================================
1   2   3   4   5  6A  6B    7    8   9   10  11  12  13   14  15   16   17  18
                                     12Z  AVG MX 2MIN
DY MAX MIN AVG DEP HDD CDD  WTR  SNW DPTH SPD SPD DIR MIN PSBL S-S WX    SPD DR
================================================================================

 1  91  68  80   4   0  15 0.00    M    M  6.8 18 260   M    M   2        27 270
 2  89  65  77   1   0  12 0.00    M    M  4.7 16 220   M    M   0        20 220
 3  91  66  79   4   0  14 0.00    M    M  7.5 20 220   M    M   1        24 210
 4  91  66  79   4   0  14 0.07    M    M  7.3 20 260   M    M   0 3      29 300
 5  88  63  76   1   0  11 0.00    M    M  6.3 17 290   M    M   2        25 300
 6  85  60  73  -2   0   8 0.00    M    M  4.1 12 330   M    M   1        15 350
 7  85  65  75   0   0  10 0.00    M    M  7.0 15  60   M    M   1        20  40
 8  83  61  72  -3   0   7 0.00    M    M  5.0 13  70   M    M   1        16 110
 9  86  63  75   0   0  10 0.00    M    M  5.9 14 130   M    M   4        16 160
10  81  63  72  -3   0   7    T    M    M  6.6 16 180   M    M   7        21 190
11  83  69  76   1   0  11 1.28    M    M  8.2 20 200   M    M   5 13     26 350
12  84  65  75   0   0  10 0.00    M    M  6.6 15 320   M    M   1        23 290
13  82  62  72  -2   0   7 0.00    M    M  4.3 13 340   M    M   1        17 280
14  87  58  73  -1   0   8 0.00    M    M  4.4 12 270   M    M   0        17 270
15  90  64  77   3   0  12 0.00    M    M  4.1 12 210   M    M   0 1      15 210
16  93  67  80   6   0  15 0.00    M    M  4.6 13 230   M    M   1        16 240
17  94  69  82   8   0  17    T    M    M  4.7 16 320   M    M   2 3      21 330
18  91  69  80   6   0  15 0.00    M    M  6.4 18 180   M    M   3 18     23 190
19  90  74  82   8   0  17 0.12    M    M  7.1 21 160   M    M   7 13     25 160
20  86  72  79   5   0  14 0.90    M    M 10.4 23 150   M    M   9 13     36 160
21  85  69  77   4   0  12 0.25    M    M  6.7 15 360   M    M   1 13     20 290
22  83  63  73   0   0   8 0.00    M    M  5.7 13 360   M    M   0        16 340
23  83  60  72  -1   0   7    T    M    M  3.2  8 210   M    M   1        12 300
24  86  61  74   1   0   9 0.00    M    M  5.4 15 160   M    M   2        22 150
25  87  68  78   5   0  13 0.00    M    M  5.7 13 310   M    M   3 8      25 290
26  81  61  71  -2   0   6 0.00    M    M  6.8 15 270   M    M   1        20 290
27  80  59  70  -2   0   5 0.00    M    M  6.0 14 340   M    M   2        18 350
28  81  58  70  -2   0   5 0.00    M    M  4.2 14 270   M    M   1        21 280
29  85  57  71  -1   0   6 0.00    M    M  4.3 12 220   M    M   1        18 250
================================================================================
SM 2501 1865         0 305  2.62    M    170.0          M       60
================================================================================
AV 86.2 64.3                               5.9 FASTST   M    M   2    MAX(MPH)
                                 MISC ---->  # 23 150               # 36  160
================================================================================
NOTES:
# LAST OF SEVERAL OCCURRENCES

COLUMN 17 PEAK WIND IN M.P.H.

PRELIMINARY LOCAL CLIMATOLOGICAL DATA (WS FORM: F-6) , PAGE 2

                                          STATION:  TRENTON NJ
                                          MONTH:    AUGUST
                                          YEAR:     2015
                                          LATITUDE:   40 16 N
                                          LONGITUDE:  74 49 W

[TEMPERATURE DATA]      [PRECIPITATION DATA]       SYMBOLS USED IN COLUMN 16

AVERAGE MONTHLY: 75.3   TOTAL FOR MONTH:   2.62    1 = FOG OR MIST
DPTR FM NORMAL:   1.2   DPTR FM NORMAL:   -1.25    2 = FOG REDUCING VISIBILITY
HIGHEST:    94 ON 17    GRTST 24HR  1.28 ON 11-11      TO 1/4 MILE OR LESS
LOWEST:     57 ON 29                               3 = THUNDER
                        SNOW, ICE PELLETS, HAIL    4 = ICE PELLETS
                        TOTAL MONTH:    M          5 = HAIL
                        GRTST 24HR    M  ON   M    6 = FREEZING RAIN OR DRIZZLE
                        GRTST DEPTH:  M  ON   M    7 = DUSTSTORM OR SANDSTORM:
                                                       VSBY 1/2 MILE OR LESS
                                                   8 = SMOKE OR HAZE
[NO. OF DAYS WITH]      [WEATHER - DAYS WITH]      9 = BLOWING SNOW
                                                   X = TORNADO
MAX 32 OR BELOW:   0    0.01 INCH OR MORE:   5
MAX 90 OR ABOVE:   8    0.10 INCH OR MORE:   4
MIN 32 OR BELOW:   0    0.50 INCH OR MORE:   2
MIN  0 OR BELOW:   0    1.00 INCH OR MORE:   1

[HDD (BASE 65) ]
TOTAL THIS MO.     0    CLEAR  (SCALE 0-3)  24
DPTR FM NORMAL     0    PTCLDY (SCALE 4-7)   4
TOTAL FM JUL 1     0    CLOUDY (SCALE 8-10)  1
DPTR FM NORMAL     0

[CDD (BASE 65) ]
TOTAL THIS MO.   305
DPTR FM NORMAL    40    [PRESSURE DATA]
TOTAL FM JAN 1  1032    HIGHEST SLP M ON M
DPTR FM NORMAL   190    LOWEST  SLP 29.74 ON 11

[REMARKS]
