000
CXUS51 KPHI 231553
CF6TTN
PRELIMINARY LOCAL CLIMATOLOGICAL DATA (WS FORM: F-6)

                                          STATION:   TRENTON NJ
                                          MONTH:     FEBRUARY
                                          YEAR:      2018
                                          LATITUDE:   40 16 N
                                          LONGITUDE:  74 49 W

  TEMPERATURE IN F:       :PCPN:    SNOW:  WIND      :SUNSHINE: SKY     :PK WND
================================================================================
1   2   3   4   5  6A  6B    7    8   9   10  11  12  13   14  15   16   17  18
                                     12Z  AVG MX 2MIN
DY MAX MIN AVG DEP HDD CDD  WTR  SNW DPTH SPD SPD DIR MIN PSBL S-S WX    SPD DR
================================================================================

 1  44  28  36   4  29   0 0.04    M    M  4.0  9 190   M    M   6        12 220
 2  37  17  27  -5  38   0 0.15    M    M 12.2 23 300   M    M   7 1      33 310
 3  32  14  23  -9  42   0 0.00    M    M  8.1 18 200   M    M   1        24 230
 4  38  27  33   1  32   0 0.77    M    M  6.3 14 340   M    M  10 1      17 340
 5  38  23  31  -1  34   0    T    M    M  8.8 23 320   M    M   2 1      34 310
 6  37  23  30  -2  35   0 0.00    M    M  3.0 10 310   M    M   5        14 320
 7  47  26  37   4  28   0 0.76    M    M  8.4 22 340   M    M   8 1468   29 340
 8  34  24  29  -4  36   0 0.00    M    M  8.8 22 330   M    M   1        30 340
 9  38  18  28  -5  37   0 0.00    M    M  4.6 15 170   M    M   2 18     20 160
10  47  31  39   6  26   0 0.42    M    M  1.3  7 110   M    M   7 128    11 290
11  65  44  55  22  10   0 1.27    M    M  6.9 22 210   M    M  10 12     29 200
12  65  31  48  15  17   0 0.01    M    M 10.2 20 340   M    M   5        27 350
13  39  24  32  -2  33   0 0.00    M    M  7.1 16 350   M    M   2        20 350
14  53  32  43   9  22   0 0.06    M    M  6.4 14 220   M    M   7 1      18 210
15  63  44  54  20  11   0 0.43    M    M  4.4 12 210   M    M   7 18     15 230
16  60  36  48  14  17   0 0.28    M    M  8.3 23 340   M    M   7 1      34 350
17  42  26  34   0  31   0 0.28    M    M  8.2 20 140   M    M   4 1      23 140
18  45  29  37   3  28   0 0.00    M    M  5.6 16 300   M    M   3 1      21 320
19  49  29  39   4  26   0 0.04    M    M  3.0 14 200   M    M   6 12     17 210
20  71  47  59  24   6   0 0.00    M    M  8.3 15 200   M    M   5 12     20 220
21  78  57  68  33   0   3    T    M    M  9.8 21 210   M    M   6 1      24 210
22  57  39  48  13  17   0 0.10    M    M  9.7 18  60   M    M  10 18     22  60
================================================================================
SM 1079  669       555   3  4.61    M    153.4          M      121
================================================================================
AV 49.1 30.4                               7.0 FASTST   M    M   6    MAX(MPH)
                                 MISC ---->  # 23 300               # 34  310
================================================================================
NOTES:
# LAST OF SEVERAL OCCURRENCES

COLUMN 17 PEAK WIND IN M.P.H.

PRELIMINARY LOCAL CLIMATOLOGICAL DATA (WS FORM: F-6) , PAGE 2

                                          STATION:  TRENTON NJ
                                          MONTH:    FEBRUARY
                                          YEAR:     2018
                                          LATITUDE:   40 16 N
                                          LONGITUDE:  74 49 W

[TEMPERATURE DATA]      [PRECIPITATION DATA]       SYMBOLS USED IN COLUMN 16

AVERAGE MONTHLY: 39.7   TOTAL FOR MONTH:   4.61    1 = FOG OR MIST
DPTR FM NORMAL:   6.4   DPTR FM NORMAL:    2.86    2 = FOG REDUCING VISIBILITY
HIGHEST:    78 ON 21    GRTST 24HR  1.27 ON 11-11      TO 1/4 MILE OR LESS
LOWEST:     14 ON  3                               3 = THUNDER
                        SNOW, ICE PELLETS, HAIL    4 = ICE PELLETS
                        TOTAL MONTH:    M          5 = HAIL
                        GRTST 24HR    M  ON   M    6 = FREEZING RAIN OR DRIZZLE
                        GRTST DEPTH:  M  ON   M    7 = DUSTSTORM OR SANDSTORM:
                                                       VSBY 1/2 MILE OR LESS
                                                   8 = SMOKE OR HAZE
[NO. OF DAYS WITH]      [WEATHER - DAYS WITH]      9 = BLOWING SNOW
                                                   X = TORNADO
MAX 32 OR BELOW:   1    0.01 INCH OR MORE:  13
MAX 90 OR ABOVE:   0    0.10 INCH OR MORE:   9
MIN 32 OR BELOW:  16    0.50 INCH OR MORE:   3
MIN  0 OR BELOW:   0    1.00 INCH OR MORE:   1

[HDD (BASE 65) ]
TOTAL THIS MO.   555    CLEAR  (SCALE 0-3)   6
DPTR FM NORMAL  -140    PTCLDY (SCALE 4-7)  13
TOTAL FM JUL 1  3367    CLOUDY (SCALE 8-10)  3
DPTR FM NORMAL  -274

[CDD (BASE 65) ]
TOTAL THIS MO.     3
DPTR FM NORMAL     3    [PRESSURE DATA]
TOTAL FM JAN 1     3    HIGHEST SLP M ON M
DPTR FM NORMAL     3    LOWEST  SLP 29.55 ON 16

[REMARKS]
