000
CXUS54 KMEG 270639
CF6TUP
PRELIMINARY LOCAL CLIMATOLOGICAL DATA (WS FORM: F-6)

                                          STATION:   TUPELO
                                          MONTH:     MAY
                                          YEAR:      2017
                                          LATITUDE:   34 16 N
                                          LONGITUDE:  88 46 W

  TEMPERATURE IN F:       :PCPN:    SNOW:  WIND      :SUNSHINE: SKY     :PK WND
================================================================================
1   2   3   4   5  6A  6B    7    8   9   10  11  12  13   14  15   16   17  18
                                     12Z  AVG MX 2MIN
DY MAX MIN AVG DEP HDD CDD  WTR  SNW DPTH SPD SPD DIR MIN PSBL S-S WX    SPD DR
================================================================================

 1  71  53  62  -5   3   0 0.00  0.0    0 10.7 26 220   M    M   0        41 210
 2  82  50  66  -1   0   1 0.00  0.0    0  3.4 13 230   M    M   0        16 220
 3  82  52  67   0   0   2 0.15  0.0    0  8.5 24 100   M    M   2        34 100
 4  63  50  57 -10   8   0 0.04  0.0    0  8.9 21 160   M    M  10 1      28 160
 5  68  47  58 -10   7   0 0.02  0.0    0  9.7 26 300   M    M   6 1      38 320
 6  77  45  61  -7   4   0 0.00  0.0    0  8.8 21 230   M    M   1        30 230
 7  77  50  64  -4   1   0 0.00  0.0    0  4.2 12 280   M    M   0        14  50
 8  83  47  65  -3   0   0 0.00  0.0    0  2.3 10 150   M    M   0        13 150
 9  86  56  71   2   0   6 0.00  0.0    0  2.6 13 160   M    M   1 8      16 190
10  87  59  73   4   0   8 0.00  0.0    0  4.7 13 220   M    M   0 1      18 160
11  82  63  73   4   0   8 0.00  0.0    0  5.1 17 210   M    M   1        24 230
12  78  63  71   1   0   6 0.76  0.0    0  6.1 20 310   M    M   8 13     26 310
13  77  57  67  -3   0   2 0.02  0.0    0  9.0 18 350   M    M   7 1      23 340
14  82  51  67  -3   0   2 0.00  0.0    0  2.5  9 340   M    M   0        12 150
15  86  54  70   0   0   5 0.00  0.0    0  1.5 12 150   M    M   0        15 150
16  88  61  75   4   0  10 0.00  0.0    0  8.1 18 160   M    M   1        25 150
17  87  65  76   5   0  11 0.00  0.0    0  9.6 25 170   M    M   1        32 150
18  87  66  77   6   0  12 0.03  0.0    0  7.3 21 160   M    M   3 3      27 160
19  88  70  79   7   0  14 0.00  0.0    0  8.4 17 140   M    M   3 1      23 150
20  82  68  75   3   0  10 0.15  0.0    0  6.3 23 160   M    M   6 38     30 160
21  84  67  76   4   0  11 0.15  0.0    0  3.8 13 280   M    M   7 13     18 280
22  76  61  69  -3   0   4 0.29  0.0    0  5.7 15  10   M    M   3 1      18 270
23  78  63  71  -2   0   6 0.01  0.0    0  2.8  9 300   M    M   6 1      13 320
24  69  54  62 -11   3   0 0.99  0.0    0  6.3 22 320   M    M   8 13     29 320
25  77  51  64  -9   1   0 0.00  0.0    0  5.4 15 230   M    M   1        19 230
26  87  58  73   0   0   8 0.00  0.0    0  7.9 21 170   M    M   0        29 170
================================================================================
SM 2084 1481        27 126  2.61     0.0 159.6          M       75
================================================================================
AV 80.2 57.0                               6.1 FASTST   M    M   3    MAX(MPH)
                                 MISC ---->  # 26 220               # 41  210
================================================================================
NOTES:
# LAST OF SEVERAL OCCURRENCES

COLUMN 17 PEAK WIND IN M.P.H.

PRELIMINARY LOCAL CLIMATOLOGICAL DATA (WS FORM: F-6) , PAGE 2

                                          STATION:  TUPELO
                                          MONTH:    MAY
                                          YEAR:     2017
                                          LATITUDE:   34 16 N
                                          LONGITUDE:  88 46 W

[TEMPERATURE DATA]      [PRECIPITATION DATA]       SYMBOLS USED IN COLUMN 16

AVERAGE MONTHLY: 68.6   TOTAL FOR MONTH:   2.61    1 = FOG OR MIST
DPTR FM NORMAL:  -1.4   DPTR FM NORMAL:   -2.13    2 = FOG REDUCING VISIBILITY
HIGHEST:    88 ON 19,16 GRTST 24HR  0.99 ON 24-24      TO 1/4 MILE OR LESS
LOWEST:     45 ON  6                               3 = THUNDER
                        SNOW, ICE PELLETS, HAIL    4 = ICE PELLETS
                        TOTAL MONTH:   0.0 INCH    5 = HAIL
                        GRTST 24HR     0.0         6 = FREEZING RAIN OR DRIZZLE
                        GRTST DEPTH:   0           7 = DUSTSTORM OR SANDSTORM:
                                                       VSBY 1/2 MILE OR LESS
                                                   8 = SMOKE OR HAZE
[NO. OF DAYS WITH]      [WEATHER - DAYS WITH]      9 = BLOWING SNOW
                                                   X = TORNADO
MAX 32 OR BELOW:   0    0.01 INCH OR MORE:  11
MAX 90 OR ABOVE:   0    0.10 INCH OR MORE:   6
MIN 32 OR BELOW:   0    0.50 INCH OR MORE:   2
MIN  0 OR BELOW:   0    1.00 INCH OR MORE:   0

[HDD (BASE 65) ]
TOTAL THIS MO.    27    CLEAR  (SCALE 0-3)  17
DPTR FM NORMAL     4    PTCLDY (SCALE 4-7)   7
TOTAL FM JUL 1  1986    CLOUDY (SCALE 8-10)  2
DPTR FM NORMAL  -969

[CDD (BASE 65) ]
TOTAL THIS MO.   126
DPTR FM NORMAL   -28    [PRESSURE DATA]
TOTAL FM JAN 1   283    HIGHEST SLP M ON M
DPTR FM NORMAL    53    LOWEST  SLP 29.56 ON M

[REMARKS]
