000
CXUS54 KMEG 220742
CF6TUP
PRELIMINARY LOCAL CLIMATOLOGICAL DATA (WS FORM: F-6)

                                          STATION:   TUPELO
                                          MONTH:     JANUARY
                                          YEAR:      2017
                                          LATITUDE:   34 16 N
                                          LONGITUDE:  88 46 W

  TEMPERATURE IN F:       :PCPN:    SNOW:  WIND      :SUNSHINE: SKY     :PK WND
================================================================================
1   2   3   4   5  6A  6B    7    8   9   10  11  12  13   14  15   16   17  18
                                     12Z  AVG MX 2MIN
DY MAX MIN AVG DEP HDD CDD  WTR  SNW DPTH SPD SPD DIR MIN PSBL S-S WX    SPD DR
================================================================================

 1  59  51  55  13  10   0 0.09  0.0    0  3.4  7 340   M    M  10 128     7 360
 2  70  58  64  22   1   0 0.97  0.0    0  6.4 24 150   M    M   9 1238   27 150
 3  65  51  58  16   7   0 0.00  0.0    0  6.1 20 320   M    M   8 1      27 320
 4  51  27  39  -3  26   0 0.00  0.0    0 12.5 23 330   M    M   4        31 320
 5  40  27  34  -8  31   0    T    T    0  6.9 16 340   M    M   9        22 340
 6  31  21  26 -15  39   0    T    T    0 16.2 23 340   M    M   9        29 330
 7  29  15  22 -19  43   0 0.00  0.0    0 12.0 23 350   M    M   1        28 350
 8  33  12  23 -18  42   0 0.00  0.0    0  2.7  8 100   M    M   1        12 120
 9  48  19  34  -7  31   0 0.00  0.0    0  9.8 20 150   M    M   4        27 160
10  62  47  55  14  10   0 0.03  0.0    0 17.0 31 150   M    M   9        38 150
11  74  59  67  26   0   2 0.04  0.0    0 14.5 32 150   M    M   8        40 150
12  76  63  70  29   0   5 0.02  0.0    0  9.6 18 160   M    M   8        23 160
13  72  55  64  23   1   0    T  0.0    0  4.6 12 340   M    M   9 1      13 350
14  77  54  66  25   0   1    T  0.0    0  4.4 13 190   M    M   7 12     17 230
15  67  51  59  18   6   0 0.00  0.0    0  3.9 10 360   M    M   6 12     12 350
16  72  50  61  20   4   0 0.08  0.0    0  7.3 21 150   M    M   7        24 140
17  67  55  61  20   4   0 0.65  0.0    0  5.5 17 160   M    M   9 1      22 160
18  59  51  55  13  10   0 0.02  0.0    0  4.9 12 340   M    M  10        14 340
19  64  56  60  18   5   0 2.18  0.0    0  5.2 15 140   M    M   9 1      19 230
20  72  55  64  22   1   0    T  0.0    0  8.2 18 150   M    M   6 1      24 160
21  69  56  63  21   2   0 0.00  0.0    0  7.5 29  90   M    M   1 138    36  90
================================================================================
SM 1257  933       273   8  4.08    T    168.6          M      144
================================================================================
AV 59.9 44.4                               8.0 FASTST   M    M   7    MAX(MPH)
                                 MISC ---->  # 32 150               # 40  150
================================================================================
NOTES:
# LAST OF SEVERAL OCCURRENCES

COLUMN 17 PEAK WIND IN M.P.H.

PRELIMINARY LOCAL CLIMATOLOGICAL DATA (WS FORM: F-6) , PAGE 2

                                          STATION:  TUPELO
                                          MONTH:    JANUARY
                                          YEAR:     2017
                                          LATITUDE:   34 16 N
                                          LONGITUDE:  88 46 W

[TEMPERATURE DATA]      [PRECIPITATION DATA]       SYMBOLS USED IN COLUMN 16

AVERAGE MONTHLY: 52.1   TOTAL FOR MONTH:   4.08    1 = FOG OR MIST
DPTR FM NORMAL:  10.7   DPTR FM NORMAL:    1.04    2 = FOG REDUCING VISIBILITY
HIGHEST:    77 ON 14    GRTST 24HR  2.20 ON 18-19      TO 1/4 MILE OR LESS
LOWEST:     12 ON  8                               3 = THUNDER
                        SNOW, ICE PELLETS, HAIL    4 = ICE PELLETS
                        TOTAL MONTH:    T          5 = HAIL
                        GRTST 24HR    T  ON  6- 6  6 = FREEZING RAIN OR DRIZZLE
                        GRTST DEPTH:   0           7 = DUSTSTORM OR SANDSTORM:
                                                       VSBY 1/2 MILE OR LESS
                                                   8 = SMOKE OR HAZE
[NO. OF DAYS WITH]      [WEATHER - DAYS WITH]      9 = BLOWING SNOW
                                                   X = TORNADO
MAX 32 OR BELOW:   2    0.01 INCH OR MORE:   9
MAX 90 OR ABOVE:   0    0.10 INCH OR MORE:   3
MIN 32 OR BELOW:   6    0.50 INCH OR MORE:   3
MIN  0 OR BELOW:   0    1.00 INCH OR MORE:   1

[HDD (BASE 65) ]
TOTAL THIS MO.   273    CLEAR  (SCALE 0-3)   3
DPTR FM NORMAL  -224    PTCLDY (SCALE 4-7)   7
TOTAL FM JUL 1  1143    CLOUDY (SCALE 8-10) 11
DPTR FM NORMAL  -527

[CDD (BASE 65) ]
TOTAL THIS MO.     8
DPTR FM NORMAL     8    [PRESSURE DATA]
TOTAL FM JAN 1     8    HIGHEST SLP M ON M
DPTR FM NORMAL     8    LOWEST  SLP 29.42 ON 21

[REMARKS]
