000
CXUS54 KMEG 310637
CF6TUP
PRELIMINARY LOCAL CLIMATOLOGICAL DATA (WS FORM: F-6)

                                          STATION:   TUPELO
                                          MONTH:     AUGUST
                                          YEAR:      2015
                                          LATITUDE:   34 16 N
                                          LONGITUDE:  88 46 W

  TEMPERATURE IN F:       :PCPN:    SNOW:  WIND      :SUNSHINE: SKY     :PK WND
================================================================================
1   2   3   4   5  6A  6B    7    8   9   10  11  12  13   14  15   16   17  18
                                     12Z  AVG MX 2MIN
DY MAX MIN AVG DEP HDD CDD  WTR  SNW DPTH SPD SPD DIR MIN PSBL S-S WX    SPD DR
================================================================================

 1  93  67  80  -2   0  15 0.00  0.0    0  6.6 17  50   M    M   0        23  40
 2  94  69  82   0   0  17 0.00  0.0    0  3.3 13  30   M    M   0        16  40
 3  96  70  83   1   0  18 0.00  0.0    0  2.6 10  30   M    M   0        15 210
 4  98  74  86   4   0  21 0.00  0.0    0  2.3  8 260   M    M   0        12 200
 5  97  74  86   4   0  21 0.35  0.0    0  5.8 25  10   M    M   2 13     30  10
 6  84  70  77  -5   0  12 1.43  0.0    0  6.3 18 210   M    M   5 13     23 350
 7  87  72  80  -2   0  15 0.03  0.0    0  2.3 15 270   M    M   4 13     19 270
 8  92  75  84   3   0  19 0.00  0.0    0  5.2 16  40   M    M   3        21  50
 9  95  72  84   3   0  19 0.00  0.0    0  3.5  8  30   M    M   0 1      11 160
10  94  75  85   4   0  20 0.00  0.0    0  4.2 13  10   M    M   2 1      17  20
11  92  74  83   2   0  18    T  0.0    0  5.3 24  50   M    M   2        30  50
12  89  70  80  -1   0  15 0.00  0.0    0  7.5 15  30   M    M   0        19  50
13  86  65  76  -5   0  11 0.00  0.0    0  9.0 18  40   M    M   0        23  40
14  89  64  77  -4   0  12 0.00  0.0    0  7.4 14  80   M    M   2        19  20
15  90  69  80  -1   0  15 1.33  0.0    0  6.2 28  90   M    M   2 13     37  90
16  89  68  79  -2   0  14 0.02  0.0    0  5.5 22 160   M    M   3 3      32 150
17  85  72  79  -2   0  14 0.87  0.0    0  2.9 15 200   M    M   6 1      20 200
18  89  74  82   1   0  17 0.01  0.0    0  4.6 15 210   M    M   5 3      20 230
19  88  73  81   0   0  16 0.59  0.0    0  7.1 18 220   M    M   6 13     24 210
20  78  70  74  -7   0   9 0.26  0.0    0  4.7 13  30   M    M   7 1      15  30
21  82  71  77  -4   0  12    T  0.0    0  4.0  8  80   M    M   6        10  70
22  89  73  81   1   0  16 0.00  0.0    0  3.2  8  60   M    M   3 13     10 230
23  88  71  80   0   0  15 1.61  0.0    0  4.7 21 290   M    M   7 13     29 270
24  84  66  75  -5   0  10 0.00  0.0    0  8.0 15  40   M    M   1        19  10
25  83  58  71  -9   0   6 0.00  0.0    0  7.3 20  30   M    M   0        27  40
26  82  57  70 -10   0   5 0.00  0.0    0  7.3 20  40   M    M   0        24  40
27  82  58  70 -10   0   5 0.00  0.0    0  8.0 17  50   M    M   0        21  60
28  89  62  76  -4   0  11 0.00  0.0    0  4.6 12 200   M    M   1        15 200
29  90  71  81   1   0  16 0.00  0.0    0  5.9 14 150   M    M   3        18 150
30  84  70  77  -2   0  12 0.00  0.0    0  6.5 15 140   M    M   2        19 140
================================================================================
SM 2658 2074         0 426  6.50     0.0 161.8          M       72
================================================================================
AV 88.6 69.1                               5.4 FASTST   M    M   2    MAX(MPH)
                                 MISC ---->  # 28  90               # 37   90
================================================================================
NOTES:
# LAST OF SEVERAL OCCURRENCES

COLUMN 17 PEAK WIND IN M.P.H.

PRELIMINARY LOCAL CLIMATOLOGICAL DATA (WS FORM: F-6) , PAGE 2

                                          STATION:  TUPELO
                                          MONTH:    AUGUST
                                          YEAR:     2015
                                          LATITUDE:   34 16 N
                                          LONGITUDE:  88 46 W

[TEMPERATURE DATA]      [PRECIPITATION DATA]       SYMBOLS USED IN COLUMN 16

AVERAGE MONTHLY: 78.9   TOTAL FOR MONTH:   6.50    1 = FOG OR MIST
DPTR FM NORMAL:  -2.0   DPTR FM NORMAL:    3.14    2 = FOG REDUCING VISIBILITY
HIGHEST:    98 ON  4    GRTST 24HR  1.78 ON  5- 6      TO 1/4 MILE OR LESS
LOWEST:     57 ON 26                               3 = THUNDER
                        SNOW, ICE PELLETS, HAIL    4 = ICE PELLETS
                        TOTAL MONTH:   0.0 INCH    5 = HAIL
                        GRTST 24HR     0.0         6 = FREEZING RAIN OR DRIZZLE
                        GRTST DEPTH:   0           7 = DUSTSTORM OR SANDSTORM:
                                                       VSBY 1/2 MILE OR LESS
                                                   8 = SMOKE OR HAZE
[NO. OF DAYS WITH]      [WEATHER - DAYS WITH]      9 = BLOWING SNOW
                                                   X = TORNADO
MAX 32 OR BELOW:   0    0.01 INCH OR MORE:  10
MAX 90 OR ABOVE:  11    0.10 INCH OR MORE:   7
MIN 32 OR BELOW:   0    0.50 INCH OR MORE:   5
MIN  0 OR BELOW:   0    1.00 INCH OR MORE:   3

[HDD (BASE 65) ]
TOTAL THIS MO.     0    CLEAR  (SCALE 0-3)  22
DPTR FM NORMAL     0    PTCLDY (SCALE 4-7)   8
TOTAL FM JUL 1     0    CLOUDY (SCALE 8-10)  0
DPTR FM NORMAL     0

[CDD (BASE 65) ]
TOTAL THIS MO.   426
DPTR FM NORMAL   -48    [PRESSURE DATA]
TOTAL FM JAN 1  1727    HIGHEST SLP M ON M
DPTR FM NORMAL    71    LOWEST  SLP 29.80 ON 18

[REMARKS]
