000
CXUS54 KMEG 240639
CF6TUP
PRELIMINARY LOCAL CLIMATOLOGICAL DATA (WS FORM: F-6)

                                          STATION:   TUPELO
                                          MONTH:     APRIL
                                          YEAR:      2014
                                          LATITUDE:   34 16 N
                                          LONGITUDE:  88 46 W

  TEMPERATURE IN F:       :PCPN:    SNOW:  WIND      :SUNSHINE: SKY     :PK WND
================================================================================
1   2   3   4   5  6A  6B    7    8   9   10  11  12  13   14  15   16   17  18
                                     12Z  AVG MX 2MIN
DY MAX MIN AVG DEP HDD CDD  WTR  SNW DPTH SPD SPD DIR MIN PSBL S-S WX    SPD DR
================================================================================

 1  80  55  68  10   0   3 0.00  0.0    0  6.0 14 220   M    M   4        19 260
 2  78  58  68  10   0   3    T  0.0    0  8.6 20 180   M    M   3        23 180
 3  85  63  74  15   0   9 0.00  0.0    0 12.0 23 210   M    M   6        28 220
 4  71  48  60   1   5   0 0.69  0.0    0  9.3 24 280   M    M   5 13     32 300
 5  60  40  50  -9  15   0 0.00  0.0    0  8.4 14  40   M    M   0        18  40
 6  59  45  52  -8  13   0 2.01  0.0    0  6.2 21 120   M    M   5 13     28 130
 7  62  43  53  -7  12   0 0.20  0.0    0  8.6 23 270   M    M   9 1      34 270
 8  65  38  52  -8  13   0 0.35  0.0    0  3.8 16 210   M    M   5 123    20 210
 9  69  45  57  -3   8   0 0.00  0.0    0  4.5 13 280   M    M   0        18 330
10  77  42  60  -1   5   0 0.00  0.0    0 10.1 21 210   M    M   0        26 200
11  77  52  65   4   0   0 0.00  0.0    0  8.0 16 210   M    M   2        22 220
12  78  53  66   5   0   1 0.00  0.0    0  9.3 20 200   M    M   1        23 210
13  81  58  70   9   0   5 0.00  0.0    0 13.7 24 200   M    M   3        33 200
14  71  44  58  -4   7   0 1.60  0.0    0 11.1 28 190   M    M  10 13     37 210
15  52  33  43 -19  22   0 0.01  0.0    0 14.0 26  30   M    M   3 1      35  30
16  64  31  48 -14  17   0 0.00  0.0    0  3.9 15 140   M    M   0        19 130
17  69  40  55  -7  10   0 0.00  0.0    0  4.5 15 220   M    M   2        20 170
18  65  52  59  -4   6   0 0.00  0.0    0  4.2 13  50   M    M   7        16 160
19  79  48  64   1   1   0 0.00  0.0    0  5.0 18  30   M    M   0 1      24  30
20  79  47  63   0   2   0 0.00  0.0    0  3.4 17 190   M    M   0 1      25 160
21  82  52  67   3   0   2    T  0.0    0  4.6 14 210   M    M   4 18     19 230
22  79  56  68   4   0   3 0.05  0.0    0  4.8 14  30   M    M   7 1      18  30
23  78  48  63  -1   2   0 0.00  0.0    0  4.8 13  70   M    M   0        17  70
================================================================================
SM 1660 1091       138  26  4.91     0.0 168.8          M       76
================================================================================
AV 72.2 47.4                               7.3 FASTST   M    M   3    MAX(MPH)
                                 MISC ---->  # 28 190               # 37  210
================================================================================
NOTES:
# LAST OF SEVERAL OCCURRENCES

COLUMN 17 PEAK WIND IN M.P.H.

PRELIMINARY LOCAL CLIMATOLOGICAL DATA (WS FORM: F-6) , PAGE 2

                                          STATION:  TUPELO
                                          MONTH:    APRIL
                                          YEAR:     2014
                                          LATITUDE:   34 16 N
                                          LONGITUDE:  88 46 W

[TEMPERATURE DATA]      [PRECIPITATION DATA]       SYMBOLS USED IN COLUMN 16

AVERAGE MONTHLY: 59.8   TOTAL FOR MONTH:   4.91    1 = FOG OR MIST
DPTR FM NORMAL:  -1.3   DPTR FM NORMAL:    1.34    2 = FOG REDUCING VISIBILITY
HIGHEST:    85 ON  3    GRTST 24HR  2.20 ON  6- 7      TO 1/4 MILE OR LESS
LOWEST:     31 ON 16                               3 = THUNDER
                        SNOW, ICE PELLETS, HAIL    4 = ICE PELLETS
                        TOTAL MONTH:   0.0 INCH    5 = HAIL
                        GRTST 24HR     0.0         6 = FREEZING RAIN OR DRIZZLE
                        GRTST DEPTH:   0           7 = DUSTSTORM OR SANDSTORM:
                                                       VSBY 1/2 MILE OR LESS
                                                   8 = SMOKE OR HAZE
[NO. OF DAYS WITH]      [WEATHER - DAYS WITH]      9 = BLOWING SNOW
                                                   X = TORNADO
MAX 32 OR BELOW:   0    0.01 INCH OR MORE:   7
MAX 90 OR ABOVE:   0    0.10 INCH OR MORE:   5
MIN 32 OR BELOW:   1    0.50 INCH OR MORE:   3
MIN  0 OR BELOW:   0    1.00 INCH OR MORE:   2

[HDD (BASE 65) ]
TOTAL THIS MO.   138    CLEAR  (SCALE 0-3)  11
DPTR FM NORMAL    10    PTCLDY (SCALE 4-7)  10
TOTAL FM JUL 1  3428    CLOUDY (SCALE 8-10)  2
DPTR FM NORMAL   514

[CDD (BASE 65) ]
TOTAL THIS MO.    26
DPTR FM NORMAL   -12    [PRESSURE DATA]
TOTAL FM JAN 1    26    HIGHEST SLP M ON M
DPTR FM NORMAL   -28    LOWEST  SLP 29.52 ON  7

[REMARKS]
