000
CXUS55 KTWC 240855
CF6TUS
PRELIMINARY LOCAL CLIMATOLOGICAL DATA (WS FORM: F-6)

                                          STATION:   TUCSON AZ
                                          MONTH:     AUGUST
                                          YEAR:      2017
                                          LATITUDE:   32  7 N
                                          LONGITUDE: 110 56 W

  TEMPERATURE IN F:       :PCPN:    SNOW:  WIND      :SUNSHINE: SKY     :PK WND
================================================================================
1   2   3   4   5  6A  6B    7    8   9   10  11  12  13   14  15   16   17  18
                                     12Z  AVG MX 2MIN
DY MAX MIN AVG DEP HDD CDD  WTR  SNW DPTH SPD SPD DIR MIN PSBL S-S WX    SPD DR
================================================================================

 1  95  78  87   1   0  22    T  0.0    0  8.1 18 110   M    M   2        32 130
 2  92  78  85  -1   0  20 0.00  0.0    0  8.3 22 110   M    M   2        44 130
 3  97  76  87   1   0  22    T  0.0    0  7.7 30 120   M    M   M 3      41 140
 4  98  74  86   0   0  21 0.00  0.0    M  5.8 21 140   M    M   0        26 200
 5  98  77  88   2   0  23 0.00  0.0    0  5.6 13 280   M    M   M        18 280
 6  97  78  88   2   0  23 0.00  0.0    0  4.7 20 240   M    M   M        39 220
 7 100  73  87   1   0  22 0.00  0.0    0  5.2 14 270   M    M   M        26 220
 8 103  73  88   3   0  23 0.00  0.0    0  5.8 12 260   M    M   M        18 310
 9 106  76  91   6   0  26 0.00  0.0    0  8.6 28 120   M    M   M        39 130
10 102  76  89   4   0  24 0.11  0.0    0   M  23 180   M    M   M 3      29  70
11 101  73  87   2   0  22 0.00  0.0    0  6.8 13 270   M    M   M        13 270
12  99  81  90   5   0  25 0.00  0.0    0   M  10 110   M    M   M        17 290
13  94  68  81  -4   0  16 1.48  0.0    0  6.9 13 100   M    M   M 3      16 360
14  97  77  87   2   0  22 0.02  0.0    0  8.1 23 350   M    M   M        37 350
15  96  77  87   2   0  22 0.00  0.0    0 10.0 18 210   M    M   M        27 220
16  96  68  82  -3   0  17 0.00  0.0    0  6.4 21 150   M    M   0        15 190
17  99  70  85   0   0  20 0.00  0.0    0  4.3 12  40   M    M   0        18 330
18   M   M   M   M   M   M    M    M    M   M   M   M   M    M   M         M  M
19   M   M   M   M   M   M    M    M    M   M   M   M   M    M   M         M  M
20  97  77  87   2   0  22 0.00  0.0    0  5.5  9  50   M    M   2        15  50
21  99  74  87   2   0  22 0.00  0.0    0  6.0  6 140   M    M   0        16 280
22 103  73  88   3   0  23    T  0.0    M   M  21 230   M    M   3        31 230
23  97  72  85   0   0  20 0.09  0.0    0  6.2 28 200   M    M   3 3      40 200
================================================================================
SM 2066 1569         0 457  1.70     0.0 120.0          M       12
================================================================================
AV 98.4 74.7                               6.7 FASTST   M    M   1    MAX(MPH)
                                 MISC ---->  # 30 120               # 44  130
================================================================================
NOTES:
# LAST OF SEVERAL OCCURRENCES

COLUMN 17 PEAK WIND IN M.P.H.

PRELIMINARY LOCAL CLIMATOLOGICAL DATA (WS FORM: F-6) , PAGE 2

                                          STATION:  TUCSON AZ
                                          MONTH:    AUGUST
                                          YEAR:     2017
                                          LATITUDE:   32  7 N
                                          LONGITUDE: 110 56 W

[TEMPERATURE DATA]      [PRECIPITATION DATA]       SYMBOLS USED IN COLUMN 16

AVERAGE MONTHLY: 86.6   TOTAL FOR MONTH:   1.70    1 = FOG OR MIST
DPTR FM NORMAL:   1.2   DPTR FM NORMAL:   -0.15    2 = FOG REDUCING VISIBILITY
HIGHEST:   106 ON  9    GRTST 24HR  1.48 ON 13-13      TO 1/4 MILE OR LESS
LOWEST:     68 ON 16,13                            3 = THUNDER
                        SNOW, ICE PELLETS, HAIL    4 = ICE PELLETS
                        TOTAL MONTH:   0.0 INCH    5 = HAIL
                        GRTST 24HR     0.0         6 = FREEZING RAIN OR DRIZZLE
                        GRTST DEPTH:   0           7 = DUSTSTORM OR SANDSTORM:
                                                       VSBY 1/2 MILE OR LESS
                                                   8 = SMOKE OR HAZE
[NO. OF DAYS WITH]      [WEATHER - DAYS WITH]      9 = BLOWING SNOW
                                                   X = TORNADO
MAX 32 OR BELOW:   0    0.01 INCH OR MORE:   4
MAX 90 OR ABOVE:  21    0.10 INCH OR MORE:   2
MIN 32 OR BELOW:   0    0.50 INCH OR MORE:   1
MIN  0 OR BELOW:   0    1.00 INCH OR MORE:   1

[HDD (BASE 65) ]
TOTAL THIS MO.     0    CLEAR  (SCALE 0-3)   8
DPTR FM NORMAL     0    PTCLDY (SCALE 4-7)   1
TOTAL FM JUL 1     0    CLOUDY (SCALE 8-10)  0
DPTR FM NORMAL     0

[CDD (BASE 65) ]
TOTAL THIS MO.   457
DPTR FM NORMAL    -9    [PRESSURE DATA]
TOTAL FM JAN 1  2644    HIGHEST SLP M ON M
DPTR FM NORMAL   399    LOWEST  SLP 29.78 ON 23

[REMARKS]
