000
CXUS55 KBOI 231002
CF6TWF
PRELIMINARY LOCAL CLIMATOLOGICAL DATA (WS FORM: F-6)

                                          STATION:   TWIN FALLS ID
                                          MONTH:     FEBRUARY
                                          YEAR:      2018
                                          LATITUDE:   42 28 N
                                          LONGITUDE: 114 29 W

  TEMPERATURE IN F:       :PCPN:    SNOW:  WIND      :SUNSHINE: SKY     :PK WND
================================================================================
1   2   3   4   5  6A  6B    7    8   9   10  11  12  13   14  15   16   17  18
                                     12Z  AVG MX 2MIN
DY MAX MIN AVG DEP HDD CDD  WTR  SNW DPTH SPD SPD DIR MIN PSBL S-S WX    SPD DR
================================================================================

 1  48  30  39   9  26   0 0.00    M    M  6.6 12 300   M    M   8        16 270
 2  59  36  48  18  17   0 0.00    M    M 14.7 26 280   M    M   6        32 270
 3  56  40  48  18  17   0 0.00    M    M 17.2 32 270   M    M   3        40 260
 4  50  41  46  15  19   0 0.00    M    M 16.1 18 230   M    M   7        25 220
 5  51  32  42  11  23   0    T    M    M 16.5 29 270   M    M   3        33 270
 6  47  31  39   8  26   0 0.00    M    M 17.3 30 260   M    M   2        37 250
 7  56  31  44  13  21   0 0.00    M    M 12.9 22 270   M    M   1        27 250
 8  62  40  51  20  14   0 0.00    M    M 16.0 26 260   M    M   0        33 260
 9  51  33  42  11  23   0 0.00    M    M 17.9 29 280   M    M   0        34 260
10  41  24  33   1  32   0 0.00    M    M 17.0 25 260   M    M   1        32 250
11  45  23  34   2  31   0 0.02    M    M 12.1 29 170   M    M   3 1      36 170
12  30  23  27  -5  38   0 0.12    M    M  8.4 14 260   M    M   9 12     17 290
13  32  11  22 -10  43   0 0.00    M    M  6.0 13 210   M    M   1        14 220
14  46  16  31  -1  34   0    T    M    M 13.5 29 240   M    M   4 18     36 220
15  37  21  29  -4  36   0    T    M    M 18.9 32 260   M    M   6 1      38 260
16  39  22  31  -2  34   0 0.00    M    M 11.3 17 250   M    M   5        22 280
17  55  27  41   8  24   0 0.00    M    M 13.8 31 210   M    M   5        44 200
18  51  16  34   0  31   0 0.39    M    M 11.9 29 270   M    M   9 123    40 280
19  27  10  19 -15  46   0 0.00    M    M 19.5 35 260   M    M   3 18     40 260
20  23   0  12 -22  53   0 0.00    M    M  9.0 23 230   M    M   1        27 230
21  27   7  17 -17  48   0 0.00    M    M  8.1 18 150   M    M   1        21 150
22  28  12  20 -15  45   0    T    M    M 12.4 22 260   M    M   8 18     24 260
================================================================================
SM  961  526       681   0  0.53    M    297.1          M       86
================================================================================
AV 43.7 23.9                              13.5 FASTST   M    M   4    MAX(MPH)
                                 MISC ---->  # 35 260               # 44  200
================================================================================
NOTES:
# LAST OF SEVERAL OCCURRENCES

COLUMN 17 PEAK WIND IN M.P.H.

PRELIMINARY LOCAL CLIMATOLOGICAL DATA (WS FORM: F-6) , PAGE 2

                                          STATION:  TWIN FALLS ID
                                          MONTH:    FEBRUARY
                                          YEAR:     2018
                                          LATITUDE:   42 28 N
                                          LONGITUDE: 114 29 W

[TEMPERATURE DATA]      [PRECIPITATION DATA]       SYMBOLS USED IN COLUMN 16

AVERAGE MONTHLY: 33.8   TOTAL FOR MONTH:   0.53    1 = FOG OR MIST
DPTR FM NORMAL:   1.7   DPTR FM NORMAL:   -0.13    2 = FOG REDUCING VISIBILITY
HIGHEST:    62 ON  8    GRTST 24HR  0.39 ON 18-18      TO 1/4 MILE OR LESS
LOWEST:      0 ON 20                               3 = THUNDER
                        SNOW, ICE PELLETS, HAIL    4 = ICE PELLETS
                        TOTAL MONTH:    M          5 = HAIL
                        GRTST 24HR    M  ON   M    6 = FREEZING RAIN OR DRIZZLE
                        GRTST DEPTH:  M  ON   M    7 = DUSTSTORM OR SANDSTORM:
                                                       VSBY 1/2 MILE OR LESS
                                                   8 = SMOKE OR HAZE
[NO. OF DAYS WITH]      [WEATHER - DAYS WITH]      9 = BLOWING SNOW
                                                   X = TORNADO
MAX 32 OR BELOW:   6    0.01 INCH OR MORE:   3
MAX 90 OR ABOVE:   0    0.10 INCH OR MORE:   2
MIN 32 OR BELOW:  17    0.50 INCH OR MORE:   0
MIN  0 OR BELOW:   1    1.00 INCH OR MORE:   0

[HDD (BASE 65) ]
TOTAL THIS MO.   681    CLEAR  (SCALE 0-3)  12
DPTR FM NORMAL   -43    PTCLDY (SCALE 4-7)   8
TOTAL FM JUL 1  4282    CLOUDY (SCALE 8-10)  2
DPTR FM NORMAL  -110

[CDD (BASE 65) ]
TOTAL THIS MO.     0
DPTR FM NORMAL     0    [PRESSURE DATA]
TOTAL FM JAN 1     0    HIGHEST SLP M ON M
DPTR FM NORMAL     0    LOWEST  SLP 29.58 ON 18

[REMARKS]
