906
CXUS54 KSHV 171300
CF6TYR
PRELIMINARY LOCAL CLIMATOLOGICAL DATA (WS FORM: F-6)

                                          STATION:   TYLER
                                          MONTH:     AUGUST
                                          YEAR:      2017
                                          LATITUDE:   32 22 N
                                          LONGITUDE:  95 24 W

  TEMPERATURE IN F:       :PCPN:    SNOW:  WIND      :SUNSHINE: SKY     :PK WND
================================================================================
1   2   3   4   5  6A  6B    7    8   9   10  11  12  13   14  15   16   17  18
                                     12Z  AVG MX 2MIN
DY MAX MIN AVG DEP HDD CDD  WTR  SNW DPTH SPD SPD DIR MIN PSBL S-S WX    SPD DR
================================================================================

 1  94  74  84   0   0  19 0.00  0.0    0  4.7 17  50   M    M   4        22  20
 2  80  72  76  -8   0  11 1.17  0.0    0  5.1 13 160   M    M   8 1      15 150
 3  89  74  82  -2   0  17 0.00  0.0    0  1.8  9 110   M    M   6        14 150
 4  94  74  84   0   0  19 0.00  0.0    0  4.1 17 120   M    M   1        22 100
 5  93  73  83  -1   0  18 0.00  0.0    0  8.3 16 150   M    M   1        19 150
 6  95  78  87   3   0  22 0.00  0.0    0 12.8 23 210   M    M   4        31 210
 7  85  75  80  -4   0  15 0.63  0.0    0  5.2 10  40   M    M   6 13     14 210
 8  87  75  81  -3   0  16 0.01  0.0    0  8.1 17  60   M    M   8 1      23  60
 9  86  74  80  -4   0  15 0.03  0.0    0  6.4 14 140   M    M   7 18     16 130
10  92  75  84   0   0  19 0.29  0.0    0  4.6 14 240   M    M   4 12     22 250
11  94  78  86   2   0  21 0.09  0.0    0  7.0 17 200   M    M   1 13     22 190
12  95  75  85   1   0  20 1.69  0.0    0  6.0 31 120   M    M   2 13     39 130
13  87  73  80  -4   0  15 1.40  0.0    0  6.7 18 360   M    M   3 13     23  20
14  91  77  84   0   0  19 0.02  0.0    0  7.7 15 200   M    M   4 1      19 210
15  93  79  86   2   0  21 0.00  0.0    0 10.6 18 210   M    M   1        23 210
16  95  78  87   3   0  22 0.00  0.0    0 12.5 22 210   M    M   2        29 220
================================================================================
SM 1450 1204         0 289  5.33     0.0 111.6          M       62
================================================================================
AV 90.6 75.3                               7.0 FASTST   M    M   4    MAX(MPH)
                                 MISC ---->  # 31 120               # 39  130
================================================================================
NOTES:
# LAST OF SEVERAL OCCURRENCES

COLUMN 17 PEAK WIND IN M.P.H.

PRELIMINARY LOCAL CLIMATOLOGICAL DATA (WS FORM: F-6) , PAGE 2

                                          STATION:  TYLER
                                          MONTH:    AUGUST
                                          YEAR:     2017
                                          LATITUDE:   32 22 N
                                          LONGITUDE:  95 24 W

[TEMPERATURE DATA]      [PRECIPITATION DATA]       SYMBOLS USED IN COLUMN 16

AVERAGE MONTHLY: 82.9   TOTAL FOR MONTH:   5.33    1 = FOG OR MIST
DPTR FM NORMAL:  -1.1   DPTR FM NORMAL:    4.03    2 = FOG REDUCING VISIBILITY
HIGHEST:    95 ON 16,12 GRTST 24HR  1.69 ON 12-12      TO 1/4 MILE OR LESS
LOWEST:     72 ON  2                               3 = THUNDER
                        SNOW, ICE PELLETS, HAIL    4 = ICE PELLETS
                        TOTAL MONTH:   0.0 INCH    5 = HAIL
                        GRTST 24HR     0.0         6 = FREEZING RAIN OR DRIZZLE
                        GRTST DEPTH:   0           7 = DUSTSTORM OR SANDSTORM:
                                                       VSBY 1/2 MILE OR LESS
                                                   8 = SMOKE OR HAZE
[NO. OF DAYS WITH]      [WEATHER - DAYS WITH]      9 = BLOWING SNOW
                                                   X = TORNADO
MAX 32 OR BELOW:   0    0.01 INCH OR MORE:   9
MAX 90 OR ABOVE:  10    0.10 INCH OR MORE:   5
MIN 32 OR BELOW:   0    0.50 INCH OR MORE:   4
MIN  0 OR BELOW:   0    1.00 INCH OR MORE:   3

[HDD (BASE 65) ]
TOTAL THIS MO.     0    CLEAR  (SCALE 0-3)   6
DPTR FM NORMAL     0    PTCLDY (SCALE 4-7)   9
TOTAL FM JUL 1     0    CLOUDY (SCALE 8-10)  1
DPTR FM NORMAL     0

[CDD (BASE 65) ]
TOTAL THIS MO.   289
DPTR FM NORMAL   -15    [PRESSURE DATA]
TOTAL FM JAN 1  1903    HIGHEST SLP M ON M
DPTR FM NORMAL   241    LOWEST  SLP 29.80 ON 14

[REMARKS]
