000
CXUS54 KSHV 261300
CF6TYR
PRELIMINARY LOCAL CLIMATOLOGICAL DATA (WS FORM: F-6)

                                          STATION:   TYLER
                                          MONTH:     JUNE
                                          YEAR:      2017
                                          LATITUDE:   32 22 N
                                          LONGITUDE:  95 24 W

  TEMPERATURE IN F:       :PCPN:    SNOW:  WIND      :SUNSHINE: SKY     :PK WND
================================================================================
1   2   3   4   5  6A  6B    7    8   9   10  11  12  13   14  15   16   17  18
                                     12Z  AVG MX 2MIN
DY MAX MIN AVG DEP HDD CDD  WTR  SNW DPTH SPD SPD DIR MIN PSBL S-S WX    SPD DR
================================================================================

 1  85  68  77   0   0  12 0.07  0.0    0  6.6 20 190   M    M   4 13     24 200
 2  85  67  76  -1   0  11 1.42  0.0    0  7.8 22 290   M    M   7 13     29 300
 3  85  67  76  -1   0  11 0.06  0.0    0  4.1 16  30   M    M   5 13     21  30
 4  85  70  78   0   0  13 1.20  0.0    0  4.9 18  10   M    M   6 13     22  70
 5  86  70  78   0   0  13 0.00  0.0    0  5.5 12  90   M    M   5        15  80
 6  89  71  80   2   0  15 0.00  0.0    0  7.8 15  10   M    M   5        23  10
 7  88  71  80   2   0  15 0.00  0.0    0  6.7 13  30   M    M   2        17 350
 8  86  64  75  -3   0  10 0.00  0.0    0  5.1 10  40   M    M   1        14 100
 9  78  65  72  -6   0   7    T  0.0    0  5.9 12 250   M    M   3        15 250
10  86  69  78  -1   0  13 0.00  0.0    0  9.6 17 140   M    M   2        25 190
11  90  70  80   1   0  15 0.00  0.0    0  9.5 16 170   M    M   1        21 140
12  91  76  84   5   0  19 0.00  0.0    0 11.3 22 150   M    M   6        30 130
13  92  77  85   6   0  20    T  0.0    0 11.0 21 180   M    M   6        27 160
14  92  77  85   6   0  20 0.01  0.0    0 10.6 17 200   M    M   5 1      22 160
15  92  75  84   4   0  19 0.00  0.0    0  9.2 16 190   M    M   3        22 180
16  92  76  84   4   0  19 0.00  0.0    0 10.2 20 210   M    M   2        26 200
17  89  76  83   3   0  18 0.00  0.0    0 10.8 22 210   M    M   4        26 200
18  92  76  84   4   0  19 0.00  0.0    0  9.2 18 210   M    M   4        23 210
19  89  74  82   2   0  17 0.06  0.0    0  6.7 17 230   M    M   3 13     23 240
20  92  74  83   3   0  18 0.00  0.0    0  7.0 16  60   M    M   4 18     20  40
21  89  71  80   0   0  15    T  0.0    0 10.0 21  40   M    M   4        26  30
22  86  75  81   0   0  16 0.05  0.0    0  8.3 15  10   M    M   7 1      19  10
23  92  77  85   4   0  20    T  0.0    0 10.1 18 210   M    M   2 3      23 190
24  83  70  77  -4   0  12 1.20  0.0    0  7.9 28  70   M    M   4 13     40  60
25  85  69  77  -4   0  12 0.08  0.0    0  8.3 15 100   M    M   7        19  80
================================================================================
SM 2199 1795         0 379  4.15     0.0 204.1          M      102
================================================================================
AV 88.0 71.8                               8.2 FASTST   M    M   4    MAX(MPH)
                                 MISC ---->  # 28  70               # 40   60
================================================================================
NOTES:
# LAST OF SEVERAL OCCURRENCES

COLUMN 17 PEAK WIND IN M.P.H.

PRELIMINARY LOCAL CLIMATOLOGICAL DATA (WS FORM: F-6) , PAGE 2

                                          STATION:  TYLER
                                          MONTH:    JUNE
                                          YEAR:     2017
                                          LATITUDE:   32 22 N
                                          LONGITUDE:  95 24 W

[TEMPERATURE DATA]      [PRECIPITATION DATA]       SYMBOLS USED IN COLUMN 16

AVERAGE MONTHLY: 79.9   TOTAL FOR MONTH:   4.15    1 = FOG OR MIST
DPTR FM NORMAL:   0.8   DPTR FM NORMAL:    0.06    2 = FOG REDUCING VISIBILITY
HIGHEST:    92 ON 23,20 GRTST 24HR  1.42 ON  2- 2      TO 1/4 MILE OR LESS
LOWEST:     64 ON  8                               3 = THUNDER
                        SNOW, ICE PELLETS, HAIL    4 = ICE PELLETS
                        TOTAL MONTH:   0.0 INCH    5 = HAIL
                        GRTST 24HR     0.0         6 = FREEZING RAIN OR DRIZZLE
                        GRTST DEPTH:   0           7 = DUSTSTORM OR SANDSTORM:
                                                       VSBY 1/2 MILE OR LESS
                                                   8 = SMOKE OR HAZE
[NO. OF DAYS WITH]      [WEATHER - DAYS WITH]      9 = BLOWING SNOW
                                                   X = TORNADO
MAX 32 OR BELOW:   0    0.01 INCH OR MORE:   9
MAX 90 OR ABOVE:   9    0.10 INCH OR MORE:   3
MIN 32 OR BELOW:   0    0.50 INCH OR MORE:   3
MIN  0 OR BELOW:   0    1.00 INCH OR MORE:   3

[HDD (BASE 65) ]
TOTAL THIS MO.     0    CLEAR  (SCALE 0-3)   8
DPTR FM NORMAL     0    PTCLDY (SCALE 4-7)  17
TOTAL FM JUL 1  1256    CLOUDY (SCALE 8-10)  0
DPTR FM NORMAL -1013

[CDD (BASE 65) ]
TOTAL THIS MO.   379
DPTR FM NORMAL    27    [PRESSURE DATA]
TOTAL FM JAN 1   931    HIGHEST SLP M ON M
DPTR FM NORMAL   210    LOWEST  SLP 29.49 ON 22

[REMARKS]
