000
CXUS54 KMRX 241000
CF6TYS
PRELIMINARY LOCAL CLIMATOLOGICAL DATA (WS FORM: F-6)

                                          STATION:   KNOXVILLE    ASOS
                                          MONTH:     AUGUST
                                          YEAR:      2016
                                          LATITUDE:   35 49 N
                                          LONGITUDE:  83 59 W

  TEMPERATURE IN F:       :PCPN:    SNOW:  WIND      :SUNSHINE: SKY     :PK WND
================================================================================
1   2   3   4   5  6A  6B    7    8   9   10  11  12  13   14  15   16   17  18
                                     12Z  AVG MX 2MIN
DY MAX MIN AVG DEP HDD CDD  WTR  SNW DPTH SPD SPD DIR MIN PSBL S-S WX    SPD DR
================================================================================

 1  93  73  83   5   0  18 0.00  0.0    0  4.7 13 250   M    M   5        16 270
 2  90  74  82   4   0  17 0.18  0.0    0  6.2 16 260   M    M   7        19 260
 3  93  71  82   4   0  17 0.00  0.0    0  3.7 13 280   M    M   4        14 280
 4  94  73  84   6   0  19 0.06  0.0    0  4.2 15 280   M    M   6 13      M  M
 5  90  72  81   3   0  16 0.19  0.0    0  4.6 16 270   M    M   6 1      24 270
 6  91  72  82   4   0  17    T  0.0    0  3.7 13 360   M    M   6        17 360
 7  93  73  83   5   0  18 0.02  0.0    0  5.1 13 340   M    M   8 3      21 340
 8  91  73  82   4   0  17 0.74  0.0    0  4.3 26 140   M    M   8 138    30 140
 9  92  74  83   5   0  18    T  0.0    0  6.6 20 170   M    M   6        24 180
10  91  74  83   5   0  18 0.01  0.0    0  5.4 16 120   M    M   7        20 130
11  93  74  84   6   0  19    T  0.0    0  5.5 16 170   M    M   6        19 180
12  94  73  84   6   0  19    T  0.0    0  5.3 18 180   M    M   4 3      23 190
13  93  76  85   7   0  20 0.00  0.0    0 10.2 23 200   M    M   3 8      29 220
14  95  74  85   7   0  20 0.03  0.0    0  6.0 25 140   M    M   4        29 140
15  89  72  81   3   0  16 0.08  0.0    0  4.1 29 250   M    M   6 3      34 240
16  96  71  84   6   0  19 0.01  0.0    0  6.1 28 290   M    M   5 138    34 260
17  95  72  84   6   0  19 0.29  0.0    0  5.4 26 260   M    M   6 13     33 250
18  85  70  78   0   0  13 0.32  0.0    0  3.9 25 260   M    M   7 13     31 240
19  81  72  77  -1   0  12 0.02  0.0    0  4.6  9 230   M    M   9        10 220
20  87  72  80   2   0  15 0.18  0.0    0  7.6 15 210   M    M   9 18     20 210
21  83  71  77  -1   0  12 0.10  0.0    0  7.4 21 230   M    M   9 1      25 250
22  84  64  74  -4   0   9 0.00  0.0    0  5.0 13  20   M    M   6 1      15  20
23  87  61  74  -4   0   9 0.00  0.0    0  3.8 14 280   M    M   5        16 260
================================================================================
SM 2080 1651         0 377  2.23     0.0 123.4          M      142
================================================================================
AV 90.4 71.8                               5.4 FASTST   M    M   6    MAX(MPH)
                                 MISC ---->  # 29 250               # 34  240
================================================================================
NOTES:
# LAST OF SEVERAL OCCURRENCES

COLUMN 17 PEAK WIND IN M.P.H.

PRELIMINARY LOCAL CLIMATOLOGICAL DATA (WS FORM: F-6) , PAGE 2

                                          STATION:  KNOXVILLE    ASOS
                                          MONTH:    AUGUST
                                          YEAR:     2016
                                          LATITUDE:   35 49 N
                                          LONGITUDE:  83 59 W

[TEMPERATURE DATA]      [PRECIPITATION DATA]       SYMBOLS USED IN COLUMN 16

AVERAGE MONTHLY: 81.1   TOTAL FOR MONTH:   2.23    1 = FOG OR MIST
DPTR FM NORMAL:   3.1   DPTR FM NORMAL:   -0.33    2 = FOG REDUCING VISIBILITY
HIGHEST:    96 ON 16    GRTST 24HR  0.74 ON  8- 8      TO 1/4 MILE OR LESS
LOWEST:     61 ON 23                               3 = THUNDER
                        SNOW, ICE PELLETS, HAIL    4 = ICE PELLETS
                        TOTAL MONTH:   0.0 INCH    5 = HAIL
                        GRTST 24HR     0.0         6 = FREEZING RAIN OR DRIZZLE
                        GRTST DEPTH:   0           7 = DUSTSTORM OR SANDSTORM:
                                                       VSBY 1/2 MILE OR LESS
                                                   8 = SMOKE OR HAZE
[NO. OF DAYS WITH]      [WEATHER - DAYS WITH]      9 = BLOWING SNOW
                                                   X = TORNADO
MAX 32 OR BELOW:   0    0.01 INCH OR MORE:  14
MAX 90 OR ABOVE:  16    0.10 INCH OR MORE:   7
MIN 32 OR BELOW:   0    0.50 INCH OR MORE:   1
MIN  0 OR BELOW:   0    1.00 INCH OR MORE:   0

[HDD (BASE 65) ]
TOTAL THIS MO.     0    CLEAR  (SCALE 0-3)   0
DPTR FM NORMAL     0    PTCLDY (SCALE 4-7)  20
TOTAL FM JUL 1     0    CLOUDY (SCALE 8-10)  3
DPTR FM NORMAL     0

[CDD (BASE 65) ]
TOTAL THIS MO.   377
DPTR FM NORMAL    79    [PRESSURE DATA]
TOTAL FM JAN 1  1512    HIGHEST SLP M ON M
DPTR FM NORMAL   330    LOWEST  SLP 29.81 ON  7

[REMARKS]
