000
CXUS54 KMRX 221000
CF6TYS
PRELIMINARY LOCAL CLIMATOLOGICAL DATA (WS FORM: F-6)

                                          STATION:   KNOXVILLE    ASOS
                                          MONTH:     APRIL
                                          YEAR:      2014
                                          LATITUDE:   35 49 N
                                          LONGITUDE:  83 59 W

  TEMPERATURE IN F:       :PCPN:    SNOW:  WIND      :SUNSHINE: SKY     :PK WND
================================================================================
1   2   3   4   5  6A  6B    7    8   9   10  11  12  13   14  15   16   17  18
                                     12Z  AVG MX 2MIN
DY MAX MIN AVG DEP HDD CDD  WTR  SNW DPTH SPD SPD DIR MIN PSBL S-S WX    SPD DR
================================================================================

 1  79  45  62   7   3   0 0.00  0.0    0  6.4 21 230   M    M   M        25 230
 2  82  49  66  11   0   1 0.00  0.0    0  7.1 16 260   M    M   M        21 220
 3  79  59  69  14   0   4 0.02  0.0    0 12.6 29 220   M    M   9 13     33 210
 4  68  54  61   5   4   0 0.83  0.0    0 15.0 32 230   M    M   7 13     41 220
 5  59  42  51  -5  14   0 0.00  0.0    0  8.1 14  30   M    M   6        23  70
 6  66  42  54  -2  11   0 0.16  0.0    0  3.7 13 220   M    M   9 1      15 220
 7  71  50  61   5   4   0 1.26  0.0    0 12.7 31 270   M    M   9 1      39 260
 8  61  47  54  -3  11   0    T    M    0  6.6 20 260   M    M   9        26 270
 9  65  46  56  -1   9   0    T  0.0    0  5.5 17 260   M    M   6        23 280
10  74  39  57   0   8   0 0.00  0.0    0  9.1 23 240   M    M   M        28 240
11  74  53  64   6   1   0    T  0.0    0 13.1 23 230   M    M   M        28 230
12  79  52  66   8   0   1 0.00  0.0    0  5.2 15 230   M    M   M 18     19 180
13  83  59  71  13   0   6 0.00  0.0    0 12.2 25 230   M    M   M        33 220
14  73  61  67   9   0   2 0.10  0.0    0 12.2 24 180   M    M  10 1      32 190
15  65  35  50  -9  15   0 0.20    T    0 11.7 20 360   M    M   M 14     25  20
16  59  30  45 -14  20   0 0.00  0.0    0  8.1 22  50   M    M   M        27  50
17  68  34  51  -8  14   0 0.00  0.0    0  2.4  7  10   M    M   M        11 330
18  63  48  56  -4   9   0 0.00  0.0    0  5.6 12  50   M    M   M        16  40
19  65  49  57  -3   8   0 0.04  0.0    0  5.5 16  40   M    M   M 1      22  60
20  76  42  59  -1   6   0 0.00  0.0    0  3.0 14  30   M    M   M 12     18  30
21  77  46  62   2   3   0 0.00  0.0    0  5.0 14 210   M    M   6        16 210
================================================================================
SM 1486  982       140  14  2.61    T    170.8          M       71
================================================================================
AV 70.8 46.8                               8.1 FASTST   M    M   8    MAX(MPH)
                                 MISC ---->  # 32 230               # 41  220
================================================================================
NOTES:
# LAST OF SEVERAL OCCURRENCES

COLUMN 17 PEAK WIND IN M.P.H.

PRELIMINARY LOCAL CLIMATOLOGICAL DATA (WS FORM: F-6) , PAGE 2

                                          STATION:  KNOXVILLE    ASOS
                                          MONTH:    APRIL
                                          YEAR:     2014
                                          LATITUDE:   35 49 N
                                          LONGITUDE:  83 59 W

[TEMPERATURE DATA]      [PRECIPITATION DATA]       SYMBOLS USED IN COLUMN 16

AVERAGE MONTHLY: 58.8   TOTAL FOR MONTH:   2.61    1 = FOG OR MIST
DPTR FM NORMAL:   1.2   DPTR FM NORMAL:   -0.15    2 = FOG REDUCING VISIBILITY
HIGHEST:    83 ON 13    GRTST 24HR  1.42 ON  6- 7      TO 1/4 MILE OR LESS
LOWEST:     30 ON 16                               3 = THUNDER
                        SNOW, ICE PELLETS, HAIL    4 = ICE PELLETS
                        TOTAL MONTH:    T          5 = HAIL
                        GRTST 24HR    T  ON 15-15  6 = FREEZING RAIN OR DRIZZLE
                        GRTST DEPTH:   0           7 = DUSTSTORM OR SANDSTORM:
                                                       VSBY 1/2 MILE OR LESS
                                                   8 = SMOKE OR HAZE
[NO. OF DAYS WITH]      [WEATHER - DAYS WITH]      9 = BLOWING SNOW
                                                   X = TORNADO
MAX 32 OR BELOW:   0    0.01 INCH OR MORE:   7
MAX 90 OR ABOVE:   0    0.10 INCH OR MORE:   5
MIN 32 OR BELOW:   1    0.50 INCH OR MORE:   2
MIN  0 OR BELOW:   0    1.00 INCH OR MORE:   1

[HDD (BASE 65) ]
TOTAL THIS MO.   140    CLEAR  (SCALE 0-3)   0
DPTR FM NORMAL   -36    PTCLDY (SCALE 4-7)   4
TOTAL FM JUL 1  3720    CLOUDY (SCALE 8-10)  5
DPTR FM NORMAL   187

[CDD (BASE 65) ]
TOTAL THIS MO.    14
DPTR FM NORMAL    -5    [PRESSURE DATA]
TOTAL FM JAN 1    14    HIGHEST SLP M ON M
DPTR FM NORMAL   -10    LOWEST  SLP 29.59 ON  7

[REMARKS]
