000
CXUS55 KSEW 280945
CF6UIL

PRELIMINARY LOCAL CLIMATOLOGICAL DATA (WS FORM: F-6)

                                          STATION:   QUILLAYUTE WA AIRPORT
                                          MONTH:     DECEMBER
                                          YEAR:      2014
                                          LATITUDE:   47 57 N
                                          LONGITUDE: 124 33 W

  TEMPERATURE IN F:       :PCPN:    SNOW:  WIND      :SUNSHINE: SKY     :PK WND
================================================================================
1   2   3   4   5  6A  6B    7    8   9   10  11  12  13   14  15   16   17  18
                                     12Z  AVG MX 2MIN
DY MAX MIN AVG DEP HDD CDD  WTR  SNW DPTH SPD SPD DIR MIN PSBL S-S WX    SPD DR
================================================================================

 1  43  19  31 -10  34   0 0.00  0.0    0  2.3  9  70   M    M   1        12  20
 2  44  25  35  -6  30   0 0.00  0.0    0  6.1 18  40   M    M   2        24  40
 3  49  30  40  -1  25   0 0.00  0.0    0  6.0 14  50   M    M   2        17  40
 4  46  39  43   2  22   0 0.17  0.0    0  4.1  8  60   M    M  10 1      11  70
 5  57  44  51  10  14   0 0.33  0.0    0  7.2 13 140   M    M  10 1      22 160
 6  54  48  51  10  14   0 0.59  0.0    0  5.5 16 180   M    M  10 1      28 190
 7  59  43  51  10  14   0 0.05  0.0    0  8.4 21 170   M    M   6 1      38 150
 8  58  52  55  15  10   0 2.30  0.0    0 13.8 22 160   M    M  10 1      37 160
 9  57  54  56  16   9   0 1.42  0.0    0 14.4 26 190   M    M   9 1      49 150
10  58  47  53  13  12   0 3.36  0.0    0 11.9 31 180   M    M  10 1      49 190
11  55  46  51  11  14   0 0.65  0.0    0 10.8 30 240   M    M   7 1      42 220
12  51  40  46   6  19   0 0.11  0.0    0  4.7 24 230   M    M   5 1      36 210
13  53  35  44   4  21   0    T  0.0    0  3.6  9  80   M    M   2 1      11  30
14  49  32  41   1  24   0 0.00  0.0    0  5.8 17  50   M    M   0 1      22  50
15  45  32  39  -1  26   0 0.24    M    0  4.7 10  70   M    M   9 1      14  80
16  48  43  46   6  19   0 0.19    M    0  4.1  8  80   M    M  10 1      11 100
17  49  44  47   7  18   0 0.27  0.0    0  1.9  7  70   M    M  10 1       8 110
18  51  44  48   8  17   0 0.75  0.0    0  7.1 22 210   M    M   9 1      34 190
19  51  42  47   7  18   0 0.36  0.0    0  7.8 20 230   M    M   9 13     28 220
20  55  46  51  11  14   0 1.21  0.0    0 12.7 29 250   M    M  10 1      39 250
21  53  49  51  11  14   0 0.07  0.0    0  9.2 18 250   M    M   8 13     25 270
22  50  35  43   3  22   0    T  0.0    0  3.5 12 320   M    M   6 12     18 320
23  52  43  48   8  17   0 0.97  0.0    0  5.0 15 200   M    M  10 1      23 180
24  48  38  43   3  22   0 0.44  0.0    0  3.5 15  10   M    M   7 1      21 350
25  50  36  43   3  22   0 0.00  0.0    0  2.8 14 330   M    M   8 1      21 330
26  48  42  45   5  20   0 0.08  0.0    0  2.6  7 140   M    M  10 1      10  70
27  49  45  47   7  18   0 0.65  0.0    0  8.6 18 270   M    M   9 1      25 260
================================================================================
SM 1382 1093       509   0 14.21     0.0 178.1          M      199
================================================================================
AV 51.2 40.5                               6.6 FASTST   M    M   7    MAX(MPH)
                                 MISC ---->  # 31 180               # 49  150
================================================================================
NOTES:
# LAST OF SEVERAL OCCURRENCES

COLUMN 17 PEAK WIND IN M.P.H.

PRELIMINARY LOCAL CLIMATOLOGICAL DATA (WS FORM: F-6) , PAGE 2

                                          STATION:  QUILLAYUTE WA AIRPORT
                                          MONTH:    DECEMBER
                                          YEAR:     2014
                                          LATITUDE:   47 57 N
                                          LONGITUDE: 124 33 W

[TEMPERATURE DATA]      [PRECIPITATION DATA]       SYMBOLS USED IN COLUMN 16

AVERAGE MONTHLY: 45.8   TOTAL FOR MONTH:  14.21    1 = FOG OR MIST
DPTR FM NORMAL:   5.6   DPTR FM NORMAL:    2.83    2 = FOG REDUCING VISIBILITY
HIGHEST:    59 ON  7    GRTST 24HR  3.52 ON  8- 9      TO 1/4 MILE OR LESS
LOWEST:     19 ON  1                               3 = THUNDER
                        SNOW, ICE PELLETS, HAIL    4 = ICE PELLETS
                        TOTAL MONTH:   0.0 INCH    5 = HAIL
                        GRTST 24HR     0.0         6 = FREEZING RAIN OR DRIZZLE
                        GRTST DEPTH:   0           7 = DUSTSTORM OR SANDSTORM:
                                                       VSBY 1/2 MILE OR LESS
                                                   8 = SMOKE OR HAZE
[NO. OF DAYS WITH]      [WEATHER - DAYS WITH]      9 = BLOWING SNOW
                                                   X = TORNADO
MAX 32 OR BELOW:   0    0.01 INCH OR MORE:  20
MAX 90 OR ABOVE:   0    0.10 INCH OR MORE:  17
MIN 32 OR BELOW:   5    0.50 INCH OR MORE:   9
MIN  0 OR BELOW:   0    1.00 INCH OR MORE:   4

[HDD (BASE 65) ]
TOTAL THIS MO.   509    CLEAR  (SCALE 0-3)   5
DPTR FM NORMAL  -158    PTCLDY (SCALE 4-7)   6
TOTAL FM JUL 1  1743    CLOUDY (SCALE 8-10) 16
DPTR FM NORMAL  -638

[CDD (BASE 65) ]
TOTAL THIS MO.     0
DPTR FM NORMAL     0    [PRESSURE DATA]
TOTAL FM JAN 1    25    HIGHEST SLP M ON M
DPTR FM NORMAL     6    LOWEST  SLP 28.98 ON 11

[REMARKS]
