000
CXUS56 KEKA 271304
CF6UKI
PRELIMINARY LOCAL CLIMATOLOGICAL DATA (WS FORM: F-6)

                                          STATION:   UKIAH CA
                                          MONTH:     AUGUST
                                          YEAR:      2015
                                          LATITUDE:   39  7 N
                                          LONGITUDE: 123 12 W

  TEMPERATURE IN F:       :PCPN:    SNOW:  WIND      :SUNSHINE: SKY     :PK WND
================================================================================
1   2   3   4   5  6A  6B    7    8   9   10  11  12  13   14  15   16   17  18
                                     12Z  AVG MX 2MIN
DY MAX MIN AVG DEP HDD CDD  WTR  SNW DPTH SPD SPD DIR MIN PSBL S-S WX    SPD DR
================================================================================

 1  95  59  77   3   0  12 0.00  0.0    0  6.4 15 330   M    M   0        19 340
 2  93  59  76   2   0  11 0.00  0.0    0  4.6 14  50   M    M   0        20  50
 3  88  57  73  -1   0   8 0.00  0.0    0  4.3 14 340   M    M   2        22  60
 4  71  55  63 -11   2   0    T  0.0    0  2.7  9  70   M    M   3        12 170
 5  92  53  73  -1   0   8 0.00  0.0    0  2.6 12  20   M    M   0        16 350
 6  98  53  76   2   0  11 0.00  0.0    0  3.8 15 300   M    M   0        24 270
 7  90  59  75   1   0  10 0.00  0.0    0  5.6 13  20   M    M   1        18  30
 8  91  55  73  -1   0   8 0.00  0.0    0  5.2 20 350   M    M   1 8      26 340
 9  93  51  72  -2   0   7 0.00  0.0    0  4.7 16 320   M    M   0        22 320
10  86  55  71  -2   0   6 0.00  0.0    0  7.7 18 320   M    M   0        24 310
11  85  58  72  -1   0   7 0.00  0.0    0  2.7 14 330   M    M   0        18 330
12  88  49  69  -4   0   4 0.00  0.0    0  4.1 17 230   M    M   0 8      27 190
13  88  51  70  -3   0   5 0.00  0.0    0  3.6 17 320   M    M   0        21 320
14  86  52  69  -4   0   4 0.00  0.0    0  5.1 14 320   M    M   0        18 330
15  98  54  76   3   0  11 0.00  0.0    0  1.3 13 320   M    M   1 8      16 300
16 105  56  81   8   0  16 0.00  0.0    0  2.3 16 320   M    M   0 8      21 310
17 105  57  81   8   0  16 0.00  0.0    0  2.5 15 260   M    M   4 8      21 300
18  95  56  76   4   0  11 0.00  0.0    0  6.8 17 150   M    M   0        24 160
19  94  55  75   3   0  10 0.00  0.0    0  6.0 12  20   M    M   0        15  20
20  93  56  75   3   0  10 0.00  0.0    0  4.8 12 260   M    M   1 8      15 260
21  90  53  72   0   0   7 0.00  0.0    0  6.4 17 140   M    M   2 1      23 130
22  90  55  73   1   0   8 0.00  0.0    0  7.8 17 150   M    M   1        24 130
23  88  57  73   1   0   8 0.00  0.0    0  7.6 16 150   M    M   4        23 150
24  92  55  74   2   0   9 0.00  0.0    0  4.0 13 140   M    M   1        16 140
25  94  54  74   2   0   9 0.00  0.0    0  4.2 15 130   M    M   0        19 140
26  96  51  74   2   0   9 0.00  0.0    0  2.6 17 260   M    M   0        24 260
================================================================================
SM 2384 1425         2 225    T      0.0 119.4          M       21
================================================================================
AV 91.7 54.8                               4.6 FASTST   M    M   1    MAX(MPH)
                                 MISC ---->  # 20 350               # 27  190
================================================================================
NOTES:
# LAST OF SEVERAL OCCURRENCES

COLUMN 17 PEAK WIND IN M.P.H.

PRELIMINARY LOCAL CLIMATOLOGICAL DATA (WS FORM: F-6) , PAGE 2

                                          STATION:  UKIAH CA
                                          MONTH:    AUGUST
                                          YEAR:     2015
                                          LATITUDE:   39  7 N
                                          LONGITUDE: 123 12 W

[TEMPERATURE DATA]      [PRECIPITATION DATA]       SYMBOLS USED IN COLUMN 16

AVERAGE MONTHLY: 73.2   TOTAL FOR MONTH:      T    1 = FOG OR MIST
DPTR FM NORMAL:   0.2   DPTR FM NORMAL:   -0.05    2 = FOG REDUCING VISIBILITY
HIGHEST:   105 ON 17,16 GRTST 24HR    T  ON  4- 4      TO 1/4 MILE OR LESS
LOWEST:     49 ON 12                               3 = THUNDER
                        SNOW, ICE PELLETS, HAIL    4 = ICE PELLETS
                        TOTAL MONTH:   0.0 INCH    5 = HAIL
                        GRTST 24HR     0.0         6 = FREEZING RAIN OR DRIZZLE
                        GRTST DEPTH:   0           7 = DUSTSTORM OR SANDSTORM:
                                                       VSBY 1/2 MILE OR LESS
                                                   8 = SMOKE OR HAZE
[NO. OF DAYS WITH]      [WEATHER - DAYS WITH]      9 = BLOWING SNOW
                                                   X = TORNADO
MAX 32 OR BELOW:   0    0.01 INCH OR MORE:   0
MAX 90 OR ABOVE:  18    0.10 INCH OR MORE:   0
MIN 32 OR BELOW:   0    0.50 INCH OR MORE:   0
MIN  0 OR BELOW:   0    1.00 INCH OR MORE:   0

[HDD (BASE 65) ]
TOTAL THIS MO.     2    CLEAR  (SCALE 0-3)  23
DPTR FM NORMAL     2    PTCLDY (SCALE 4-7)   3
TOTAL FM JUL 1     3    CLOUDY (SCALE 8-10)  0
DPTR FM NORMAL     2

[CDD (BASE 65) ]
TOTAL THIS MO.   225
DPTR FM NORMAL    18    [PRESSURE DATA]
TOTAL FM JAN 1   887    HIGHEST SLP M ON M
DPTR FM NORMAL   237    LOWEST  SLP 29.82 ON M

[REMARKS]
