000
CXUS54 KHGX 291415
CF6UTS
PRELIMINARY LOCAL CLIMATOLOGICAL DATA (WS FORM: F-6)

                                          STATION:   HUNTSVILLE_(ASOS)
                                          MONTH:     JUNE
                                          YEAR:      2015
                                          LATITUDE:   30 45 N
                                          LONGITUDE:  95 35 W

  TEMPERATURE IN F:       :PCPN:    SNOW:  WIND      :SUNSHINE: SKY     :PK WND
================================================================================
1   2   3   4   5  6A  6B    7    8   9   10  11  12  13   14  15   16   17  18
                                     12Z  AVG MX 2MIN
DY MAX MIN AVG DEP HDD CDD  WTR  SNW DPTH SPD SPD DIR MIN PSBL S-S WX    SPD DR
================================================================================

 1  86  61  74  -6   0   9 0.00  0.0    0  1.5  9 300   M    M   1        12 320
 2  88  65  77  -3   0  12    T  0.0    0  1.7  7  10   M    M   2        10 350
 3  91  68  80   0   0  15 0.00  0.0    0  1.8  8 220   M    M   3 1      12 240
 4  89  69  79  -1   0  14 0.00  0.0    0  1.7  7 200   M    M   2        10 190
 5  90  72  81   1   0  16 0.00  0.0    0  1.5  6 180   M    M   3         9 100
 6  92  72  82   1   0  17 0.00  0.0    0  1.3  6 180   M    M   1         9  50
 7  93  72  83   2   0  18 0.00  0.0    0  3.4 10 200   M    M   1        14 170
 8  92  73  83   2   0  18 0.00  0.0    0  4.9 10 280   M    M   0        15 260
 9  92  72  82   1   0  17 0.00  0.0    0  5.1 10 270   M    M   0        14 260
10  94  74  84   3   0  19 0.00  0.0    0  5.0 10 170   M    M   1        14 180
11  93  74  84   3   0  19 0.00  0.0    0  6.0 12 190   M    M   1        17 170
12  92  74  83   1   0  18 1.41  0.0    0  3.9 18 210   M    M   1 13     26 210
13  86  75  81  -1   0  16 0.06  0.0    0  4.4 13 180   M    M   3 1      21 160
14  89  75  82   0   0  17 0.04  0.0    0  3.7 17 170   M    M   2 3      26 180
15  90  74  82   0   0  17 0.06  0.0    0  4.1 12 120   M    M   4 13     23 120
16  82  75  79  -3   0  14 0.22  0.0    0  4.9  9 110   M    M   8 13     18  90
17  84  74  79  -3   0  14 0.53  0.0    0 10.1 21 200   M    M   5 1      32 180
18  82  73  78  -4   0  13 4.28  0.0    0  7.1 23 260   M    M   7 13     35 240
19  86  75  81  -1   0  16 0.03  0.0    0  6.2 12 220   M    M   4 13     17 250
20  89  74  82   0   0  17 0.56  0.0    0  3.8 28 250   M    M   4 13     37 250
21  90  77  84   2   0  19 0.09  0.0    0  4.8 14 170   M    M   3 13     22 180
22  92  77  85   3   0  20 0.00  0.0    0  5.3 14 190   M    M   1        17 200
23  93  75  84   1   0  19 0.00  0.0    0  3.0  9 190   M    M   2 1      12 160
24  93  74  84   1   0  19 0.00  0.0    0  2.5 10 190   M    M   0        15 190
25  92  75  84   1   0  19 0.00  0.0    0  4.6  9 180   M    M   1        13 180
26  93  76  85   2   0  20 0.00  0.0    0  7.8 13 220   M    M   2        18 250
27  89  77  83   0   0  18 0.09  0.0    0  5.7 15 240   M    M   3 138    20 250
28  90  73  82  -1   0  17 1.05  0.0    0  3.7 13  90   M    M   3 13     19  80
================================================================================
SM 2512 2045         0 467  8.42     0.0 119.5          M       68
================================================================================
AV 89.7 73.0                               4.3 FASTST   M    M   2    MAX(MPH)
                                 MISC ---->  # 28 250               # 37  250
================================================================================
NOTES:
# LAST OF SEVERAL OCCURRENCES

COLUMN 17 PEAK WIND IN M.P.H.

PRELIMINARY LOCAL CLIMATOLOGICAL DATA (WS FORM: F-6) , PAGE 2

                                          STATION:  HUNTSVILLE_(ASOS)
                                          MONTH:    JUNE
                                          YEAR:     2015
                                          LATITUDE:   30 45 N
                                          LONGITUDE:  95 35 W

[TEMPERATURE DATA]      [PRECIPITATION DATA]       SYMBOLS USED IN COLUMN 16

AVERAGE MONTHLY: 81.4   TOTAL FOR MONTH:   8.42    1 = FOG OR MIST
DPTR FM NORMAL:  -0.3   DPTR FM NORMAL:    3.85    2 = FOG REDUCING VISIBILITY
HIGHEST:    94 ON 10    GRTST 24HR  4.51 ON 17-18      TO 1/4 MILE OR LESS
LOWEST:     61 ON  1                               3 = THUNDER
                        SNOW, ICE PELLETS, HAIL    4 = ICE PELLETS
                        TOTAL MONTH:   0.0 INCH    5 = HAIL
                        GRTST 24HR     0.0         6 = FREEZING RAIN OR DRIZZLE
                        GRTST DEPTH:   0           7 = DUSTSTORM OR SANDSTORM:
                                                       VSBY 1/2 MILE OR LESS
                                                   8 = SMOKE OR HAZE
[NO. OF DAYS WITH]      [WEATHER - DAYS WITH]      9 = BLOWING SNOW
                                                   X = TORNADO
MAX 32 OR BELOW:   0    0.01 INCH OR MORE:  12
MAX 90 OR ABOVE:  17    0.10 INCH OR MORE:   6
MIN 32 OR BELOW:   0    0.50 INCH OR MORE:   5
MIN  0 OR BELOW:   0    1.00 INCH OR MORE:   3

[HDD (BASE 65) ]
TOTAL THIS MO.     0    CLEAR  (SCALE 0-3)  17
DPTR FM NORMAL     0    PTCLDY (SCALE 4-7)  10
TOTAL FM JUL 1  1829    CLOUDY (SCALE 8-10)  1
DPTR FM NORMAL   131

[CDD (BASE 65) ]
TOTAL THIS MO.   467
DPTR FM NORMAL     0    [PRESSURE DATA]
TOTAL FM JAN 1  1044    HIGHEST SLP M ON M
DPTR FM NORMAL    11    LOWEST  SLP 29.77 ON 10

[REMARKS]
