000
CXUS52 KTAE 300800
CF6VLD
PRELIMINARY LOCAL CLIMATOLOGICAL DATA (WS FORM: F-6)

                                          STATION:   VALDOSTA
                                          MONTH:     JUNE
                                          YEAR:      2015
                                          LATITUDE:   30 46 N
                                          LONGITUDE:  83 17 W

  TEMPERATURE IN F:       :PCPN:    SNOW:  WIND      :SUNSHINE: SKY     :PK WND
================================================================================
1   2   3   4   5  6A  6B    7    8   9   10  11  12  13   14  15   16   17  18
                                     12Z  AVG MX 2MIN
DY MAX MIN AVG DEP HDD CDD  WTR  SNW DPTH SPD SPD DIR MIN PSBL S-S WX    SPD DR
================================================================================

 1  90  66  78   1   0  13 0.55  0.0    0  2.8 16 190   M    M   2 13     30 250
 2  85  66  76  -2   0  11 0.00  0.0    0  2.3 10 180   M    M   3 1      15 180
 3  90  69  80   2   0  15 1.08  0.0    0  3.5 16 110   M    M   6 12     25  90
 4  86  67  77  -1   0  12 0.03  0.0    0  4.1 12  30   M    M   3 1      16  20
 5  89  68  79   1   0  14 0.00  0.0    0  3.2 23  10   M    M   2 1      27  20
 6  93  67  80   2   0  15 0.00  0.0    0  2.5  9 140   M    M   1 1      14  30
 7  92  68  80   2   0  15 0.00  0.0    0  4.1 12 120   M    M   1        17  90
 8  92  68  80   2   0  15 0.00  0.0    0  3.9 12 190   M    M   2 1      16 250
 9  89  71  80   1   0  15    T  0.0    0  2.0  8 190   M    M   2 1      14 240
10  88  69  79   0   0  14 0.05  0.0    0  2.9 15 170   M    M   3 1      18 170
11  88  70  79   0   0  14 0.05  0.0    0  3.7 14 180   M    M   4        17 180
12  92  68  80   1   0  15 0.46  0.0    0  2.2 21 170   M    M   2 138    28 170
13  94  70  82   3   0  17 0.00  0.0    0  2.3 15 140   M    M   3 13     18 140
14  96  69  83   4   0  18 0.00  0.0    0  3.4 12 180   M    M   0        14 180
15  97  68  83   3   0  18 0.00  0.0    0  3.3 12 160   M    M   1        15 150
16  98  72  85   5   0  20 0.17  0.0    0  2.1  9 240   M    M   1 13      M  M
17  97  72  85   5   0  20 0.00  0.0    0  3.4 15 190   M    M   1 13     23  10
18  98  71  85   5   0  20 0.00  0.0    0  1.3 21 190   M    M   0 1      29 190
19  97  74  86   6   0  21 0.00  0.0    0  2.7  7 300   M    M   1        13 290
20  97  71  84   4   0  19 0.00  0.0    0  2.0  8 210   M    M   1 1      13 200
21  97  75  86   6   0  21 0.00  0.0    0  1.2  7 230   M    M   1        13 250
22   M   M   M   M   M   M    M    M    M   M   M   M   M    M   M         M  M
23  91  71  81   1   0  16    T  0.0    0  3.5 14 190   M    M   3 13     20 190
24  96  71  84   4   0  19    T  0.0    0  2.8  9 320   M    M   3 1      14 320
25  96  74  85   5   0  20 0.00  0.0    0  4.3 13 180   M    M   2        18 210
26  91  72  82   1   0  17    T  0.0    0  3.7 10 190   M    M   1 13     19 250
27  91  74  83   2   0  18    M  0.0    0  4.0 10 300   M    M   2 128    23 290
28  93  72  83   2   0  18 0.48  0.0    0  2.2 14 300   M    M   2 123    24 270
29  88  72  80  -1   0  15 0.02  0.0    0  1.7  7 310   M    M   4 1      12 300
================================================================================
SM 2591 1965         0 465  2.89     0.0  81.1          M       57
================================================================================
AV 92.5 70.2                               2.9 FASTST   M    M   2    MAX(MPH)
                                 MISC ---->  # 23  10               # 30  250
================================================================================
NOTES:
# LAST OF SEVERAL OCCURRENCES

COLUMN 17 PEAK WIND IN M.P.H.

PRELIMINARY LOCAL CLIMATOLOGICAL DATA (WS FORM: F-6) , PAGE 2

                                          STATION:  VALDOSTA
                                          MONTH:    JUNE
                                          YEAR:     2015
                                          LATITUDE:   30 46 N
                                          LONGITUDE:  83 17 W

[TEMPERATURE DATA]      [PRECIPITATION DATA]       SYMBOLS USED IN COLUMN 16

AVERAGE MONTHLY: 81.4   TOTAL FOR MONTH:   2.89    1 = FOG OR MIST
DPTR FM NORMAL:   2.0   DPTR FM NORMAL:   -3.03    2 = FOG REDUCING VISIBILITY
HIGHEST:    98 ON 18,16 GRTST 24HR  1.11 ON  3- 4      TO 1/4 MILE OR LESS
LOWEST:     66 ON  2, 1                            3 = THUNDER
                        SNOW, ICE PELLETS, HAIL    4 = ICE PELLETS
                        TOTAL MONTH:   0.0 INCH    5 = HAIL
                        GRTST 24HR     0.0         6 = FREEZING RAIN OR DRIZZLE
                        GRTST DEPTH:   0           7 = DUSTSTORM OR SANDSTORM:
                                                       VSBY 1/2 MILE OR LESS
                                                   8 = SMOKE OR HAZE
[NO. OF DAYS WITH]      [WEATHER - DAYS WITH]      9 = BLOWING SNOW
                                                   X = TORNADO
MAX 32 OR BELOW:   0    0.01 INCH OR MORE:   9
MAX 90 OR ABOVE:  21    0.10 INCH OR MORE:   5
MIN 32 OR BELOW:   0    0.50 INCH OR MORE:   2
MIN  0 OR BELOW:   0    1.00 INCH OR MORE:   1

[HDD (BASE 65) ]
TOTAL THIS MO.     0    CLEAR  (SCALE 0-3)  23
DPTR FM NORMAL     0    PTCLDY (SCALE 4-7)   5
TOTAL FM JUL 1  1582    CLOUDY (SCALE 8-10)  0
DPTR FM NORMAL   -56

[CDD (BASE 65) ]
TOTAL THIS MO.   465
DPTR FM NORMAL    48    [PRESSURE DATA]
TOTAL FM JAN 1  1112    HIGHEST SLP M ON M
DPTR FM NORMAL   283    LOWEST  SLP 29.87 ON  3

[REMARKS]
