000
CXUS52 KMLB 290650
CF6VRB
PRELIMINARY LOCAL CLIMATOLOGICAL DATA (WS FORM: F-6)

                                          STATION:   VERO BEACH
                                          MONTH:     APRIL
                                          YEAR:      2016
                                          LATITUDE:   27 39 N
                                          LONGITUDE:  80 25 W

  TEMPERATURE IN F:       :PCPN:    SNOW:  WIND      :SUNSHINE: SKY     :PK WND
================================================================================
1   2   3   4   5  6A  6B    7    8   9   10  11  12  13   14  15   16   17  18
                                     12Z  AVG MX 2MIN
DY MAX MIN AVG DEP HDD CDD  WTR  SNW DPTH SPD SPD DIR MIN PSBL S-S WX    SPD DR
================================================================================

 1  87  72  80  11   0  15 0.00  0.0    0 10.7 20 140   M    M   4 1      25 150
 2  86  73  80  11   0  15 0.03  0.0    0  9.9 17 260   M    M   3 1      23 220
 3  74  58  66  -3   0   1 0.00  0.0    0 10.4 20 360   M    M   3        25  30
 4  79  57  68  -1   0   3    T  0.0    0  4.7 15  40   M    M   1        20  40
 5  81  57  69   0   0   4 0.00  0.0    0  8.9 20  60   M    M   0        26  50
 6  77  68  73   3   0   8 0.00  0.0    0 13.9 22  50   M    M   4        30  30
 7  85  60  73   3   0   8 0.00  0.0    0  9.8 22 270   M    M   2        29 280
 8  85  56  71   1   0   6 0.00  0.0    0  8.3 18 260   M    M   1 1      22 250
 9  74  49  62  -8   3   0 0.00  0.0    0  8.2 21 350   M    M   0        27 360
10  79  47  63  -7   2   0 0.00  0.0    0  8.4 18 110   M    M   2        23  60
11  79  66  73   3   0   8 0.00  0.0    0 11.3 20 100   M    M   3        23  70
12  80  56  68  -2   0   3 0.00  0.0    0  6.4 15 100   M    M   1        19 110
13  82  60  71   1   0   6 0.00  0.0    0  4.3 14  90   M    M   1        17 110
14  82  65  74   4   0   9 0.24  0.0    0  5.6 16 140   M    M   5 123    19 140
15  83  66  75   4   0  10 0.71  0.0    0  5.1 23  10   M    M   3 1      31  10
16  78  67  73   2   0   8 0.47  0.0    0 13.3 24  50   M    M   6 18     30  40
17  78  67  73   2   0   8 0.01  0.0    0 14.5 23  40   M    M   6        28  50
18  79  64  72   1   0   7 0.03  0.0    0 11.3 20  50   M    M   5 1      26  60
19  79  59  69  -2   0   4 0.00  0.0    0  7.5 17  50   M    M   2        22  50
20  79  57  68  -3   0   3 0.00  0.0    0  8.1 17 110   M    M   3        22 120
21  82  72  77   5   0  12 0.00  0.0    0 15.1 24 130   M    M   1        29 130
22  83  63  73   1   0   8 0.00  0.0    0 12.0 24 150   M    M   5        31 150
23  86  70  78   6   0  13 0.00  0.0    0 10.0 21 290   M    M   4        25 260
24  82  66  74   2   0   9 0.11  0.0    0  8.1 16  90   M    M   3 1      21  50
25  81  72  77   5   0  12 0.00  0.0    0  9.6 16  80   M    M   3        22  90
26  82  60  71  -1   0   6 0.00  0.0    0  7.2 15 110   M    M   2        20 120
27  83  61  72   0   0   7 0.00  0.0    0  7.3 17 110   M    M   2        23 100
28  86  62  74   1   0   9 0.00  0.0    0  7.5 16 120   M    M   0        21 120
================================================================================
SM 2271 1750         5 202  1.60     0.0 257.4          M       75
================================================================================
AV 81.1 62.5                               9.2 FASTST   M    M   3    MAX(MPH)
                                 MISC ---->  # 24  50               # 31   10
================================================================================
NOTES:
# LAST OF SEVERAL OCCURRENCES

COLUMN 17 PEAK WIND IN M.P.H.

PRELIMINARY LOCAL CLIMATOLOGICAL DATA (WS FORM: F-6) , PAGE 2

                                          STATION:  VERO BEACH
                                          MONTH:    APRIL
                                          YEAR:     2016
                                          LATITUDE:   27 39 N
                                          LONGITUDE:  80 25 W

[TEMPERATURE DATA]      [PRECIPITATION DATA]       SYMBOLS USED IN COLUMN 16

AVERAGE MONTHLY: 71.8   TOTAL FOR MONTH:   1.60    1 = FOG OR MIST
DPTR FM NORMAL:   1.2   DPTR FM NORMAL:   -0.96    2 = FOG REDUCING VISIBILITY
HIGHEST:    87 ON  1    GRTST 24HR  1.17 ON 15-16      TO 1/4 MILE OR LESS
LOWEST:     47 ON 10                               3 = THUNDER
                        SNOW, ICE PELLETS, HAIL    4 = ICE PELLETS
                        TOTAL MONTH:   0.0 INCH    5 = HAIL
                        GRTST 24HR     0.0         6 = FREEZING RAIN OR DRIZZLE
                        GRTST DEPTH:   0           7 = DUSTSTORM OR SANDSTORM:
                                                       VSBY 1/2 MILE OR LESS
                                                   8 = SMOKE OR HAZE
[NO. OF DAYS WITH]      [WEATHER - DAYS WITH]      9 = BLOWING SNOW
                                                   X = TORNADO
MAX 32 OR BELOW:   0    0.01 INCH OR MORE:   7
MAX 90 OR ABOVE:   0    0.10 INCH OR MORE:   4
MIN 32 OR BELOW:   0    0.50 INCH OR MORE:   1
MIN  0 OR BELOW:   0    1.00 INCH OR MORE:   0

[HDD (BASE 65) ]
TOTAL THIS MO.     5    CLEAR  (SCALE 0-3)  17
DPTR FM NORMAL    -8    PTCLDY (SCALE 4-7)  11
TOTAL FM JUL 1   284    CLOUDY (SCALE 8-10)  0
DPTR FM NORMAL  -169

[CDD (BASE 65) ]
TOTAL THIS MO.   202
DPTR FM NORMAL    28    [PRESSURE DATA]
TOTAL FM JAN 1   536    HIGHEST SLP M ON M
DPTR FM NORMAL    94    LOWEST  SLP 29.78 ON  2

[REMARKS]
