000
CXUS52 KMLB 190627
CF6VRB
PRELIMINARY LOCAL CLIMATOLOGICAL DATA (WS FORM: F-6)

                                          STATION:   VERO BEACH
                                          MONTH:     NOVEMBER
                                          YEAR:      2017
                                          LATITUDE:   27 39 N
                                          LONGITUDE:  80 25 W

  TEMPERATURE IN F:       :PCPN:    SNOW:  WIND      :SUNSHINE: SKY     :PK WND
================================================================================
1   2   3   4   5  6A  6B    7    8   9   10  11  12  13   14  15   16   17  18
                                     12Z  AVG MX 2MIN
DY MAX MIN AVG DEP HDD CDD  WTR  SNW DPTH SPD SPD DIR MIN PSBL S-S WX    SPD DR
================================================================================

 1  79  62  71  -2   0   6 0.00  0.0    0  4.0 12  90   M    M   5        16 110
 2  82  61  72  -1   0   7 0.00  0.0    0  4.9 17  60   M    M   3        22  40
 3  82  63  73   0   0   8 0.20  0.0    0  7.8 17 360   M    M   5 18     23 360
 4  83  67  75   3   0  10 0.00  0.0    0  8.1 16  10   M    M   1        22  10
 5  83  69  76   4   0  11 0.57  0.0    0  6.2 16 360   M    M   4 18     22  20
 6  83  69  76   4   0  11 0.48  0.0    0  7.1 15 350   M    M   3 1      18 360
 7  83  67  75   3   0  10 0.15  0.0    0  5.3 15  30   M    M   3 18     19  30
 8  82  65  74   2   0   9 0.00  0.0    0  4.5 12  30   M    M   4 12     15  40
 9  83  63  73   2   0   8 0.00  0.0    0  2.6 10  60   M    M   2 1      14  50
10  80  67  74   3   0   9 0.00  0.0    0 11.3 23 350   M    M   5 1      29 350
11  81  71  76   5   0  11 0.21  0.0    0 15.7 28  90   M    M   6        35  80
12  77  71  74   3   0   9 0.27  0.0    0 15.3 24  70   M    M   8 18     33  80
13  82  73  78   7   0  13 0.02  0.0    0 11.3 18  40   M    M   6 1      27  30
14  82  70  76   6   0  11 0.03  0.0    0 12.8 21 360   M    M   6 18     29  30
15  80  68  74   4   0   9 0.10  0.0    0 10.5 20  30   M    M   9 1      27  30
16  76  64  70   0   0   5 0.10  0.0    0 10.4 22 340   M    M   8 1      27 330
17  79  60  70   0   0   5 0.00  0.0    0  7.8 17 360   M    M   2        21  10
18  80  57  69  -1   0   4 0.00  0.0    0  3.5 13 130   M    M   2        16 100
================================================================================
SM 1457 1187         0 156  2.13     0.0 149.1          M       82
================================================================================
AV 80.9 65.9                               8.3 FASTST   M    M   5    MAX(MPH)
                                 MISC ---->  # 28  90               # 35   80
================================================================================
NOTES:
# LAST OF SEVERAL OCCURRENCES

COLUMN 17 PEAK WIND IN M.P.H.

PRELIMINARY LOCAL CLIMATOLOGICAL DATA (WS FORM: F-6) , PAGE 2

                                          STATION:  VERO BEACH
                                          MONTH:    NOVEMBER
                                          YEAR:     2017
                                          LATITUDE:   27 39 N
                                          LONGITUDE:  80 25 W

[TEMPERATURE DATA]      [PRECIPITATION DATA]       SYMBOLS USED IN COLUMN 16

AVERAGE MONTHLY: 73.4   TOTAL FOR MONTH:   2.13    1 = FOG OR MIST
DPTR FM NORMAL:   2.1   DPTR FM NORMAL:    0.01    2 = FOG REDUCING VISIBILITY
HIGHEST:    83 ON  9, 7 GRTST 24HR  0.57 ON  5- 5      TO 1/4 MILE OR LESS
LOWEST:     57 ON 18                               3 = THUNDER
                        SNOW, ICE PELLETS, HAIL    4 = ICE PELLETS
                        TOTAL MONTH:   0.0 INCH    5 = HAIL
                        GRTST 24HR     0.0         6 = FREEZING RAIN OR DRIZZLE
                        GRTST DEPTH:   0           7 = DUSTSTORM OR SANDSTORM:
                                                       VSBY 1/2 MILE OR LESS
                                                   8 = SMOKE OR HAZE
[NO. OF DAYS WITH]      [WEATHER - DAYS WITH]      9 = BLOWING SNOW
                                                   X = TORNADO
MAX 32 OR BELOW:   0    0.01 INCH OR MORE:  10
MAX 90 OR ABOVE:   0    0.10 INCH OR MORE:   8
MIN 32 OR BELOW:   0    0.50 INCH OR MORE:   1
MIN  0 OR BELOW:   0    1.00 INCH OR MORE:   0

[HDD (BASE 65) ]
TOTAL THIS MO.     0    CLEAR  (SCALE 0-3)   6
DPTR FM NORMAL   -10    PTCLDY (SCALE 4-7)  11
TOTAL FM JUL 1    18    CLOUDY (SCALE 8-10)  1
DPTR FM NORMAL     5

[CDD (BASE 65) ]
TOTAL THIS MO.   156
DPTR FM NORMAL    32    [PRESSURE DATA]
TOTAL FM JAN 1  3745    HIGHEST SLP M ON M
DPTR FM NORMAL   493    LOWEST  SLP 29.92 ON 18

[REMARKS]
