000
CXUS51 KAKQ 291010
CF6WAL
PRELIMINARY LOCAL CLIMATOLOGICAL DATA (WS FORM: F-6)

                                          STATION:   WALLOPS ISLAND VA
                                          MONTH:     MAY
                                          YEAR:      2015
                                          LATITUDE:   37 55 N
                                          LONGITUDE:  75 28 W

  TEMPERATURE IN F:       :PCPN:    SNOW:  WIND      :SUNSHINE: SKY     :PK WND
================================================================================
1   2   3   4   5  6A  6B    7    8   9   10  11  12  13   14  15   16   17  18
                                     12Z  AVG MX 2MIN
DY MAX MIN AVG DEP HDD CDD  WTR  SNW DPTH SPD SPD DIR MIN PSBL S-S WX    SPD DR
================================================================================

 1  55  43  49  -9  16   0 0.97  0.0    0 13.7 26  50   M    M   8 1      34  40
 2  63  43  53  -6  12   0 0.00  0.0    0  7.6 13  30   M    M   3        18  10
 3  79  48  64   5   1   0 0.00  0.0    0  6.6 15 270   M    M   0        22 260
 4  80  55  68   9   0   3 0.00  0.0    0 11.1 20 190   M    M   1        27 180
 5  80  62  71  11   0   6    T  0.0    0 12.3 22 190   M    M   1        30 230
 6  75  57  66   6   0   1 0.00  0.0    0  8.2 16 190   M    M   3        19 190
 7  67  56  62   2   3   0 0.00  0.0    0  7.3 14  60   M    M   6 12     17  50
 8  71  56  64   4   1   0 0.00  0.0    0  7.4 15  70   M    M   7 12     17  60
 9  77  61  69   8   0   4 0.00  0.0    0  5.5 12 110   M    M   6 12     15  70
10  78  64  71  10   0   6 0.19  0.0    0  8.1 16 190   M    M   9 12     20 180
11  70  63  67   6   0   2 0.10  0.0    0 10.4 21 150   M    M   9 12     28 150
12  87  67  77  15   0  12 0.00  0.0    0 10.4 20 260   M    M   2 1      26 220
13  75  55  65   3   0   0 0.00  0.0    0 11.1 21 320   M    M   3        29 310
14  66  47  57  -5   8   0 0.00  0.0    0  7.5 17  60   M    M   2        21 100
15  68  46  57  -5   8   0 0.00  0.0    0  6.5 15 200   M    M   2        19 200
16  76  61  69   6   0   4    T  0.0    0 13.3 23 190   M    M   1        28 190
17  83  67  75  12   0  10    T  0.0    0  5.8 14 260   M    M   3        18 260
18  86  66  76  13   0  11 0.33  0.0    0  7.1 14  90   M    M   3 1      17  90
19  83  65  74  10   0   9 0.09  0.0    0  6.5 15 290   M    M   5 138    21 300
20  73  59  66   2   0   1 0.00  0.0    0  9.8 21 310   M    M   0        27 340
21  61  51  56  -8   9   0 1.05  0.0    0 10.4 18  60   M    M   8 1      23  60
22  72  50  61  -3   4   0 0.00  0.0    0  9.2 17 320   M    M   1 1      24 290
23  65  53  59  -6   6   0 0.00  0.0    0  7.9 13 140   M    M   0        17 170
24  70  54  62  -3   3   0 0.00  0.0    0 12.0 20 190   M    M   0        25 200
25  78  58  68   3   0   3 0.00  0.0    0 12.1 20 180   M    M   0        24 180
26  78  63  71   5   0   6 0.00  0.0    0 14.2 23 190   M    M   0        29 190
27  77  66  72   6   0   7 0.00  0.0    0 15.9 26 190   M    M   2        35 180
28  76  65  71   5   0   6 0.00  0.0    0 12.3 22 190   M    M   1        27 190
================================================================================
SM 2069 1601        71  91  2.73     0.0 270.2          M       86
================================================================================
AV 73.9 57.2                               9.7 FASTST   M    M   3    MAX(MPH)
                                 MISC ---->  # 26  50               # 35  180
================================================================================
NOTES:
# LAST OF SEVERAL OCCURRENCES

COLUMN 17 PEAK WIND IN M.P.H.

PRELIMINARY LOCAL CLIMATOLOGICAL DATA (WS FORM: F-6) , PAGE 2

                                          STATION:  WALLOPS ISLAND VA
                                          MONTH:    MAY
                                          YEAR:     2015
                                          LATITUDE:   37 55 N
                                          LONGITUDE:  75 28 W

[TEMPERATURE DATA]      [PRECIPITATION DATA]       SYMBOLS USED IN COLUMN 16

AVERAGE MONTHLY: 65.5   TOTAL FOR MONTH:   2.73    1 = FOG OR MIST
DPTR FM NORMAL:   3.2   DPTR FM NORMAL:    0.11    2 = FOG REDUCING VISIBILITY
HIGHEST:    87 ON 12    GRTST 24HR  1.18 ON 30- 1      TO 1/4 MILE OR LESS
LOWEST:     43 ON  2, 1                            3 = THUNDER
                        SNOW, ICE PELLETS, HAIL    4 = ICE PELLETS
                        TOTAL MONTH:   0.0 INCH    5 = HAIL
                        GRTST 24HR     0.0         6 = FREEZING RAIN OR DRIZZLE
                        GRTST DEPTH:   0           7 = DUSTSTORM OR SANDSTORM:
                                                       VSBY 1/2 MILE OR LESS
                                                   8 = SMOKE OR HAZE
[NO. OF DAYS WITH]      [WEATHER - DAYS WITH]      9 = BLOWING SNOW
                                                   X = TORNADO
MAX 32 OR BELOW:   0    0.01 INCH OR MORE:   6
MAX 90 OR ABOVE:   0    0.10 INCH OR MORE:   5
MIN 32 OR BELOW:   0    0.50 INCH OR MORE:   2
MIN  0 OR BELOW:   0    1.00 INCH OR MORE:   1

[HDD (BASE 65) ]
TOTAL THIS MO.    71    CLEAR  (SCALE 0-3)  20
DPTR FM NORMAL   -56    PTCLDY (SCALE 4-7)   6
TOTAL FM JUL 1  4407    CLOUDY (SCALE 8-10)  2
DPTR FM NORMAL   238

[CDD (BASE 65) ]
TOTAL THIS MO.    91
DPTR FM NORMAL    41    [PRESSURE DATA]
TOTAL FM JAN 1    91    HIGHEST SLP M ON M
DPTR FM NORMAL    30    LOWEST  SLP 29.72 ON  1

[REMARKS]
