000
CXUS54 KFWD 260730
CF6XBP
PRELIMINARY LOCAL CLIMATOLOGICAL DATA (WS FORM: F-6)

                                          STATION:   BRIDGEPORT
                                          MONTH:     MARCH
                                          YEAR:      2017
                                          LATITUDE:   33 10 N
                                          LONGITUDE:  96 30 W

  TEMPERATURE IN F:       :PCPN:    SNOW:  WIND      :SUNSHINE: SKY     :PK WND
================================================================================
1   2   3   4   5  6A  6B    7    8   9   10  11  12  13   14  15   16   17  18
                                     12Z  AVG MX 2MIN
DY MAX MIN AVG DEP HDD CDD  WTR  SNW DPTH SPD SPD DIR MIN PSBL S-S WX    SPD DR
================================================================================

 1  72  33  53   4  12   0 0.00  0.0    0 11.1 18 340   M    M   0        28 350
 2  65  27  46  -3  19   0 0.00  0.0    0  3.5 10 120   M    M   0        17 140
 3  70  32  51   2  14   0 0.00  0.0    0  5.9 14 190   M    M   0        20 190
 4  59  45  52   2  13   0 0.00  0.0    0 10.1 17 160   M    M   8 1      28 160
 5  64  53  59   9   6   0    M  0.0    0  7.6 12 160   M    M  10 1      20 160
 6  83  64  74  24   0   9 0.00  0.0    0 16.8 29 190   M    M   4        36 190
 7  71  39  55   5  10   0 0.00  0.0    0  7.8 15 200   M    M   1        27  10
 8  76  31  54   3  11   0 0.00  0.0    0  6.8 21 170   M    M   0        25 170
 9  81  55  68  17   0   3 0.00  0.0    0  9.0 16 190   M    M   4        23 190
10  69  53  61  10   4   0 0.00  0.0    0  4.1 13  60   M    M   8 1       M  M
11  73  45  59   7   6   0 0.00  0.0    0  6.4 15  60   M    M   7        23  30
12  51  40  46  -6  19   0 0.00  0.0    0  6.6 13  30   M    M  10        18  40
13  61  38  50  -2  15   0 0.00  0.0    0  8.2 18 340   M    M   4        23 340
14  66  29  48  -5  17   0 0.00  0.0    0  4.5 13  90   M    M   0        17  90
15  66  37  52  -1  13   0 0.00  0.0    0  7.4 13 120   M    M   2        17 120
16  73  46  60   7   5   0 0.00  0.0    0  9.6 20 170   M    M   5        27 180
17  83  65  74  20   0   9 0.00  0.0    0 10.9 18 190   M    M   6        28 190
18  85  56  71  17   0   6 0.00  0.0    0  5.1 12 140   M    M   2 1      17 140
19  87  55  71  17   0   6 0.00  0.0    0  8.0 16 200   M    M   1 12     23 200
20  91  55  73  18   0   8 0.00  0.0    0  9.6 18 200   M    M   0        27 190
21  89  56  73  18   0   8 0.00  0.0    0  8.6 15 190   M    M   0        21 190
22  85  56  71  16   0   6 0.00  0.0    0  4.9 12 140   M    M   2        20 150
23  85  63  74  18   0   9 0.00  0.0    0 15.2 22 170   M    M   1        37 170
24  82  59  71  15   0   6 0.02  0.0    0 14.3 24 160   M    M   3        35 240
25  71  47  59   3   6   0 0.00  0.0    0  7.4 16 290   M    M   1        29 290
================================================================================
SM 1858 1179       170  70  0.02     0.0 209.4          M       79
================================================================================
AV 74.3 47.2                               8.4 FASTST   M    M   3    MAX(MPH)
                                 MISC ---->    29   M                 37    M
================================================================================
NOTES:
# LAST OF SEVERAL OCCURRENCES

COLUMN 17 PEAK WIND IN M.P.H.

PRELIMINARY LOCAL CLIMATOLOGICAL DATA (WS FORM: F-6) , PAGE 2

                                          STATION:  BRIDGEPORT
                                          MONTH:    MARCH
                                          YEAR:     2017
                                          LATITUDE:   33 10 N
                                          LONGITUDE:  96 30 W

[TEMPERATURE DATA]      [PRECIPITATION DATA]       SYMBOLS USED IN COLUMN 16

AVERAGE MONTHLY: 60.7   TOTAL FOR MONTH:   0.02    1 = FOG OR MIST
DPTR FM NORMAL:   8.3   DPTR FM NORMAL:   -2.54    2 = FOG REDUCING VISIBILITY
HIGHEST:    91 ON 20    GRTST 24HR  0.02 ON 24-24      TO 1/4 MILE OR LESS
LOWEST:     27 ON  2                               3 = THUNDER
                        SNOW, ICE PELLETS, HAIL    4 = ICE PELLETS
                        TOTAL MONTH:   0.0 INCH    5 = HAIL
                        GRTST 24HR     0.0         6 = FREEZING RAIN OR DRIZZLE
                        GRTST DEPTH:   0           7 = DUSTSTORM OR SANDSTORM:
                                                       VSBY 1/2 MILE OR LESS
                                                   8 = SMOKE OR HAZE
[NO. OF DAYS WITH]      [WEATHER - DAYS WITH]      9 = BLOWING SNOW
                                                   X = TORNADO
MAX 32 OR BELOW:   0    0.01 INCH OR MORE:   1
MAX 90 OR ABOVE:   1    0.10 INCH OR MORE:   0
MIN 32 OR BELOW:   4    0.50 INCH OR MORE:   0
MIN  0 OR BELOW:   0    1.00 INCH OR MORE:   0

[HDD (BASE 65) ]
TOTAL THIS MO.   170    CLEAR  (SCALE 0-3)  14
DPTR FM NORMAL  -154    PTCLDY (SCALE 4-7)   8
TOTAL FM JUL 1  1729    CLOUDY (SCALE 8-10)  3
DPTR FM NORMAL -1017

[CDD (BASE 65) ]
TOTAL THIS MO.    70
DPTR FM NORMAL    64    [PRESSURE DATA]
TOTAL FM JAN 1    96    HIGHEST SLP M ON M
DPTR FM NORMAL    89    LOWEST  SLP M ON M

[REMARKS]
