000
CXUS54 KFWD 190730
CF6XBP
PRELIMINARY LOCAL CLIMATOLOGICAL DATA (WS FORM: F-6)

                                          STATION:   BRIDGEPORT
                                          MONTH:     DECEMBER
                                          YEAR:      2014
                                          LATITUDE:   33 10 N
                                          LONGITUDE:  96 30 W

  TEMPERATURE IN F:       :PCPN:    SNOW:  WIND      :SUNSHINE: SKY     :PK WND
================================================================================
1   2   3   4   5  6A  6B    7    8   9   10  11  12  13   14  15   16   17  18
                                     12Z  AVG MX 2MIN
DY MAX MIN AVG DEP HDD CDD  WTR  SNW DPTH SPD SPD DIR MIN PSBL S-S WX    SPD DR
================================================================================

 1  45  27  36 -11  29   0 0.00  0.0    0 11.8 18 330   M    M   6        25 340
 2  49  26  38  -8  27   0 0.00  0.0    0  3.2  7 300   M    M   7         M  M
 3  58  47  53   7  12   0 0.00  0.0    0  5.0 10 130   M    M  10         M  M
 4  68  55  62  16   3   0 0.00  0.0    0  6.2 12 180   M    M   8 1      18 170
 5  80  55  68  22   0   3 0.00  0.0    0  8.0 13 350   M    M   7 1      18 240
 6  68  47  58  13   7   0 0.00  0.0    0  7.3 13  10   M    M   5        16 350
 7  51  45  48   3  17   0 0.00  0.0    0  2.1  7 130   M    M  10 1       M  M
 8  56  36  46   1  19   0 0.00  0.0    0  1.7  6 310   M    M   7 12      M  M
 9  55  35  45   1  20   0 0.00  0.0    0  1.4  6 110   M    M   7 12      M  M
10  57  36  47   3  18   0 0.00  0.0    0  3.7  8 130   M    M   8 12      M  M
11  66  51  59  15   6   0 0.02  0.0    0  2.7  8 150   M    M  10         M  M
12  74  55  65  21   0   0 0.00  0.0    0  3.5  9 170   M    M   8 12      M  M
13  72  57  65  22   0   0 0.00  0.0    0  9.2 16 190   M    M   5        22 190
14  66  58  62  19   3   0 0.04  0.0    0 12.3 20 180   M    M   8        28 180
15  63  45  54  11  11   0 0.00  0.0    0  8.7 16 290   M    M   0        23 290
16  55  34  45   2  20   0 0.00  0.0    0  6.8 14 330   M    M   0        21 310
17  44  37  41  -2  24   0 0.42    M    0  4.5 10 100   M    M  10 13     17 100
18  51  40  46   4  19   0 0.00  0.0    0  3.2  7 110   M    M  10 1       M  M
================================================================================
SM 1078  786       235   3  0.48     0.0 101.3          M      126
================================================================================
AV 59.9 43.7                               5.6 FASTST   M    M   7    MAX(MPH)
                                 MISC ---->    20   M                 28    M
================================================================================
NOTES:
# LAST OF SEVERAL OCCURRENCES

COLUMN 17 PEAK WIND IN M.P.H.

PRELIMINARY LOCAL CLIMATOLOGICAL DATA (WS FORM: F-6) , PAGE 2

                                          STATION:  BRIDGEPORT
                                          MONTH:    DECEMBER
                                          YEAR:     2014
                                          LATITUDE:   33 10 N
                                          LONGITUDE:  96 30 W

[TEMPERATURE DATA]      [PRECIPITATION DATA]       SYMBOLS USED IN COLUMN 16

AVERAGE MONTHLY: 51.8   TOTAL FOR MONTH:   0.48    1 = FOG OR MIST
DPTR FM NORMAL:   7.4   DPTR FM NORMAL:   -0.78    2 = FOG REDUCING VISIBILITY
HIGHEST:    80 ON  5    GRTST 24HR  0.42 ON 17-17      TO 1/4 MILE OR LESS
LOWEST:     26 ON  2                               3 = THUNDER
                        SNOW, ICE PELLETS, HAIL    4 = ICE PELLETS
                        TOTAL MONTH:   0.0 INCH    5 = HAIL
                        GRTST 24HR     0.0         6 = FREEZING RAIN OR DRIZZLE
                        GRTST DEPTH:   0           7 = DUSTSTORM OR SANDSTORM:
                                                       VSBY 1/2 MILE OR LESS
                                                   8 = SMOKE OR HAZE
[NO. OF DAYS WITH]      [WEATHER - DAYS WITH]      9 = BLOWING SNOW
                                                   X = TORNADO
MAX 32 OR BELOW:   0    0.01 INCH OR MORE:   3
MAX 90 OR ABOVE:   0    0.10 INCH OR MORE:   1
MIN 32 OR BELOW:   2    0.50 INCH OR MORE:   0
MIN  0 OR BELOW:   0    1.00 INCH OR MORE:   0

[HDD (BASE 65) ]
TOTAL THIS MO.   235    CLEAR  (SCALE 0-3)   2
DPTR FM NORMAL  -136    PTCLDY (SCALE 4-7)  10
TOTAL FM JUL 1   710    CLOUDY (SCALE 8-10)  6
DPTR FM NORMAL  -165

[CDD (BASE 65) ]
TOTAL THIS MO.     3
DPTR FM NORMAL     3    [PRESSURE DATA]
TOTAL FM JAN 1  2426    HIGHEST SLP M ON M
DPTR FM NORMAL   259    LOWEST  SLP M ON M

[REMARKS]
