000
CXUS56 KPDT 201032
CF6YKM
PRELIMINARY LOCAL CLIMATOLOGICAL DATA (WS FORM: F-6)

                                          STATION:   YAKIMA WA
                                          MONTH:     APRIL
                                          YEAR:      2014
                                          LATITUDE:   46 34 N
                                          LONGITUDE: 120 32 W

  TEMPERATURE IN F:       :PCPN:    SNOW:  WIND      :SUNSHINE: SKY     :PK WND
================================================================================
1   2   3   4   5  6A  6B    7    8   9   10  11  12  13   14  15   16   17  18
                                     12Z  AVG MX 2MIN
DY MAX MIN AVG DEP HDD CDD  WTR  SNW DPTH SPD SPD DIR MIN PSBL S-S WX    SPD DR
================================================================================

 1  64  44  54   8  11   0 0.00  0.0    0  8.0 22 310   M    M   7        29  20
 2  67  38  53   6  12   0 0.00  0.0    0  7.2 18 280   M    M   0        22 300
 3  62  31  47   0  18   0 0.00  0.0    0  8.1 21 190   M    M   3        27 190
 4  63  35  49   2  16   0 0.00  0.0    0  7.6 25 270   M    M   5        29 300
 5  63  34  49   2  16   0 0.00  0.0    0  4.6 22 230   M    M   6        26 220
 6  71  38  55   8  10   0 0.00  0.0    0  6.5 24 270   M    M   4        29 280
 7  77  36  57  10   8   0 0.00  0.0    0  4.8 12 270   M    M   0        18 180
 8  79  36  58  10   7   0 0.00  0.0    0  8.2 25 310   M    M   2        35 240
 9  69  44  57   9   8   0 0.00  0.0    0  8.9 21 340   M    M   1        30 360
10  70  34  52   4  13   0 0.00  0.0    0  5.0 13 160   M    M   0        19 150
11  73  34  54   6  11   0 0.00  0.0    0  9.9 23 360   M    M   0        30 350
12  69  41  55   7  10   0    T  0.0    0  6.9 17  60   M    M   3        22  60
13  66  31  49   1  16   0 0.00  0.0    0  6.3 12 160   M    M   0        17 160
14  70  27  49   0  16   0 0.00  0.0    0  6.0 22 300   M    M   0        29 290
15  67  42  55   6  10   0 0.00  0.0    0  8.0 21 320   M    M   1 8      25 320
16  65  45  55   6  10   0    T    M    0  4.4 18 190   M    M   8        23 180
17  64  45  55   6  10   0 0.01  0.0    0  7.9 24 200   M    M   7        29 210
18  62  36  49   0  16   0 0.00  0.0    0  8.7 23 270   M    M   0        29 270
19  65  31  48  -2  17   0    T  0.0    0  9.0 29 220   M    M   3        36 220
================================================================================
SM 1286  702       235   0  0.01     0.0 136.0          M       50
================================================================================
AV 67.7 36.9                               7.2 FASTST   M    M   3    MAX(MPH)
                                 MISC ---->  # 29 220               # 36  220
================================================================================
NOTES:
# LAST OF SEVERAL OCCURRENCES

COLUMN 17 PEAK WIND IN M.P.H.

PRELIMINARY LOCAL CLIMATOLOGICAL DATA (WS FORM: F-6) , PAGE 2

                                          STATION:  YAKIMA WA
                                          MONTH:    APRIL
                                          YEAR:     2014
                                          LATITUDE:   46 34 N
                                          LONGITUDE: 120 32 W

[TEMPERATURE DATA]      [PRECIPITATION DATA]       SYMBOLS USED IN COLUMN 16

AVERAGE MONTHLY: 52.3   TOTAL FOR MONTH:   0.01    1 = FOG OR MIST
DPTR FM NORMAL:   4.4   DPTR FM NORMAL:   -0.32    2 = FOG REDUCING VISIBILITY
HIGHEST:    79 ON  8    GRTST 24HR  0.01 ON 17-17      TO 1/4 MILE OR LESS
LOWEST:     27 ON 14                               3 = THUNDER
                        SNOW, ICE PELLETS, HAIL    4 = ICE PELLETS
                        TOTAL MONTH:   0.0 INCH    5 = HAIL
                        GRTST 24HR     0.0         6 = FREEZING RAIN OR DRIZZLE
                        GRTST DEPTH:   0           7 = DUSTSTORM OR SANDSTORM:
                                                       VSBY 1/2 MILE OR LESS
                                                   8 = SMOKE OR HAZE
[NO. OF DAYS WITH]      [WEATHER - DAYS WITH]      9 = BLOWING SNOW
                                                   X = TORNADO
MAX 32 OR BELOW:   0    0.01 INCH OR MORE:   1
MAX 90 OR ABOVE:   0    0.10 INCH OR MORE:   0
MIN 32 OR BELOW:   4    0.50 INCH OR MORE:   0
MIN  0 OR BELOW:   0    1.00 INCH OR MORE:   0

[HDD (BASE 65) ]
TOTAL THIS MO.   235    CLEAR  (SCALE 0-3)  12
DPTR FM NORMAL   -88    PTCLDY (SCALE 4-7)   7
TOTAL FM JUL 1  5271    CLOUDY (SCALE 8-10)  0
DPTR FM NORMAL  -256

[CDD (BASE 65) ]
TOTAL THIS MO.     0
DPTR FM NORMAL     0    [PRESSURE DATA]
TOTAL FM JAN 1     0    HIGHEST SLP M ON M
DPTR FM NORMAL     0    LOWEST  SLP 29.69 ON  1

[REMARKS]
