925
CXUS51 KPBZ 280804
CF6ZZV
PRELIMINARY LOCAL CLIMATOLOGICAL DATA (WS FORM: F-6)

                                          STATION:   ZANESVILLE OH
                                          MONTH:     JUNE
                                          YEAR:      2017
                                          LATITUDE:   39 56 N
                                          LONGITUDE:  81 54 W

  TEMPERATURE IN F:       :PCPN:    SNOW:  WIND      :SUNSHINE: SKY     :PK WND
================================================================================
1   2   3   4   5  6A  6B    7    8   9   10  11  12  13   14  15   16   17  18
                                     12Z  AVG MX 2MIN
DY MAX MIN AVG DEP HDD CDD  WTR  SNW DPTH SPD SPD DIR MIN PSBL S-S WX    SPD DR
================================================================================

 1  77  50  64  -1   1   0 0.00  0.0    0  3.6 14 290   M    M   1        18 280
 2  80  49  65  -1   0   0 0.00    M    0  2.0 13 330   M    M   0 1      17 340
 3  84  50  67   1   0   2 0.00    M    0  3.3 13 320   M    M   0        16 320
 4  86  62  74   8   0   9 0.04  0.0    0  6.2 17 330   M    M   3 13     22 200
 5  78  58  68   2   0   3 0.13  0.0    0  4.0 15 360   M    M   6 13     21  20
 6  70  51  61  -6   4   0 0.00  0.0    0  7.1 15 340   M    M   4        20 350
 7  64  51  58  -9   7   0 0.00    M    0  4.8 13  40   M    M   7        17  60
 8  74  50  62  -5   3   0 0.00  0.0    0  4.0 15  30   M    M   4        20  30
 9  81  48  65  -3   0   0    T    M    M  4.8 14 260   M    M   1        19 260
10  84  62  73   5   0   8 0.00    M    M  8.1 16 210   M    M   1        23 200
11  87  64  76   8   0  11 0.00  0.0    0  7.1 16 210   M    M   1        24 220
12  89  62  76   8   0  11 0.00  0.0    0  5.1 14 220   M    M   1 1      20 200
13  86  65  76   7   0  11 0.60  0.0    0  3.5 16 240   M    M   2 138    27 230
14  88  62  75   6   0  10 0.03  0.0    0  3.5 16 240   M    M   1 1      23 250
15  85  69  77   8   0  12 0.00  0.0    0  4.7 13 270   M    M   4 1      16 280
16  89  68  79   9   0  14 0.00  0.0    0  3.9 18 150   M    M   2 1      24 140
17  89  65  77   7   0  12 0.00  0.0    0  5.0 14 180   M    M   0 1      19 180
18  89  72  81  11   0  16 0.64    M    0 10.7 20 200   M    M   3 13     25 210
19  81  60  71   1   0   6 0.57    M    0  6.8 24 300   M    M   7 1      33 310
20  80  57  69  -1   0   4 0.00    M    0  6.8 18 310   M    M   2        29 280
21  84  60  72   1   0   7 0.00    M    0  5.6 14 290   M    M   4        19 240
22  85  69  77   6   0  12 0.02  0.0    0  7.6 16 200   M    M   2        21 200
23  80  68  74   3   0   9 2.20  0.0    0  7.3 22 280   M    M   9 138    34 280
24  80  63  72   1   0   7 0.07  0.0    0  7.8 17 260   M    M   3 1      22 280
25  78  55  67  -5   0   2 0.00    M    0  8.0 23 260   M    M   1        32 270
26  72  51  62 -10   3   0 0.06    M    M  5.6 23 290   M    M   4        31 290
27  72  52  62 -10   3   0 0.00    M    0  5.4 14 310   M    M   4 1      18 280
================================================================================
SM 2192 1593        21 166  4.36     0.0 152.3          M       77
================================================================================
AV 81.2 59.0                               5.6 FASTST   M    M   3    MAX(MPH)
                                 MISC ---->  # 24 300               # 34  280
================================================================================
NOTES:
# LAST OF SEVERAL OCCURRENCES

COLUMN 17 PEAK WIND IN M.P.H.

PRELIMINARY LOCAL CLIMATOLOGICAL DATA (WS FORM: F-6) , PAGE 2

                                          STATION:  ZANESVILLE OH
                                          MONTH:    JUNE
                                          YEAR:     2017
                                          LATITUDE:   39 56 N
                                          LONGITUDE:  81 54 W

[TEMPERATURE DATA]      [PRECIPITATION DATA]       SYMBOLS USED IN COLUMN 16

AVERAGE MONTHLY: 70.1   TOTAL FOR MONTH:   4.36    1 = FOG OR MIST
DPTR FM NORMAL:   1.2   DPTR FM NORMAL:    0.72    2 = FOG REDUCING VISIBILITY
HIGHEST:    89 ON 18,17 GRTST 24HR  2.20 ON 23-23      TO 1/4 MILE OR LESS
LOWEST:     48 ON  9                               3 = THUNDER
                        SNOW, ICE PELLETS, HAIL    4 = ICE PELLETS
                        TOTAL MONTH:   0.0 INCH    5 = HAIL
                        GRTST 24HR     0.0         6 = FREEZING RAIN OR DRIZZLE
                        GRTST DEPTH:   0           7 = DUSTSTORM OR SANDSTORM:
                                                       VSBY 1/2 MILE OR LESS
                                                   8 = SMOKE OR HAZE
[NO. OF DAYS WITH]      [WEATHER - DAYS WITH]      9 = BLOWING SNOW
                                                   X = TORNADO
MAX 32 OR BELOW:   0    0.01 INCH OR MORE:  10
MAX 90 OR ABOVE:   0    0.10 INCH OR MORE:   5
MIN 32 OR BELOW:   0    0.50 INCH OR MORE:   4
MIN  0 OR BELOW:   0    1.00 INCH OR MORE:   1

[HDD (BASE 65) ]
TOTAL THIS MO.    21    CLEAR  (SCALE 0-3)  16
DPTR FM NORMAL    -9    PTCLDY (SCALE 4-7)  10
TOTAL FM JUL 1  4448    CLOUDY (SCALE 8-10)  1
DPTR FM NORMAL -1121

[CDD (BASE 65) ]
TOTAL THIS MO.   166
DPTR FM NORMAL    30    [PRESSURE DATA]
TOTAL FM JAN 1   253    HIGHEST SLP M ON M
DPTR FM NORMAL    63    LOWEST  SLP 29.64 ON 23

[REMARKS]
