000
CXUS52 KCHS 020029 CCA
CLACXM

CLIMATE REPORT...CORRECTED
NATIONAL WEATHER SERVICE CHARLESTON SC
1115 AM EST FRI JAN 1 2016

...................................

...THE DOWNTOWN CHARLESTON SC CLIMATE SUMMARY FOR THE YEAR OF 2015...

CLIMATE NORMAL PERIOD 1981 TO 2010
CLIMATE RECORD PERIOD 1870 TO 2015

WEATHER         OBSERVED          NORMAL  DEPART  LAST YEAR`S
                 VALUE   DATE(S)  VALUE   FROM    VALUE
                                          NORMAL
.............................................................
TEMPERATURE (F)
RECORD
 HIGH             104   06/02/1985
                        06/24/1944
 LOW                7   02/14/1899
HIGHEST            96   07/22                         MM
LOWEST             22   01/08                         MM
AVG. MAXIMUM     74.8              72.9     1.9       MM
AVG. MINIMUM     62.0              60.6     1.4       MM
MEAN             68.4              66.8     1.6       MM
DAYS MAX >= 90     22              27.6    -5.6       MM
DAYS MAX <= 32      0               0.2    -0.2       MM
DAYS MIN <= 32      7               7.4    -0.4       MM
DAYS MIN <= 0       0               0.0     0.0       MM

PRECIPITATION (INCHES)
RECORD
 MAXIMUM        74.87   1945
 MINIMUM        27.63   2000
TOTALS          66.84             44.42   22.42       MM
DAYS >= .01       117             101.2    15.8       MM
DAYS >= .10        83              65.4    17.6       MM
DAYS >= .50        34              27.6     6.4       MM
DAYS >= 1.00       20              12.1     7.9       MM
GREATEST
 24 HR. TOTAL    9.25

DEGREE_DAYS
HEATING TOTAL    1342              1734    -392       MM
 SINCE 7/1        195               606    -411       MM
..............................................................

WIND (MPH)
AVERAGE WIND SPEED              7.7
HIGHEST WIND SPEED/DIRECTION    32/100    DATE  10/03
HIGHEST GUST SPEED/DIRECTION    40/200    DATE  02/17



-  INDICATES NEGATIVE NUMBERS.
R  INDICATES RECORD WAS SET OR TIED.
MM INDICATES DATA IS MISSING.
T  INDICATES TRACE AMOUNT.

$$
