000
CXUS51 KRLX 192035
CLAHTS

CLIMATE REPORT
NATIONAL WEATHER SERVICE CHARLESTON WV
320 PM EST THU JAN 19 2017

...................................

...THE HUNTINGTON CLIMATE SUMMARY FOR THE YEAR OF 2016...

CLIMATE NORMAL PERIOD 1981 TO 2010
CLIMATE RECORD PERIOD 1897 TO 2017

WEATHER         OBSERVED          NORMAL  DEPART
                 VALUE   DATE(S)  VALUE   FROM
                                          NORMAL
................................................
TEMPERATURE (F)
HIGHEST            95   08/27
                        07/24
LOWEST              8   01/19
                        01/18
AVG. MAXIMUM     68.7              66.1     2.6
AVG. MINIMUM     47.7
MEAN             58.2              55.7     2.5
DAYS MAX >= 90     43
DAYS MAX <= 32     18
DAYS MIN <= 32     85
DAYS MIN <= 0       0

PRECIPITATION (INCHES)
TOTALS          46.30             42.59
DAILY AVG.       0.13
DAYS >= .01       141
DAYS >= .10        90
DAYS >= .50        29
DAYS >= 1.00       12
GREATEST
 24 HR. TOTAL    4.30   MM

SNOWFALL (INCHES)
TOTALS           25.6
SINCE 7/1         1.8               4.6

DEGREE_DAYS
HEATING TOTAL    3956              4513
 SINCE 7/1         MM              1755
COOLING TOTAL    1589              1135
 SINCE 1/1       1589              1135
.................................................

WIND (MPH)
AVERAGE WIND SPEED              5.2
HIGHEST WIND SPEED/DIRECTION    32/250    DATE  04/02
HIGHEST GUST SPEED/DIRECTION    56/230    DATE  04/02

AVERAGE RH (PERCENT)     67

WEATHER CONDITIONS. NUMBER OF DAYS WITH
THUNDERSTORM              0     MIXED PRECIP               0
HEAVY RAIN               51     RAIN                      75
LIGHT RAIN              145     FREEZING RAIN              1
LT FREEZING RAIN          1     HAIL                       2
HEAVY SNOW                6     SNOW                       7
LIGHT SNOW               34     SLEET                      0
FOG                     219     FOG W/VIS <= 1/4 MILE     53
HAZE                     49

-  INDICATES NEGATIVE NUMBERS.
R  INDICATES RECORD WAS SET OR TIED.
MM INDICATES DATA IS MISSING.
T  INDICATES TRACE AMOUNT.
...................................

$$
