000
CXUS51 KRLX 011100
CLAHTS

CLIMATE REPORT
NATIONAL WEATHER SERVICE CHARLESTON WV
545 AM EST MON JAN 1 2018

...................................

...THE HUNTINGTON WV CLIMATE SUMMARY FOR THE YEAR OF 2017...

CLIMATE NORMAL PERIOD 1981 TO 2010
CLIMATE RECORD PERIOD 1897 TO 2017

WEATHER         OBSERVED          NORMAL  DEPART  LAST YEAR`S
                 VALUE   DATE(S)  VALUE   FROM    VALUE
                                          NORMAL
.............................................................
TEMPERATURE (F)
RECORD
 HIGH             108   07/28/1930
 LOW              -24   02/09/1899
HIGHEST            92   07/22
                        07/13
LOWEST              8   12/31
                        01/09
AVG. MAXIMUM     67.9              66.1     1.8
AVG. MINIMUM     47.7              45.4     2.3
MEAN             57.8              55.7     2.1     58.2
DAYS MAX >= 90     15              21.5    -6.5       43
DAYS MAX <= 32     12              14.8    -2.8       18
DAYS MIN <= 32     78              89.1   -11.1       85
DAYS MIN <= 0       0               0.9    -0.9        0

PRECIPITATION (INCHES)
RECORD
 MAXIMUM        62.60   2011
 MINIMUM        21.77   1930
TOTALS          45.50             42.59    2.91    46.30
DAILY AVG.       0.12              0.12    0.00     0.13
DAYS >= .01       138             139.0    -1.0      141
DAYS >= .10        82              83.8    -1.8       90
DAYS >= .50        35              27.7     7.3       29
DAYS >= 1.00       11               8.8     2.2       12
GREATEST
 24 HR. TOTAL    2.66   MM                          4.30

SNOWFALL (INCHES)
RECORDS
 TOTAL           60.9   1936
                        -26215
 24 HR TOTAL     12.8   MM
 SNOW DEPTH        11   03/06/2015
TOTALS            4.5              23.6   -19.1     25.6
SINCE 7/1         0.4               4.6    -4.2      1.8
SNOWDEPTH AVG.      0
DAYS >= TRACE      19              18.9     0.1       35
DAYS >= 1.0         2               6.8    -4.8        6
GREATEST
 SNOW DEPTH         2   01/30                         10
                        01/06
 24 HR TOTAL      1.8   MM                           9.6

DEGREE_DAYS
HEATING TOTAL    3721              4513    -792     3956
 SINCE 7/1         MM              1755      MM       MM
COOLING TOTAL    1191              1135      56     1589
 SINCE 1/1       1191              1135      56     1589
..............................................................

WIND (MPH)
AVERAGE WIND SPEED              5.4
HIGHEST WIND SPEED/DIRECTION    29/290    DATE  11/18
HIGHEST GUST SPEED/DIRECTION    45/270    DATE  11/18

SKY COVER
POSSIBLE SUNSHINE (PERCENT)   MM
AVERAGE SKY COVER           0.40
NUMBER OF DAYS FAIR          161
NUMBER OF DAYS PC            134
NUMBER OF DAYS CLOUDY         70

AVERAGE RH (PERCENT)     68

WEATHER CONDITIONS. NUMBER OF DAYS WITH
THUNDERSTORM              0     MIXED PRECIP               0
HEAVY RAIN               42     RAIN                      73
LIGHT RAIN              143     FREEZING RAIN              0
LT FREEZING RAIN          0     HAIL                       0
HEAVY SNOW                0     SNOW                       5
LIGHT SNOW               20     SLEET                      0
FOG                     205     FOG W/VIS <= 1/4 MILE     58
HAZE                     70

-  INDICATES NEGATIVE NUMBERS.
R  INDICATES RECORD WAS SET OR TIED.
MM INDICATES DATA IS MISSING.
T  INDICATES TRACE AMOUNT.

$$
