000
CXUS51 KALY 011618 CCA
CLAPSF

CLIMATE REPORT
NATIONAL WEATHER SERVICE ALBANY NY
1031 AM EST SUN JAN 1 2017

...................................

...THE PITTSFIELD MA CLIMATE SUMMARY FOR THE YEAR OF 2016...

CLIMATE NORMAL PERIOD 1981 TO 2010
CLIMATE RECORD PERIOD 9999 TO 9999

WEATHER         OBSERVED          NORMAL  DEPART  LAST YEAR`S
                 VALUE   DATE(S)  VALUE   FROM    VALUE  DATE(S)
                                          NORMAL
................................................................
TEMPERATURE (F)
HIGHEST            90   08/13                         88  09/08
                        07/22                             09/07
                                                          08/18
LOWEST            -19   02/14                        -14  02/21
AVG. MAXIMUM     57.9              55.3     2.6     56.1
AVG. MINIMUM     37.0              35.4     1.6     35.3
MEAN             47.4              45.3     2.1     45.7
DAYS MAX >= 90      2               1.3     0.7        0
DAYS MAX <= 32     41              56.2   -15.2       61
DAYS MIN <= 32    149             157.3    -8.3      142
DAYS MIN <= 0       7               9.2    -2.2       27

PRECIPITATION (INCHES)
TOTALS          34.96             45.38  -10.42    40.63
DAILY AVG.       0.09              0.12   -0.03     0.11
DAYS >= .01       126                                130
DAYS >= .10        76                                 83
DAYS >= .50        21                                 27
DAYS >= 1.00        7                                 10
GREATEST
 24 HR. TOTAL    1.97   05/30 TO 05/30

DEGREE_DAYS
HEATING TOTAL    6640              7461    -821     7232
 SINCE 7/1       2585              2838    -253     1373
COOLING TOTAL     432               291     141      361
 SINCE 1/1        432               290     142      361

FREEZE DATES
EARLIEST                        10/04
LATEST                          05/07
.................................................................

WIND (MPH)
AVERAGE WIND SPEED              6.8
HIGHEST WIND SPEED/DIRECTION    39/290    DATE  04/03
HIGHEST GUST SPEED/DIRECTION    53/260    DATE  04/02


WEATHER CONDITIONS. NUMBER OF DAYS WITH
THUNDERSTORM             29     MIXED PRECIP               0
HEAVY RAIN               29     RAIN                      55
LIGHT RAIN              124     FREEZING RAIN              2
LT FREEZING RAIN          5     HAIL                       0
HEAVY SNOW                5     SNOW                      12
LIGHT SNOW               63     SLEET                      0
FOG                     199     FOG W/VIS <= 1/4 MILE     59
HAZE                     32

-  INDICATES NEGATIVE NUMBERS.
R  INDICATES RECORD WAS SET OR TIED.
MM INDICATES DATA IS MISSING.
T  INDICATES TRACE AMOUNT.

$$
