000
CXUS53 KARX 010759
CLARST

MKECLMRST 000
TTAA00 KARX 010758


CLIMATE REPORT
NATIONAL WEATHER SERVICE LA CROSSE WI
158 AM CST MON JAN 1 2018

...................................

...THE ROCHESTER MN CLIMATE SUMMARY FOR THE YEAR OF 2017...

CLIMATE NORMAL PERIOD 1981 TO 2010
CLIMATE RECORD PERIOD 1886 TO 2017

WEATHER         OBSERVED          NORMAL  DEPART
                 VALUE   DATE(S)  VALUE   FROM
                                          NORMAL
................................................
TEMPERATURE (F)
RECORD
 HIGH             108   07/14/1936
 LOW              -42   01/07/1887
HIGHEST            96   06/11        MM      MM
LOWEST            -17   12/31        MM      MM
AVG. MAXIMUM     54.8              54.7     0.1
AVG. MINIMUM     36.9              36.2     0.7
MEAN             45.9              45.4     0.5
DAYS MAX >= 90      5               6.1    -1.1
DAYS MAX <= 32     67              71.1    -4.1
DAYS MIN <= 32    140             148.8    -8.8
DAYS MIN <= 0      17              24.0    -7.0

PRECIPITATION (INCHES)
RECORD
 MAXIMUM        41.76   2013
 MINIMUM        24.85   2012
TOTALS          32.69             33.02   -0.33
DAILY AVG.       0.09              0.09    0.00
DAYS >= .01       127             120.6     6.4
DAYS >= .10        64              62.2     1.8
DAYS >= .50        20              20.5    -0.5
DAYS >= 1.00        8               6.9     1.1
GREATEST
 24 HR. TOTAL    2.01   MM
 STORM TOTAL     1.19
 (MM/DD(HH))            MM

SNOWFALL (INCHES)
RECORDS
 TOTAL           73.9   2013
 24 HR TOTAL     15.0   MM
TOTALS           42.5              51.9    -9.4
 LIQUID EQUIV    4.25                MM      MM
SINCE 7/1        10.5              19.4    -8.9
 LIQUID 7/1      1.05
DAYS >= TRACE      57              39.9    17.1
DAYS >= 1.0        12              15.2    -3.2
GREATEST
 SNOW DEPTH        10   02/27
                        02/25
                        02/26
 24 HR TOTAL      6.4   MM
 STORM TOTAL       MM
 (MM/DD(HH))            MM

DEGREE_DAYS
HEATING TOTAL    7359              7720    -361
 SINCE 7/1         MM              3078      MM
COOLING TOTAL     494               585     -91
 SINCE 1/1        494               585     -91

FREEZE DATES
RECORD
 EARLIEST     MM
 LATEST       MM
EARLIEST                        MM
LATEST                          MM
.................................................

WIND (MPH)
AVERAGE WIND SPEED              11.6
HIGHEST WIND SPEED/DIRECTION    45/190    DATE  05/17
HIGHEST GUST SPEED/DIRECTION    66/170    DATE  05/17

SKY COVER
POSSIBLE SUNSHINE (PERCENT)   MM
AVERAGE SKY COVER           0.40
NUMBER OF DAYS FAIR          182
NUMBER OF DAYS PC            106
NUMBER OF DAYS CLOUDY         77

AVERAGE RH (PERCENT)     76

WEATHER CONDITIONS. NUMBER OF DAYS WITH
THUNDERSTORM              0     MIXED PRECIP               0
HEAVY RAIN               28     RAIN                      43
LIGHT RAIN              130     FREEZING RAIN              1
LT FREEZING RAIN         10     HAIL                       0
HEAVY SNOW                4     SNOW                      10
LIGHT SNOW               56     SLEET                      1
FOG                     170     FOG W/VIS <= 1/4 MILE     30
HAZE                     26

-  INDICATES NEGATIVE NUMBERS.
R  INDICATES RECORD WAS SET OR TIED.
MM INDICATES DATA IS MISSING.
T  INDICATES TRACE AMOUNT.

$$
