000
CDUS41 KBTV 240534
CLI1V4


CLIMATE REPORT
NATIONAL WEATHER SERVICE BURLINGTON VT
131 AM EDT THU APR 24 2014


...................................

...THE ST. JOHNSBURY VT CLIMATE SUMMARY FOR APRIL 23 2014...

CLIMATE NORMAL PERIOD 1981 TO 2010
CLIMATE RECORD PERIOD 1894 TO 2014


WEATHER ITEM   OBSERVED TIME   RECORD YEAR NORMAL DEPARTURE LAST
                VALUE   (LST)  VALUE       VALUE  FROM      YEAR
                                                  NORMAL
..................................................................
TEMPERATURE (F)
 YESTERDAY
  MAXIMUM         51        MM  83    2007  60     -9       48
  MINIMUM         40        MM  18    1933  36      4       25
  AVERAGE         46                        48     -2       37

PRECIPITATION (IN)
  YESTERDAY        0.00          0.90 2005   0.10  -0.10     0.00
  MONTH TO DATE    2.64                      2.16   0.48     2.42
  SINCE MAR 1      5.51                      4.67   0.84     4.34
  SINCE JAN 1     10.64                      9.35   1.29     7.72

DEGREE DAYS
 HEATING
  YESTERDAY       19                        17      2       28
  MONTH TO DATE  534                       509     25      586
  SINCE MAR 1   1955                      1585    370     1640
  SINCE JUL 1   7987                      7309    678     7118

 COOLING
  YESTERDAY        0                         0      0        0
  MONTH TO DATE    0                         0      0        0
  SINCE MAR 1      0                         0      0        0
  SINCE JAN 1      0                         0      0        0
..................................................................


WIND (MPH)
  HIGHEST WIND SPEED    MM   HIGHEST WIND DIRECTION    MM
  HIGHEST GUST SPEED    MM   HIGHEST GUST DIRECTION    MM
  AVERAGE WIND SPEED    MM


SKY COVER
  AVERAGE SKY COVER 0.0


WEATHER CONDITIONS
 THE FOLLOWING WEATHER WAS RECORDED YESTERDAY.
  NO SIGNIFICANT WEATHER WAS OBSERVED.


RELATIVE HUMIDITY (PERCENT)
 HIGHEST    93           100 AM
 LOWEST     58           500 PM
 AVERAGE    76

..........................................................


THE ST. JOHNSBURY VT CLIMATE NORMALS FOR TODAY
                         NORMAL    RECORD    YEAR
 MAXIMUM TEMPERATURE (F)   61        81      2001
                                             1942
 MINIMUM TEMPERATURE (F)   36        21      1930


SUNRISE AND SUNSET
APRIL 24 2014.........SUNRISE   549 AM EDT   SUNSET   744 PM EDT
APRIL 25 2014.........SUNRISE   548 AM EDT   SUNSET   745 PM EDT


-  INDICATES NEGATIVE NUMBERS.
R  INDICATES RECORD WAS SET OR TIED.
MM INDICATES DATA IS MISSING.
T  INDICATES TRACE AMOUNT.




$$
