000
CDUS41 KBTV 280539
CLI1V4


CLIMATE REPORT
NATIONAL WEATHER SERVICE BURLINGTON VT
137 AM EDT TUE JUL 28 2015


...................................

...THE ST. JOHNSBURY VT CLIMATE SUMMARY FOR JULY 27 2015...

CLIMATE NORMAL PERIOD 1981 TO 2010
CLIMATE RECORD PERIOD 1894 TO 2015


WEATHER ITEM   OBSERVED TIME   RECORD YEAR NORMAL DEPARTURE LAST
                VALUE   (LST)  VALUE       VALUE  FROM      YEAR
                                                  NORMAL
..................................................................
TEMPERATURE (F)
 YESTERDAY
  MAXIMUM         86    316 PM  95    1949  81      5       75
  MINIMUM         67    513 AM  42    2001  59      8       56
                                      1923
  AVERAGE         77                        70      7       66

PRECIPITATION (IN)
  YESTERDAY        0.00          1.45 1930   0.14  -0.14     1.29
  MONTH TO DATE    5.25                      3.53   1.72     5.72
  SINCE JUN 1     12.95                      7.54   5.41     8.99
  SINCE JAN 1     24.32                     20.95   3.37    24.69

DEGREE DAYS
 HEATING
  YESTERDAY        0                         0      0        0
  MONTH TO DATE   29                        10     19        8
  SINCE JUN 1    138                        82     56       77
  SINCE JUL 1     29                        10     19        8

 COOLING
  YESTERDAY       12                         5      7        1
  MONTH TO DATE  105                       150    -45      111
  SINCE JUN 1    138                       240   -102      158
  SINCE JAN 1    176                       258    -82      162
..................................................................


WIND (MPH)
  HIGHEST WIND SPEED    MM   HIGHEST WIND DIRECTION    MM
  HIGHEST GUST SPEED    MM   HIGHEST GUST DIRECTION    MM
  AVERAGE WIND SPEED    MM


SKY COVER
  AVERAGE SKY COVER 0.0


WEATHER CONDITIONS
 THE FOLLOWING WEATHER WAS RECORDED YESTERDAY.
  NO SIGNIFICANT WEATHER WAS OBSERVED.


RELATIVE HUMIDITY (PERCENT)
 HIGHEST    93           200 AM
 LOWEST     44           500 PM
 AVERAGE    69

..........................................................


THE ST. JOHNSBURY VT CLIMATE NORMALS FOR TODAY
                         NORMAL    RECORD    YEAR
 MAXIMUM TEMPERATURE (F)   81        99      1909
 MINIMUM TEMPERATURE (F)   59        40      1903


SUNRISE AND SUNSET
JULY 28 2015..........SUNRISE   530 AM EDT   SUNSET   818 PM EDT
JULY 29 2015..........SUNRISE   531 AM EDT   SUNSET   817 PM EDT


-  INDICATES NEGATIVE NUMBERS.
R  INDICATES RECORD WAS SET OR TIED.
MM INDICATES DATA IS MISSING.
T  INDICATES TRACE AMOUNT.




$$
