000
CDUS41 KBTV 241245
CLI1V4


CLIMATE REPORT
NATIONAL WEATHER SERVICE BURLINGTON VT
845 AM EDT FRI OCT 24 2014


...................................

...THE ST. JOHNSBURY VT CLIMATE SUMMARY FOR OCTOBER 23 2014...

CLIMATE NORMAL PERIOD 1981 TO 2010
CLIMATE RECORD PERIOD 1894 TO 2014


WEATHER ITEM   OBSERVED TIME   RECORD YEAR NORMAL DEPARTURE LAST
                VALUE   (LST)  VALUE       VALUE  FROM      YEAR
                                                  NORMAL
..................................................................
TEMPERATURE (F)
 YESTERDAY
  MAXIMUM         49        MM  80    1979  55     -6       51
  MINIMUM         45        MM  19    1955  34     11       30
  AVERAGE         47                        44      3       41

PRECIPITATION (IN)
  YESTERDAY        0.59          1.21 1999   0.12   0.47     0.00
  MONTH TO DATE    4.34                      2.91   1.43     1.62
  SINCE SEP 1      5.77                      6.30  -0.53     5.27
  SINCE JAN 1     33.21                     32.06   1.15    30.24

DEGREE DAYS
 HEATING
  YESTERDAY       18                        21     -3       24
  MONTH TO DATE  289                       377    -88      288
  SINCE SEP 1    516                       561    -45      536
  SINCE JUL 1    573                       611    -38      596

 COOLING
  YESTERDAY        0                         0      0        0
  MONTH TO DATE    5                         0      5        0
  SINCE SEP 1     33                        34     -1       40
  SINCE JAN 1    252                       432   -180      407
..................................................................


WIND (MPH)
  HIGHEST WIND SPEED    MM   HIGHEST WIND DIRECTION    MM
  HIGHEST GUST SPEED    MM   HIGHEST GUST DIRECTION    MM
  AVERAGE WIND SPEED    MM


SKY COVER
  AVERAGE SKY COVER 0.0


WEATHER CONDITIONS
 THE FOLLOWING WEATHER WAS RECORDED YESTERDAY.
  NO SIGNIFICANT WEATHER WAS OBSERVED.


RELATIVE HUMIDITY (PERCENT)
 HIGHEST   100          1200 PM
 LOWEST     77           700 AM
 AVERAGE    89

..........................................................


THE ST. JOHNSBURY VT CLIMATE NORMALS FOR TODAY
                         NORMAL    RECORD    YEAR
 MAXIMUM TEMPERATURE (F)   55        78      1979
 MINIMUM TEMPERATURE (F)   34        17      1969


SUNRISE AND SUNSET
OCTOBER 24 2014.......SUNRISE   715 AM EDT   SUNSET   549 PM EDT
OCTOBER 25 2014.......SUNRISE   716 AM EDT   SUNSET   548 PM EDT


-  INDICATES NEGATIVE NUMBERS.
R  INDICATES RECORD WAS SET OR TIED.
MM INDICATES DATA IS MISSING.
T  INDICATES TRACE AMOUNT.




$$
