000
CDUS41 KBTV 270526
CLI1V4


CLIMATE REPORT
NATIONAL WEATHER SERVICE BURLINGTON VT
125 AM EDT WED MAY 27 2015


...................................

...THE ST. JOHNSBURY VT CLIMATE SUMMARY FOR MAY 26 2015...

CLIMATE NORMAL PERIOD 1981 TO 2010
CLIMATE RECORD PERIOD 1894 TO 2015


WEATHER ITEM   OBSERVED TIME   RECORD YEAR NORMAL DEPARTURE LAST
                VALUE   (LST)  VALUE       VALUE  FROM      YEAR
                                                  NORMAL
..................................................................
TEMPERATURE (F)
 YESTERDAY
  MAXIMUM         87        MM  89    2010  72     15       69
  MINIMUM         60        MM  28    1956  48     12       53
  AVERAGE         74                        60     14       61

PRECIPITATION (IN)
  YESTERDAY        0.00          4.55 2011   0.11  -0.11     0.21
  MONTH TO DATE    1.70                      2.78  -1.08     3.39
  SINCE MAR 1      5.49                      8.15  -2.66     9.34
  SINCE JAN 1     10.05                     12.83  -2.78    14.47

DEGREE DAYS
 HEATING
  YESTERDAY        0                         6     -6        4
  MONTH TO DATE  178                       257    -79      248
  SINCE MAR 1   2155                      1952    203     2345
  SINCE JUL 1   8220                      7676    544     8377

 COOLING
  YESTERDAY        9                         1      8        0
  MONTH TO DATE   21                         9     12        4
  SINCE MAR 1     21                        10     11        4
  SINCE JAN 1     21                        10     11        4
..................................................................


WIND (MPH)
  HIGHEST WIND SPEED    MM   HIGHEST WIND DIRECTION    MM
  HIGHEST GUST SPEED    MM   HIGHEST GUST DIRECTION    MM
  AVERAGE WIND SPEED    MM


SKY COVER
  AVERAGE SKY COVER 0.0


WEATHER CONDITIONS
 THE FOLLOWING WEATHER WAS RECORDED YESTERDAY.
  NO SIGNIFICANT WEATHER WAS OBSERVED.


RELATIVE HUMIDITY (PERCENT)
 HIGHEST    97          1200 AM
 LOWEST     35           400 PM
 AVERAGE    66

..........................................................


THE ST. JOHNSBURY VT CLIMATE NORMALS FOR TODAY
                         NORMAL    RECORD    YEAR
 MAXIMUM TEMPERATURE (F)   72        89      1914
 MINIMUM TEMPERATURE (F)   48        27      1969


SUNRISE AND SUNSET
MAY 27 2015...........SUNRISE   510 AM EDT   SUNSET   821 PM EDT
MAY 28 2015...........SUNRISE   509 AM EDT   SUNSET   822 PM EDT


-  INDICATES NEGATIVE NUMBERS.
R  INDICATES RECORD WAS SET OR TIED.
MM INDICATES DATA IS MISSING.
T  INDICATES TRACE AMOUNT.




$$
