000
CDUS41 KBTV 270540
CLI1V4


CLIMATE REPORT
NATIONAL WEATHER SERVICE BURLINGTON VT
140 AM EDT THU APR 27 2017


...................................

...THE ST. JOHNSBURY VT CLIMATE SUMMARY FOR APRIL 26 2017...

CLIMATE NORMAL PERIOD 1981 TO 2010
CLIMATE RECORD PERIOD 1894 TO 2017


WEATHER ITEM   OBSERVED TIME   RECORD YEAR NORMAL DEPARTURE LAST
                VALUE   (LST)  VALUE       VALUE  FROM      YEAR
                                                  NORMAL
..................................................................
TEMPERATURE (F)
 YESTERDAY
  MAXIMUM         64    515 PM  81    1915  62      2       40
  MINIMUM         47    532 AM  19    1919  37     10       30
  AVERAGE         56                        49      7       35

PRECIPITATION (IN)
  YESTERDAY        0.04          1.62 1945   0.09  -0.05     0.34
  MONTH TO DATE    2.85                      2.45   0.40     2.32
  SINCE MAR 1      6.30                      4.96   1.34     4.80
  SINCE JAN 1     12.04                      9.64   2.40     9.54

DEGREE DAYS
 HEATING
  YESTERDAY        9                        16     -7       30
  MONTH TO DATE  514                       558    -44      642
  SINCE MAR 1   1760                      1634    126     1569
  SINCE JUL 1   6773                      7358   -585     6454

 COOLING
  YESTERDAY        0                         0      0        0
  MONTH TO DATE    0                         0      0        0
  SINCE MAR 1      0                         0      0        0
  SINCE JAN 1      0                         0      0        0
..................................................................


WIND (MPH)
  HIGHEST WIND SPEED    MM   HIGHEST WIND DIRECTION    MM
  HIGHEST GUST SPEED    MM   HIGHEST GUST DIRECTION    MM
  AVERAGE WIND SPEED    MM


SKY COVER
  AVERAGE SKY COVER 0.0


WEATHER CONDITIONS
 THE FOLLOWING WEATHER WAS RECORDED YESTERDAY.
  NO SIGNIFICANT WEATHER WAS OBSERVED.


RELATIVE HUMIDITY (PERCENT)
 HIGHEST   100           300 AM
 LOWEST     78           100 PM
 AVERAGE    89

..........................................................


THE ST. JOHNSBURY VT CLIMATE NORMALS FOR TODAY
                         NORMAL    RECORD    YEAR
 MAXIMUM TEMPERATURE (F)   62        88      1990
 MINIMUM TEMPERATURE (F)   37        18      1972


SUNRISE AND SUNSET
APRIL 27 2017.........SUNRISE   544 AM EDT   SUNSET   748 PM EDT
APRIL 28 2017.........SUNRISE   543 AM EDT   SUNSET   749 PM EDT


-  INDICATES NEGATIVE NUMBERS.
R  INDICATES RECORD WAS SET OR TIED.
MM INDICATES DATA IS MISSING.
T  INDICATES TRACE AMOUNT.




$$
