000
CDUS41 KBTV 240539
CLI1V4

CLIMATE REPORT
NATIONAL WEATHER SERVICE BURLINGTON VT
136 AM EDT TUE MAY 24 2016

...................................

...THE ST. JOHNSBURY VT CLIMATE SUMMARY FOR MAY 23 2016...

CLIMATE NORMAL PERIOD 1981 TO 2010
CLIMATE RECORD PERIOD 1894 TO 2016


WEATHER ITEM   OBSERVED TIME   RECORD YEAR NORMAL DEPARTURE LAST
                VALUE   (LST)  VALUE       VALUE  FROM      YEAR
                                                  NORMAL
..................................................................
TEMPERATURE (F)
 YESTERDAY
  MAXIMUM         80        MM  92    1977  71      9       60
  MINIMUM         48        MM  27    1935  47      1       34
  AVERAGE         64                        59      5       47

PRECIPITATION (IN)
  YESTERDAY        0.00          1.23 1974   0.11  -0.11     0.00
  MONTH TO DATE    2.64                      2.43   0.21     1.56
  SINCE MAR 1      7.44                      7.80  -0.36     5.35
  SINCE JAN 1     12.18                     12.48  -0.30     9.91

DEGREE DAYS
 HEATING
  YESTERDAY        1                         7     -6       18
  MONTH TO DATE  285                       237     48      168
  SINCE MAR 1   1949                      1932     17     2145
  SINCE JUL 1   6834                      7656   -822     8210

 COOLING
  YESTERDAY        0                         1     -1        0
  MONTH TO DATE    0                         6     -6       12
  SINCE MAR 1      0                         7     -7       12
  SINCE JAN 1      0                         7     -7       12
..................................................................


WIND (MPH)
  HIGHEST WIND SPEED    MM   HIGHEST WIND DIRECTION    MM
  HIGHEST GUST SPEED    MM   HIGHEST GUST DIRECTION    MM
  AVERAGE WIND SPEED    MM


SKY COVER
  AVERAGE SKY COVER 0.0


WEATHER CONDITIONS
 THE FOLLOWING WEATHER WAS RECORDED YESTERDAY.
  NO SIGNIFICANT WEATHER WAS OBSERVED.


RELATIVE HUMIDITY (PERCENT)
 HIGHEST    96           100 AM
 LOWEST     19           400 PM
 AVERAGE    58

..........................................................


THE ST. JOHNSBURY VT CLIMATE NORMALS FOR TODAY
                         NORMAL    RECORD    YEAR
 MAXIMUM TEMPERATURE (F)   71        91      1975
 MINIMUM TEMPERATURE (F)   47        24      1903


SUNRISE AND SUNSET
MAY 24 2016...........SUNRISE   512 AM EDT   SUNSET   819 PM EDT
MAY 25 2016...........SUNRISE   511 AM EDT   SUNSET   820 PM EDT


-  INDICATES NEGATIVE NUMBERS.
R  INDICATES RECORD WAS SET OR TIED.
MM INDICATES DATA IS MISSING.
T  INDICATES TRACE AMOUNT.

$$
