000
CDUS41 KBTV 230611
CLI1V4


CLIMATE REPORT
NATIONAL WEATHER SERVICE BURLINGTON VT
209 AM EDT TUE SEP 23 2014


...................................

...THE ST. JOHNSBURY VT CLIMATE SUMMARY FOR SEPTEMBER 22 2014...

CLIMATE NORMAL PERIOD 1981 TO 2010
CLIMATE RECORD PERIOD 1894 TO 2014


WEATHER ITEM   OBSERVED TIME   RECORD YEAR NORMAL DEPARTURE LAST
                VALUE   (LST)  VALUE       VALUE  FROM      YEAR
                                                  NORMAL
..................................................................
TEMPERATURE (F)
 YESTERDAY
  MAXIMUM         60        MM  90    1957  68     -8       63
  MINIMUM         47        MM  27    1904  47      0       47
  AVERAGE         54                        58     -4       55

PRECIPITATION (IN)
  YESTERDAY        0.12          1.31 1983   0.13  -0.01     0.59
  MONTH TO DATE    1.42                      2.37  -0.95     3.65
  SINCE SEP 1      1.42                      2.37  -0.95     3.65
  SINCE JAN 1     28.86                     28.13   0.73    28.62

DEGREE DAYS
 HEATING
  YESTERDAY       11                         8      3       10
  MONTH TO DATE  189                       106     83      165
  SINCE SEP 1    189                       106     83      165
  SINCE JUL 1    246                       156     90      225

 COOLING
  YESTERDAY        0                         1     -1        0
  MONTH TO DATE   26                        33     -7       40
  SINCE SEP 1     26                        33     -7       40
  SINCE JAN 1    245                       431   -186      407
..................................................................


WIND (MPH)
  HIGHEST WIND SPEED    MM   HIGHEST WIND DIRECTION    MM
  HIGHEST GUST SPEED    MM   HIGHEST GUST DIRECTION    MM
  AVERAGE WIND SPEED    MM


SKY COVER
  AVERAGE SKY COVER 0.0


WEATHER CONDITIONS
 THE FOLLOWING WEATHER WAS RECORDED YESTERDAY.
  NO SIGNIFICANT WEATHER WAS OBSERVED.


RELATIVE HUMIDITY (PERCENT)
 HIGHEST   100          1200 AM
 LOWEST     61           500 PM
 AVERAGE    81

..........................................................


THE ST. JOHNSBURY VT CLIMATE NORMALS FOR TODAY
                         NORMAL    RECORD    YEAR
 MAXIMUM TEMPERATURE (F)   68        90      1914
 MINIMUM TEMPERATURE (F)   46        22      1904


SUNRISE AND SUNSET
SEPTEMBER 23 2014.....SUNRISE   636 AM EDT   SUNSET   644 PM EDT
SEPTEMBER 24 2014.....SUNRISE   637 AM EDT   SUNSET   642 PM EDT


-  INDICATES NEGATIVE NUMBERS.
R  INDICATES RECORD WAS SET OR TIED.
MM INDICATES DATA IS MISSING.
T  INDICATES TRACE AMOUNT.




$$
