000
CDUS41 KBTV 010544
CLI1V4


CLIMATE REPORT
NATIONAL WEATHER SERVICE BURLINGTON VT
142 AM EDT MON SEP 1 2014


...................................

...THE ST. JOHNSBURY VT CLIMATE SUMMARY FOR AUGUST 31 2014...

CLIMATE NORMAL PERIOD 1981 TO 2010
CLIMATE RECORD PERIOD 1894 TO 2014


WEATHER ITEM   OBSERVED TIME   RECORD YEAR NORMAL DEPARTURE LAST
                VALUE   (LST)  VALUE       VALUE  FROM      YEAR
                                                  NORMAL
..................................................................
TEMPERATURE (F)
 YESTERDAY
  MAXIMUM         71    453 PM  91    1973  76     -5       76
  MINIMUM         63    358 AM  33    1965  55      8       67
  AVERAGE         67                        65      2       72

PRECIPITATION (IN)
  YESTERDAY        0.08          2.07 2005   0.10  -0.02     0.08
  MONTH TO DATE    1.78                      4.22  -2.44     2.53
  SINCE JUN 1     11.74                     12.35  -0.61    12.59
  SINCE JAN 1     27.44                     25.76   1.68    24.97

DEGREE DAYS
 HEATING
  YESTERDAY        0                         2     -2        0
  MONTH TO DATE   39                        37      2       51
  SINCE JUN 1    126                       122      4      173
  SINCE JUL 1     57                        50      7       60

 COOLING
  YESTERDAY        2                         3     -1        7
  MONTH TO DATE   57                       121    -64       79
  SINCE JUN 1    215                       380   -165      351
  SINCE JAN 1    219                       398   -179      367
..................................................................


WIND (MPH)
  HIGHEST WIND SPEED    MM   HIGHEST WIND DIRECTION    MM
  HIGHEST GUST SPEED    MM   HIGHEST GUST DIRECTION    MM
  AVERAGE WIND SPEED    MM


SKY COVER
  AVERAGE SKY COVER 0.0


WEATHER CONDITIONS
 THE FOLLOWING WEATHER WAS RECORDED YESTERDAY.
  NO SIGNIFICANT WEATHER WAS OBSERVED.


RELATIVE HUMIDITY (PERCENT)
 HIGHEST   100           400 PM
 LOWEST     78          1200 AM
 AVERAGE    89

..........................................................


THE ST. JOHNSBURY VT CLIMATE NORMALS FOR TODAY
                         NORMAL    RECORD    YEAR
 MAXIMUM TEMPERATURE (F)   76        92      1953
 MINIMUM TEMPERATURE (F)   54        34      1904


SUNRISE AND SUNSET
SEPTEMBER  1 2014.....SUNRISE   611 AM EDT   SUNSET   725 PM EDT
SEPTEMBER  2 2014.....SUNRISE   612 AM EDT   SUNSET   723 PM EDT


-  INDICATES NEGATIVE NUMBERS.
R  INDICATES RECORD WAS SET OR TIED.
MM INDICATES DATA IS MISSING.
T  INDICATES TRACE AMOUNT.




$$
