000
CDUS43 KUNR 210832
CLI2WX


CLIMATE REPORT
NATIONAL WEATHER SERVICE RAPID CITY SD
131 AM MST SUN DEC 21 2014


...................................

...THE BUFFALO SD CLIMATE SUMMARY FOR DECEMBER 20 2014...

CLIMATE NORMAL PERIOD 1981 TO 2010
CLIMATE RECORD PERIOD 9999 TO 9999


WEATHER ITEM   OBSERVED TIME   NORMAL DEPARTURE LAST
                VALUE   (LST)  VALUE  FROM      YEAR
                                      NORMAL
......................................................
TEMPERATURE (F)
 YESTERDAY
  MAXIMUM         49   1213 PM  31     18       21
  MINIMUM         26    108 AM  10     16      -11
  AVERAGE         38            20     18        5

PRECIPITATION (IN)
  YESTERDAY        0.00          0.01  -0.01     0.00
  MONTH TO DATE    0.00          0.16  -0.16     0.69
  SINCE DEC 1      0.00          0.16  -0.16     0.69
  SINCE JAN 1     16.91         14.39   2.52    12.84

DEGREE DAYS
 HEATING
  YESTERDAY       27            45    -18       60
  MONTH TO DATE  677           868   -191     1031
  SINCE DEC 1    677           868   -191     1031
  SINCE JUL 1   2598          2766   -168     2821

 COOLING
  YESTERDAY        0             0      0        0
  MONTH TO DATE    0             0      0        0
  SINCE DEC 1      0             0      0        0
  SINCE JAN 1    420           513    -93      587
......................................................


WIND (MPH)
  HIGHEST WIND SPEED    23   HIGHEST WIND DIRECTION     W (290)
  HIGHEST GUST SPEED    25   HIGHEST GUST DIRECTION     W (290)
  AVERAGE WIND SPEED     8.5




RELATIVE HUMIDITY (PERCENT)
 HIGHEST    75           100 AM
 LOWEST     42           100 PM
 AVERAGE    59

..........................................................




SUNRISE AND SUNSET
DECEMBER 21 2014......SUNRISE   732 AM MST   SUNSET   413 PM MST
DECEMBER 22 2014......SUNRISE   732 AM MST   SUNSET   414 PM MST


-  INDICATES NEGATIVE NUMBERS.
R  INDICATES RECORD WAS SET OR TIED.
MM INDICATES DATA IS MISSING.
T  INDICATES TRACE AMOUNT.




$$
