000
CDUS43 KUNR 030834
CLI2WX


CLIMATE REPORT
NATIONAL WEATHER SERVICE RAPID CITY SD
233 AM MDT THU SEP 3 2015


...................................

...THE BUFFALO SD CLIMATE SUMMARY FOR SEPTEMBER 2 2015...

CLIMATE NORMAL PERIOD 1981 TO 2010
CLIMATE RECORD PERIOD 9999 TO 9999


WEATHER ITEM   OBSERVED TIME   NORMAL DEPARTURE LAST
                VALUE   (LST)  VALUE  FROM      YEAR
                                      NORMAL
......................................................
TEMPERATURE (F)
 YESTERDAY
  MAXIMUM         96    324 PM  80     16       78
  MINIMUM         60    243 AM  50     10       50
  AVERAGE         78            65     13       64

PRECIPITATION (IN)
  YESTERDAY        0.00          0.05  -0.05     0.00
  MONTH TO DATE    0.00          0.09  -0.09     0.10
  SINCE SEP 1      0.00          0.09  -0.09     0.10
  SINCE JAN 1     10.72         12.23  -1.51    14.47

DEGREE DAYS
 HEATING
  YESTERDAY        0             3     -3        1
  MONTH TO DATE    0             6     -6        6
  SINCE SEP 1      0             6     -6        6
  SINCE JUL 1     47            58    -11       57

 COOLING
  YESTERDAY       13             3     10        0
  MONTH TO DATE   20             7     13        0
  SINCE SEP 1     20             7     13        0
  SINCE JAN 1    558           478     80      365
......................................................


WIND (MPH)
  HIGHEST WIND SPEED    18   HIGHEST WIND DIRECTION     S (160)
  HIGHEST GUST SPEED    22   HIGHEST GUST DIRECTION    SE (150)
  AVERAGE WIND SPEED     7.7




RELATIVE HUMIDITY (PERCENT)
 HIGHEST    73           700 AM
 LOWEST     17           300 PM
 AVERAGE    45

..........................................................




SUNRISE AND SUNSET
SEPTEMBER  3 2015.....SUNRISE   618 AM MDT   SUNSET   729 PM MDT
SEPTEMBER  4 2015.....SUNRISE   619 AM MDT   SUNSET   727 PM MDT


-  INDICATES NEGATIVE NUMBERS.
R  INDICATES RECORD WAS SET OR TIED.
MM INDICATES DATA IS MISSING.
T  INDICATES TRACE AMOUNT.




$$
