712
CDUS43 KUNR 090830
CLI2WX


CLIMATE REPORT
NATIONAL WEATHER SERVICE RAPID CITY SD
130 AM MST FRI DEC 9 2016


...................................

...THE BUFFALO SD CLIMATE SUMMARY FOR DECEMBER 8 2016...

CLIMATE NORMAL PERIOD 1981 TO 2010
CLIMATE RECORD PERIOD 9999 TO 9999


WEATHER ITEM   OBSERVED TIME   NORMAL DEPARTURE LAST
                VALUE   (LST)  VALUE  FROM      YEAR
                                      NORMAL
......................................................
TEMPERATURE (F)
 YESTERDAY
  MAXIMUM          7    230 PM  32    -25       52
  MINIMUM        -10    719 AM  12    -22       36
  AVERAGE         -1            22    -23       44

PRECIPITATION (IN)
  YESTERDAY        0.00          0.01  -0.01     0.00
  MONTH TO DATE    0.00          0.05  -0.05     0.05
  SINCE DEC 1      0.00          0.05  -0.05     0.05
  SINCE JAN 1      9.98         14.28  -4.30    13.81

DEGREE DAYS
 HEATING
  YESTERDAY       66            43     23       21
  MONTH TO DATE  372           336     36      222
  SINCE DEC 1    372           336     36      222
  SINCE JUL 1   1662          2234   -572     1684

 COOLING
  YESTERDAY        0             0      0        0
  MONTH TO DATE    0             0      0        0
  SINCE DEC 1      0             0      0        0
  SINCE JAN 1    734           513    221      631
......................................................


WIND (MPH)
  HIGHEST WIND SPEED    22   HIGHEST WIND DIRECTION     W (290)
  HIGHEST GUST SPEED    26   HIGHEST GUST DIRECTION    NW (300)
  AVERAGE WIND SPEED     9.7




RELATIVE HUMIDITY (PERCENT)
 HIGHEST    83           500 AM
 LOWEST     63           100 PM
 AVERAGE    73

..........................................................




SUNRISE AND SUNSET
DECEMBER  9 2016......SUNRISE   723 AM MST   SUNSET   410 PM MST
DECEMBER 10 2016......SUNRISE   724 AM MST   SUNSET   410 PM MST


-  INDICATES NEGATIVE NUMBERS.
R  INDICATES RECORD WAS SET OR TIED.
MM INDICATES DATA IS MISSING.
T  INDICATES TRACE AMOUNT.




$$
