673
CDUS43 KUNR 250830
CLI2WX


CLIMATE REPORT
NATIONAL WEATHER SERVICE RAPID CITY SD
230 AM MDT THU AUG 25 2016


...................................

...THE BUFFALO SD CLIMATE SUMMARY FOR AUGUST 24 2016...

CLIMATE NORMAL PERIOD 1981 TO 2010
CLIMATE RECORD PERIOD 9999 TO 9999


WEATHER ITEM   OBSERVED TIME   NORMAL DEPARTURE LAST
                VALUE   (LST)  VALUE  FROM      YEAR
                                      NORMAL
......................................................
TEMPERATURE (F)
 YESTERDAY
  MAXIMUM         74    254 PM  84    -10       80
  MINIMUM         49   1029 PM  54     -5       44
  AVERAGE         62            69     -7       62

PRECIPITATION (IN)
  YESTERDAY        0.00          0.02  -0.02     0.00
  MONTH TO DATE    0.86          1.10  -0.24     3.08
  SINCE JUN 1      3.71          5.79  -2.08     6.02
  SINCE JAN 1      7.47         11.83  -4.36    10.58

DEGREE DAYS
 HEATING
  YESTERDAY        3             1      2        3
  MONTH TO DATE   18            19     -1       41
  SINCE JUN 1     27           153   -126       90
  SINCE JUL 1     18            39    -21       47

 COOLING
  YESTERDAY        0             5     -5        0
  MONTH TO DATE  172           167      5      155
  SINCE JUN 1    654           436    218      480
  SINCE JAN 1    656           442    214      480
......................................................


WIND (MPH)
  HIGHEST WIND SPEED    35   HIGHEST WIND DIRECTION     W (280)
  HIGHEST GUST SPEED    41   HIGHEST GUST DIRECTION     W (290)
  AVERAGE WIND SPEED    19.3




RELATIVE HUMIDITY (PERCENT)
 HIGHEST    80           500 AM
 LOWEST     35           200 PM
 AVERAGE    58

..........................................................




SUNRISE AND SUNSET
AUGUST 25 2016........SUNRISE   608 AM MDT   SUNSET   744 PM MDT
AUGUST 26 2016........SUNRISE   609 AM MDT   SUNSET   742 PM MDT


-  INDICATES NEGATIVE NUMBERS.
R  INDICATES RECORD WAS SET OR TIED.
MM INDICATES DATA IS MISSING.
T  INDICATES TRACE AMOUNT.




$$
