000
CDUS43 KUNR 030833
CLI2WX


CLIMATE REPORT
NATIONAL WEATHER SERVICE RAPID CITY SD
232 AM MDT MON AUG 3 2015


...................................

...THE BUFFALO SD CLIMATE SUMMARY FOR AUGUST 2 2015...

CLIMATE NORMAL PERIOD 1981 TO 2010
CLIMATE RECORD PERIOD 9999 TO 9999


WEATHER ITEM   OBSERVED TIME   NORMAL DEPARTURE LAST
                VALUE   (LST)  VALUE  FROM      YEAR
                                      NORMAL
......................................................
TEMPERATURE (F)
 YESTERDAY
  MAXIMUM         86    343 PM  87     -1       89
  MINIMUM         58    433 AM  59     -1       53
  AVERAGE         72            72      0       71

PRECIPITATION (IN)
  YESTERDAY        0.00          0.05  -0.05     0.00
  MONTH TO DATE    0.00          0.11  -0.11     0.00
  SINCE JUN 1      2.94          4.80  -1.86     6.45
  SINCE JAN 1      7.50         10.84  -3.34    10.79

DEGREE DAYS
 HEATING
  YESTERDAY        0             0      0        0
  MONTH TO DATE    0             0      0        0
  SINCE JUN 1     49           134    -85      151
  SINCE JUL 1      6            20    -14       16

 COOLING
  YESTERDAY        7             8     -1        6
  MONTH TO DATE   22            16      6       16
  SINCE JUN 1    347           285     62      191
  SINCE JAN 1    347           291     56      221
......................................................


WIND (MPH)
  HIGHEST WIND SPEED    18   HIGHEST WIND DIRECTION    NE (30)
  HIGHEST GUST SPEED    23   HIGHEST GUST DIRECTION    NE (40)
  AVERAGE WIND SPEED    10.6




RELATIVE HUMIDITY (PERCENT)
 HIGHEST    69           400 AM
 LOWEST     25          1200 AM
 AVERAGE    47

..........................................................




SUNRISE AND SUNSET
AUGUST  3 2015........SUNRISE   540 AM MDT   SUNSET   820 PM MDT
AUGUST  4 2015........SUNRISE   541 AM MDT   SUNSET   819 PM MDT


-  INDICATES NEGATIVE NUMBERS.
R  INDICATES RECORD WAS SET OR TIED.
MM INDICATES DATA IS MISSING.
T  INDICATES TRACE AMOUNT.




$$
