000
CDUS43 KUNR 270831
CLI2WX


CLIMATE REPORT
NATIONAL WEATHER SERVICE RAPID CITY SD
231 AM MDT TUE JUN 27 2017


...................................

...THE BUFFALO SD CLIMATE SUMMARY FOR JUNE 26 2017...

CLIMATE NORMAL PERIOD 1981 TO 2010
CLIMATE RECORD PERIOD 9999 TO 9999


WEATHER ITEM   OBSERVED TIME   NORMAL DEPARTURE LAST
                VALUE   (LST)  VALUE  FROM      YEAR
                                      NORMAL
......................................................
TEMPERATURE (F)
 YESTERDAY
  MAXIMUM         83    422 PM  80      3       87
  MINIMUM         45    435 AM  54     -9       52
  AVERAGE         64            67     -3       70

PRECIPITATION (IN)
  YESTERDAY        0.00          0.07  -0.07     0.00
  MONTH TO DATE    0.73          2.38  -1.65     0.64
  SINCE JUN 1      0.73          2.38  -1.65     0.64
  SINCE JAN 1      7.40          8.42  -1.02     4.40

DEGREE DAYS
 HEATING
  YESTERDAY        1             2     -1        0
  MONTH TO DATE   30           109    -79        9
  SINCE JUN 1     30           109    -79        9
  SINCE JUL 1   7096          7923   -827     6385

 COOLING
  YESTERDAY        0             4     -4        5
  MONTH TO DATE   83            47     36      156
  SINCE JUN 1     83            47     36      156
  SINCE JAN 1     96            53     43      158
......................................................


WIND (MPH)
  HIGHEST WIND SPEED    26   HIGHEST WIND DIRECTION    SE (140)
  HIGHEST GUST SPEED    33   HIGHEST GUST DIRECTION    SE (150)
  AVERAGE WIND SPEED    14.4




RELATIVE HUMIDITY (PERCENT)
 HIGHEST    76           500 AM
 LOWEST     18           400 PM
 AVERAGE    47

..........................................................




SUNRISE AND SUNSET
JUNE 27 2017..........SUNRISE   507 AM MDT   SUNSET   847 PM MDT
JUNE 28 2017..........SUNRISE   508 AM MDT   SUNSET   847 PM MDT


-  INDICATES NEGATIVE NUMBERS.
R  INDICATES RECORD WAS SET OR TIED.
MM INDICATES DATA IS MISSING.
T  INDICATES TRACE AMOUNT.




$$
