000
CDUS43 KUNR 270831
CLI2WX


CLIMATE REPORT
NATIONAL WEATHER SERVICE RAPID CITY SD
231 AM MDT THU APR 27 2017


...................................

...THE BUFFALO SD CLIMATE SUMMARY FOR APRIL 26 2017...

CLIMATE NORMAL PERIOD 1981 TO 2010
CLIMATE RECORD PERIOD 9999 TO 9999


WEATHER ITEM   OBSERVED TIME   NORMAL DEPARTURE LAST
                VALUE   (LST)  VALUE  FROM      YEAR
                                      NORMAL
......................................................
TEMPERATURE (F)
 YESTERDAY
  MAXIMUM         48    439 PM  60    -12       42
  MINIMUM         30   1159 PM  35     -5       34
  AVERAGE         39            47     -8       38

PRECIPITATION (IN)
  YESTERDAY        0.00          0.07  -0.07     0.18
  MONTH TO DATE    3.20          1.22   1.98     1.41
  SINCE MAR 1      4.71          1.99   2.72     1.66
  SINCE JAN 1      5.01          2.56   2.45     2.32

DEGREE DAYS
 HEATING
  YESTERDAY       26            18      8       27
  MONTH TO DATE  489           582    -93      462
  SINCE MAR 1   1329          1588   -259     1203
  SINCE JUL 1   6680          7385   -705     5981

 COOLING
  YESTERDAY        0             0      0        0
  MONTH TO DATE    0             0      0        0
  SINCE MAR 1      0             0      0        0
  SINCE JAN 1      0             0      0        0
......................................................


WIND (MPH)
  HIGHEST WIND SPEED    14   HIGHEST WIND DIRECTION    NW (320)
  HIGHEST GUST SPEED    16   HIGHEST GUST DIRECTION    NW (320)
  AVERAGE WIND SPEED     6.6




RELATIVE HUMIDITY (PERCENT)
 HIGHEST    78          1200 AM
 LOWEST     45           300 PM
 AVERAGE    62

..........................................................




SUNRISE AND SUNSET
APRIL 27 2017.........SUNRISE   548 AM MDT   SUNSET   757 PM MDT
APRIL 28 2017.........SUNRISE   546 AM MDT   SUNSET   758 PM MDT


-  INDICATES NEGATIVE NUMBERS.
R  INDICATES RECORD WAS SET OR TIED.
MM INDICATES DATA IS MISSING.
T  INDICATES TRACE AMOUNT.




$$
