000
CDUS43 KUNR 040831
CLI2WX


CLIMATE REPORT
NATIONAL WEATHER SERVICE RAPID CITY SD
231 AM MDT WED MAY 4 2016


...................................

...THE BUFFALO SD CLIMATE SUMMARY FOR MAY 3 2016...

CLIMATE NORMAL PERIOD 1981 TO 2010
CLIMATE RECORD PERIOD 9999 TO 9999


WEATHER ITEM   OBSERVED TIME   NORMAL DEPARTURE LAST
                VALUE   (LST)  VALUE  FROM      YEAR
                                      NORMAL
......................................................
TEMPERATURE (F)
 YESTERDAY
  MAXIMUM         77    439 PM  62     15       62
  MINIMUM         39    537 AM  37      2       45
  AVERAGE         58            50      8       54

PRECIPITATION (IN)
  YESTERDAY        0.00          0.05  -0.05     0.00
  MONTH TO DATE    0.00          0.16  -0.16     0.00
  SINCE MAR 1      2.40          2.48  -0.08     1.25
  SINCE JAN 1      3.06          3.05   0.01     1.72

DEGREE DAYS
 HEATING
  YESTERDAY        7            16     -9       11
  MONTH TO DATE   36            48    -12       20
  SINCE MAR 1   1335          1704   -369     1323
  SINCE JUL 1   6113          7501  -1388     6781

 COOLING
  YESTERDAY        0             0      0        0
  MONTH TO DATE    0             0      0        0
  SINCE MAR 1      0             0      0        0
  SINCE JAN 1      0             0      0        0
......................................................


WIND (MPH)
  HIGHEST WIND SPEED    21   HIGHEST WIND DIRECTION     N (340)
  HIGHEST GUST SPEED    27   HIGHEST GUST DIRECTION     N (340)
  AVERAGE WIND SPEED     9.7




RELATIVE HUMIDITY (PERCENT)
 HIGHEST    73           600 AM
 LOWEST     20           400 PM
 AVERAGE    47

..........................................................




SUNRISE AND SUNSET
MAY  4 2016...........SUNRISE   537 AM MDT   SUNSET   806 PM MDT
MAY  5 2016...........SUNRISE   535 AM MDT   SUNSET   807 PM MDT


-  INDICATES NEGATIVE NUMBERS.
R  INDICATES RECORD WAS SET OR TIED.
MM INDICATES DATA IS MISSING.
T  INDICATES TRACE AMOUNT.




$$
