000
CDUS43 KUNR 240911
CLI2WX


CLIMATE REPORT
NATIONAL WEATHER SERVICE RAPID CITY SD
307 AM MDT FRI MAR 24 2017


...................................

...THE BUFFALO SD CLIMATE SUMMARY FOR MARCH 23 2017...

CLIMATE NORMAL PERIOD 1981 TO 2010
CLIMATE RECORD PERIOD 9999 TO 9999


WEATHER ITEM   OBSERVED TIME   NORMAL DEPARTURE LAST
                VALUE   (LST)  VALUE  FROM      YEAR
                                      NORMAL
......................................................
TEMPERATURE (F)
 YESTERDAY
  MAXIMUM         47   1259 PM  46      1       37
  MINIMUM         37   1159 PM  24     13       25
  AVERAGE         42            35      7       31

PRECIPITATION (IN)
  YESTERDAY        0.39          0.03   0.36     0.00
  MONTH TO DATE    0.82          0.56   0.26     0.02
  SINCE MAR 1      0.82          0.56   0.26     0.02
  SINCE JAN 1      1.12          1.13  -0.01     0.68

DEGREE DAYS
 HEATING
  YESTERDAY       23            30     -7       34
  MONTH TO DATE  711           779    -68      535
  SINCE MAR 1    711           779    -68      535
  SINCE JUL 1   6062          6576   -514     5313

 COOLING
  YESTERDAY        0             0      0        0
  MONTH TO DATE    0             0      0        0
  SINCE MAR 1      0             0      0        0
  SINCE JAN 1      0             0      0        0
......................................................


WIND (MPH)
  HIGHEST WIND SPEED    25   HIGHEST WIND DIRECTION     N (20)
  HIGHEST GUST SPEED    33   HIGHEST GUST DIRECTION     N (20)
  AVERAGE WIND SPEED    10.2




RELATIVE HUMIDITY (PERCENT)
 HIGHEST   100           600 PM
 LOWEST     76          1200 AM
 AVERAGE    88

..........................................................




SUNRISE AND SUNSET
MARCH 24 2017.........SUNRISE   649 AM MDT   SUNSET   712 PM MDT
MARCH 25 2017.........SUNRISE   647 AM MDT   SUNSET   714 PM MDT


-  INDICATES NEGATIVE NUMBERS.
R  INDICATES RECORD WAS SET OR TIED.
MM INDICATES DATA IS MISSING.
T  INDICATES TRACE AMOUNT.




$$
