000
CDUS43 KUNR 060831
CLI2WX


CLIMATE REPORT
NATIONAL WEATHER SERVICE RAPID CITY SD
231 AM MDT MON JUL 6 2015


...................................

...THE BUFFALO SD CLIMATE SUMMARY FOR JULY 5 2015...

CLIMATE NORMAL PERIOD 1981 TO 2010
CLIMATE RECORD PERIOD 9999 TO 9999


WEATHER ITEM   OBSERVED TIME   NORMAL DEPARTURE LAST
                VALUE   (LST)  VALUE  FROM      YEAR
                                      NORMAL
......................................................
TEMPERATURE (F)
 YESTERDAY
  MAXIMUM         79   1109 AM  83     -4       94
  MINIMUM         60   1159 PM  56      4       63
  AVERAGE         70            69      1       79

PRECIPITATION (IN)
  YESTERDAY        0.00          0.07  -0.07     0.00
  MONTH TO DATE    0.01          0.34  -0.33     0.00
  SINCE JUN 1      2.74          2.97  -0.23     5.54
  SINCE JAN 1      7.30          9.01  -1.71     9.88

DEGREE DAYS
 HEATING
  YESTERDAY        0             1     -1        0
  MONTH TO DATE    0             5     -5        4
  SINCE JUN 1     43           119    -76      139
  SINCE JUL 1      0             5     -5        4

 COOLING
  YESTERDAY        5             5      0       14
  MONTH TO DATE   36            24     12       24
  SINCE JUN 1    127            86     41       40
  SINCE JAN 1    127            92     35       70
......................................................


WIND (MPH)
  HIGHEST WIND SPEED    37   HIGHEST WIND DIRECTION    NE (30)
  HIGHEST GUST SPEED    43   HIGHEST GUST DIRECTION    NE (30)
  AVERAGE WIND SPEED    14.1




RELATIVE HUMIDITY (PERCENT)
 HIGHEST    84           400 AM
 LOWEST     52          1100 AM
 AVERAGE    68

..........................................................




SUNRISE AND SUNSET
JULY  6 2015..........SUNRISE   512 AM MDT   SUNSET   845 PM MDT
JULY  7 2015..........SUNRISE   513 AM MDT   SUNSET   845 PM MDT


-  INDICATES NEGATIVE NUMBERS.
R  INDICATES RECORD WAS SET OR TIED.
MM INDICATES DATA IS MISSING.
T  INDICATES TRACE AMOUNT.




$$
