000
CDUS43 KUNR 260850
CLI2WX


CLIMATE REPORT
NATIONAL WEATHER SERVICE RAPID CITY SD
247 AM MDT TUE MAY 26 2015


...................................

...THE BUFFALO SD CLIMATE SUMMARY FOR MAY 25 2015...

CLIMATE NORMAL PERIOD 1981 TO 2010
CLIMATE RECORD PERIOD 9999 TO 9999


WEATHER ITEM   OBSERVED TIME   NORMAL DEPARTURE LAST
                VALUE   (LST)  VALUE  FROM      YEAR
                                      NORMAL
......................................................
TEMPERATURE (F)
 YESTERDAY
  MAXIMUM         60    330 PM  68     -8       78
  MINIMUM         49   1159 PM  45      4       56
  AVERAGE         55            56     -1       67

PRECIPITATION (IN)
  YESTERDAY        0.34          0.15   0.19     0.00
  MONTH TO DATE    1.95          2.25  -0.30     0.86
  SINCE MAR 1      3.20          4.57  -1.37     2.96
  SINCE JAN 1      3.67          5.14  -1.47     3.54

DEGREE DAYS
 HEATING
  YESTERDAY       10             9      1        0
  MONTH TO DATE  366           314     52      337
  SINCE MAR 1   1669          1970   -301     2141
  SINCE JUL 1   7127          7767   -640     8198

 COOLING
  YESTERDAY        0             0      0        2
  MONTH TO DATE    0             0      0        7
  SINCE MAR 1      0             0      0        7
  SINCE JAN 1      0             0      0        7
......................................................


WIND (MPH)
  HIGHEST WIND SPEED    18   HIGHEST WIND DIRECTION     E (90)
  HIGHEST GUST SPEED    23   HIGHEST GUST DIRECTION     E (100)
  AVERAGE WIND SPEED     8.4




RELATIVE HUMIDITY (PERCENT)
 HIGHEST   100           200 AM
 LOWEST     80           400 PM
 AVERAGE    90

..........................................................




SUNRISE AND SUNSET
MAY 26 2015...........SUNRISE   513 AM MDT   SUNSET   830 PM MDT
MAY 27 2015...........SUNRISE   512 AM MDT   SUNSET   831 PM MDT


-  INDICATES NEGATIVE NUMBERS.
R  INDICATES RECORD WAS SET OR TIED.
MM INDICATES DATA IS MISSING.
T  INDICATES TRACE AMOUNT.




$$
