000
CDUS43 KABR 282229
CLI8D3


CLIMATE REPORT
NATIONAL WEATHER SERVICE ABERDEEN SD
527 PM CDT SAT MAY 28 2016


...................................

...THE SISSETON SD CLIMATE SUMMARY FOR MAY 28 2016...
VALID TODAY AS OF 0500 PM LOCAL TIME.

CLIMATE NORMAL PERIOD 1981 TO 2010
CLIMATE RECORD PERIOD 1900 TO 2016


WEATHER ITEM   OBSERVED TIME   RECORD YEAR NORMAL DEPARTURE LAST
                VALUE   (LST)  VALUE       VALUE  FROM      YEAR
                                                  NORMAL
..................................................................
TEMPERATURE (F)
 TODAY
  MAXIMUM         70    312 PM 110    1934  73     -3       85
  MINIMUM         58    304 AM  32    1965  49              61
  AVERAGE         64                        61      3       73

PRECIPITATION (IN)
  TODAY            0.00          1.25 1981   0.08  -0.08     0.61
  MONTH TO DATE    0.50                      2.44  -1.94     4.87
  SINCE MAR 1      3.50                      5.84  -2.34     6.45
  SINCE JAN 1      4.67                      6.70  -2.03     7.33

DEGREE DAYS
 COOLING
  TODAY            0                         1     -1        8
  MONTH TO DATE   30                        19     11       17
  SINCE MAR 1     30                        20     10       17
  SINCE JAN 1     30                        20     10       17
..................................................................


WIND (MPH)
  HIGHEST WIND SPEED    13   HIGHEST WIND DIRECTION    NE (40)
  HIGHEST GUST SPEED    17   HIGHEST GUST DIRECTION    NE (40)
  AVERAGE WIND SPEED     6.0


SKY COVER
  POSSIBLE SUNSHINE  MM
  AVERAGE SKY COVER 0.0


WEATHER CONDITIONS
 THE FOLLOWING WEATHER WAS RECORDED TODAY.
  NO SIGNIFICANT WEATHER WAS OBSERVED.


RELATIVE HUMIDITY (PERCENT)
 HIGHEST    93           300 AM
 LOWEST     53           100 PM
 AVERAGE    73

..........................................................


THE SISSETON SD CLIMATE NORMALS FOR TOMORROW
                         NORMAL    RECORD    YEAR
 MAXIMUM TEMPERATURE (F)   73       100      1934
 MINIMUM TEMPERATURE (F)   50        32      1947


SUNRISE AND SUNSET
MAY 28 2016...........SUNRISE   544 AM CDT   SUNSET   907 PM CDT
MAY 29 2016...........SUNRISE   544 AM CDT   SUNSET   908 PM CDT


-  INDICATES NEGATIVE NUMBERS.
R  INDICATES RECORD WAS SET OR TIED.
MM INDICATES DATA IS MISSING.
T  INDICATES TRACE AMOUNT.




$$
