000
CDUS43 KABR 210915
CLI8D3


CLIMATE REPORT
NATIONAL WEATHER SERVICE ABERDEEN SD
414 AM CDT THU AUG 21 2014


...................................

...THE SISSETON SD CLIMATE SUMMARY FOR AUGUST 20 2014...

CLIMATE NORMAL PERIOD 1981 TO 2010
CLIMATE RECORD PERIOD 1900 TO 2014


WEATHER ITEM   OBSERVED TIME   RECORD YEAR NORMAL DEPARTURE LAST
                VALUE   (LST)  VALUE       VALUE  FROM      YEAR
                                                  NORMAL
..................................................................
TEMPERATURE (F)
 YESTERDAY
  MAXIMUM         83    425 PM 102    1976  80      3       93
  MINIMUM         59    555 AM  39    2004  57      2       64
  AVERAGE         71                        69      2       79

PRECIPITATION (IN)
  YESTERDAY        0.00          2.24 1966   0.06  -0.06     0.00
  MONTH TO DATE    0.48                      1.55  -1.07     0.64
  SINCE JUN 1     10.89                      8.87   2.02     9.02
  SINCE JAN 1     19.26                     15.85   3.41    18.36

DEGREE DAYS
 HEATING
  YESTERDAY        0                         1     -1        0
  MONTH TO DATE    3                        11     -8       23
  SINCE JUN 1     58                        86    -28      118
  SINCE JUL 1     23                        24     -1       49

 COOLING
  YESTERDAY        6                         5      1       14
  MONTH TO DATE   87                       115    -28       54
  SINCE JUN 1    305                       414   -109      377
  SINCE JAN 1    366                       437    -71      402
..................................................................


WIND (MPH)
  HIGHEST WIND SPEED    17   HIGHEST WIND DIRECTION     S (170)
  HIGHEST GUST SPEED    24   HIGHEST GUST DIRECTION     S (170)
  AVERAGE WIND SPEED     8.7


SKY COVER
  POSSIBLE SUNSHINE  MM
  AVERAGE SKY COVER 0.0


WEATHER CONDITIONS
 THE FOLLOWING WEATHER WAS RECORDED YESTERDAY.
  NO SIGNIFICANT WEATHER WAS OBSERVED.


RELATIVE HUMIDITY (PERCENT)
 HIGHEST   100          1200 AM
 LOWEST     58           200 PM
 AVERAGE    79

..........................................................


THE SISSETON SD CLIMATE NORMALS FOR TODAY
                         NORMAL    RECORD    YEAR
 MAXIMUM TEMPERATURE (F)   80       102      1947
 MINIMUM TEMPERATURE (F)   57        35      2004


SUNRISE AND SUNSET
AUGUST 21 2014........SUNRISE   636 AM CDT   SUNSET   826 PM CDT
AUGUST 22 2014........SUNRISE   637 AM CDT   SUNSET   824 PM CDT


-  INDICATES NEGATIVE NUMBERS.
R  INDICATES RECORD WAS SET OR TIED.
MM INDICATES DATA IS MISSING.
T  INDICATES TRACE AMOUNT.




$$
