000
CDUS43 KABR 281051
CLI8D3


CLIMATE REPORT
NATIONAL WEATHER SERVICE ABERDEEN SD
550 AM CDT THU JUL 28 2016


...................................

...THE SISSETON SD CLIMATE SUMMARY FOR JULY 27 2016...

CLIMATE NORMAL PERIOD 1981 TO 2010
CLIMATE RECORD PERIOD 1900 TO 2016


WEATHER ITEM   OBSERVED TIME   RECORD YEAR NORMAL DEPARTURE LAST
                VALUE   (LST)  VALUE       VALUE  FROM      YEAR
                                                  NORMAL
..................................................................
TEMPERATURE (F)
 YESTERDAY
  MAXIMUM         80    422 PM 103    1959  83     -3       87
  MINIMUM         61   1159 PM  46    2013  60      1       62
  AVERAGE         71                        72     -1       75

PRECIPITATION (IN)
  YESTERDAY        0.21          1.63 1991   0.10   0.11     0.00
  MONTH TO DATE    5.00                      3.16   1.84     2.03
  SINCE JUN 1      6.12                      6.90  -0.78     3.41
  SINCE JAN 1     11.16                     13.88  -2.72    11.06

DEGREE DAYS
 HEATING
  YESTERDAY        0                         0      0        0
  MONTH TO DATE   13                         3     10       13
  SINCE JUN 1     40                        65    -25       27
  SINCE JUL 1     13                         3     10       13

 COOLING
  YESTERDAY        6                         7     -1       10
  MONTH TO DATE  183                       178      5      180
  SINCE JUN 1    350                       272     78      304
  SINCE JAN 1    387                       295     92      321
..................................................................


WIND (MPH)
  HIGHEST WIND SPEED    24   HIGHEST WIND DIRECTION    NW (330)
  HIGHEST GUST SPEED    30   HIGHEST GUST DIRECTION    NW (330)
  AVERAGE WIND SPEED     9.2


SKY COVER
  POSSIBLE SUNSHINE  MM
  AVERAGE SKY COVER 0.0


WEATHER CONDITIONS
 THE FOLLOWING WEATHER WAS RECORDED YESTERDAY.
  NO SIGNIFICANT WEATHER WAS OBSERVED.


RELATIVE HUMIDITY (PERCENT)
 HIGHEST   100           200 AM
 LOWEST     48           400 PM
 AVERAGE    74

..........................................................


THE SISSETON SD CLIMATE NORMALS FOR TODAY
                         NORMAL    RECORD    YEAR
 MAXIMUM TEMPERATURE (F)   83       105      1975
 MINIMUM TEMPERATURE (F)   60        42      2013


SUNRISE AND SUNSET
JULY 28 2016..........SUNRISE   607 AM CDT   SUNSET   901 PM CDT
JULY 29 2016..........SUNRISE   608 AM CDT   SUNSET   900 PM CDT


-  INDICATES NEGATIVE NUMBERS.
R  INDICATES RECORD WAS SET OR TIED.
MM INDICATES DATA IS MISSING.
T  INDICATES TRACE AMOUNT.




$$
