000
CDUS43 KABR 171037
CLI8D3


CLIMATE REPORT
NATIONAL WEATHER SERVICE ABERDEEN SD
435 AM CST TUE JAN 17 2017


...................................

...THE SISSETON SD CLIMATE SUMMARY FOR JANUARY 16 2017...

CLIMATE NORMAL PERIOD 1981 TO 2010
CLIMATE RECORD PERIOD 1900 TO 2017


WEATHER ITEM   OBSERVED TIME   RECORD YEAR NORMAL DEPARTURE LAST
                VALUE   (LST)  VALUE       VALUE  FROM      YEAR
                                                  NORMAL
..................................................................
TEMPERATURE (F)
 YESTERDAY
  MAXIMUM         32    109 AM  54    1942  23      9        0
  MINIMUM          4   1135 PM -27    1977   3      1      -13
  AVERAGE         18                        13      5       -6

PRECIPITATION (IN)
  YESTERDAY        0.00          0.38 1967   0.01  -0.01     0.01
  MONTH TO DATE    0.77                      0.25   0.52     0.11
  SINCE DEC 1      2.19                      0.64   1.55     1.18
  SINCE JAN 1      0.77                      0.25   0.52     0.11

SNOWFALL (IN)
  YESTERDAY        0.0
  MONTH TO DATE   10.5
  SINCE OCT 1     23.3
  SINCE JUL 1     23.3
  SNOW DEPTH       8

DEGREE DAYS
 HEATING
  YESTERDAY       47                        52     -5       71
  MONTH TO DATE  958                       832    126      833
  SINCE DEC 1   2430                      2320    110     2077
  SINCE JUL 1   3711                      4171   -460     3473

 COOLING
  YESTERDAY        0                         0      0        0
  MONTH TO DATE    0                         0      0        0
  SINCE DEC 1      0                         0      0        0
  SINCE JAN 1      0                         0      0        0
..................................................................


WIND (MPH)
  HIGHEST WIND SPEED    12   HIGHEST WIND DIRECTION     N (360)
  HIGHEST GUST SPEED    15   HIGHEST GUST DIRECTION    SW (210)
  AVERAGE WIND SPEED     3.7


SKY COVER
  POSSIBLE SUNSHINE  MM
  AVERAGE SKY COVER 0.0


WEATHER CONDITIONS
 THE FOLLOWING WEATHER WAS RECORDED YESTERDAY.
  NO SIGNIFICANT WEATHER WAS OBSERVED.


RELATIVE HUMIDITY (PERCENT)
 HIGHEST    96           700 AM
 LOWEST     63           100 AM
 AVERAGE    80

..........................................................


THE SISSETON SD CLIMATE NORMALS FOR TODAY
                         NORMAL    RECORD    YEAR
 MAXIMUM TEMPERATURE (F)   23        47      1973
                                             1944
 MINIMUM TEMPERATURE (F)    3       -27      1943


SUNRISE AND SUNSET
JANUARY 17 2017.......SUNRISE   803 AM CST   SUNSET   513 PM CST
JANUARY 18 2017.......SUNRISE   803 AM CST   SUNSET   515 PM CST


-  INDICATES NEGATIVE NUMBERS.
R  INDICATES RECORD WAS SET OR TIED.
MM INDICATES DATA IS MISSING.
T  INDICATES TRACE AMOUNT.




$$
