000
CDUS43 KABR 230055
CLI8D3


CLIMATE REPORT
NATIONAL WEATHER SERVICE ABERDEEN SD
655 PM CST SAT NOV 22 2014


...................................

...THE SISSETON SD CLIMATE SUMMARY FOR NOVEMBER 22 2014...
VALID TODAY AS OF 0500 PM LOCAL TIME.

CLIMATE NORMAL PERIOD 1981 TO 2010
CLIMATE RECORD PERIOD 1900 TO 2014


WEATHER ITEM   OBSERVED TIME   RECORD YEAR NORMAL DEPARTURE LAST
                VALUE   (LST)  VALUE       VALUE  FROM      YEAR
                                                  NORMAL
..................................................................
TEMPERATURE (F)
 TODAY
  MAXIMUM         40    910 AM  67    2006  36      4       27
  MINIMUM         31    924 AM  -5    1996  18               1
                                      1937
  AVERAGE         36                        27      9       14

PRECIPITATION (IN)
  TODAY            0.00          0.58 1963   0.01  -0.01     0.00
  MONTH TO DATE    0.86                      0.51   0.35     0.07
  SINCE SEP 1      2.05                      5.13  -3.08     8.76
  SINCE JAN 1     23.01                     21.87   1.14    27.43

SNOWFALL (IN)
  TODAY            0.0
  MONTH TO DATE    7.4
  SINCE OCT 1      7.4
  SINCE JUL 1      7.4
  SNOW DEPTH       0

DEGREE DAYS
 HEATING
  TODAY           29                        38     -9       51
  MONTH TO DATE  857                       702    155      691
  SINCE SEP 1   1528                      1486     42     1420
  SINCE JUL 1   1565                      1529     36     1469
..................................................................


WIND (MPH)
  HIGHEST WIND SPEED    16   HIGHEST WIND DIRECTION     S (170)
  HIGHEST GUST SPEED    21   HIGHEST GUST DIRECTION     S (170)
  AVERAGE WIND SPEED     8.1


SKY COVER
  POSSIBLE SUNSHINE  MM
  AVERAGE SKY COVER 0.0


WEATHER CONDITIONS
 THE FOLLOWING WEATHER WAS RECORDED TODAY.
  NO SIGNIFICANT WEATHER WAS OBSERVED.


RELATIVE HUMIDITY (PERCENT)
 HIGHEST    96           500 PM
 LOWEST     70          1200 AM
 AVERAGE    83

..........................................................


THE SISSETON SD CLIMATE NORMALS FOR TOMORROW
                         NORMAL    RECORD    YEAR
 MAXIMUM TEMPERATURE (F)   36        55      1984
                                             1954
 MINIMUM TEMPERATURE (F)   17        -9      1950


SUNRISE AND SUNSET
NOVEMBER 22 2014......SUNRISE   737 AM CST   SUNSET   451 PM CST
NOVEMBER 23 2014......SUNRISE   738 AM CST   SUNSET   450 PM CST


-  INDICATES NEGATIVE NUMBERS.
R  INDICATES RECORD WAS SET OR TIED.
MM INDICATES DATA IS MISSING.
T  INDICATES TRACE AMOUNT.




$$
