000
CDUS43 KABR 261036
CLI8D3


CLIMATE REPORT
NATIONAL WEATHER SERVICE ABERDEEN SD
536 AM CDT WED JUL 26 2017


...................................

...THE SISSETON SD CLIMATE SUMMARY FOR JULY 25 2017...

CLIMATE NORMAL PERIOD 1981 TO 2010
CLIMATE RECORD PERIOD 1900 TO 2017


WEATHER ITEM   OBSERVED TIME   RECORD YEAR NORMAL DEPARTURE LAST
                VALUE   (LST)  VALUE       VALUE  FROM      YEAR
                                                  NORMAL
..................................................................
TEMPERATURE (F)
 YESTERDAY
  MAXIMUM         83    448 PM 105    1976  83      0       90
  MINIMUM         65    534 AM  49    2004  60      5       56
  AVERAGE         74                        72      2       73

PRECIPITATION (IN)
  YESTERDAY        0.00          1.64 2005   0.10  -0.10     0.00
  MONTH TO DATE    0.68                      2.96  -2.28     4.74
  SINCE JUN 1      3.24                      6.70  -3.46     5.86
  SINCE JAN 1      7.41                     13.68  -6.27    10.90

DEGREE DAYS
 HEATING
  YESTERDAY        0                         0      0        0
  MONTH TO DATE    0                         3     -3       13
  SINCE JUN 1     26                        65    -39       40
  SINCE JUL 1      0                         3     -3       13

 COOLING
  YESTERDAY        9                         7      2        8
  MONTH TO DATE  202                       164     38      167
  SINCE JUN 1    348                       258     90      334
  SINCE JAN 1    364                       281     83      371
..................................................................


WIND (MPH)
  HIGHEST WIND SPEED    18   HIGHEST WIND DIRECTION     S (170)
  HIGHEST GUST SPEED    25   HIGHEST GUST DIRECTION     S (170)
  AVERAGE WIND SPEED     6.5


SKY COVER
  POSSIBLE SUNSHINE  MM
  AVERAGE SKY COVER 0.0


WEATHER CONDITIONS
 THE FOLLOWING WEATHER WAS RECORDED YESTERDAY.
  NO SIGNIFICANT WEATHER WAS OBSERVED.


RELATIVE HUMIDITY (PERCENT)
 HIGHEST   100           100 AM
 LOWEST     74          1200 PM
 AVERAGE    87

..........................................................


THE SISSETON SD CLIMATE NORMALS FOR TODAY
                         NORMAL    RECORD    YEAR
 MAXIMUM TEMPERATURE (F)   83       104      1976
 MINIMUM TEMPERATURE (F)   60        48      1937


SUNRISE AND SUNSET
JULY 26 2017..........SUNRISE   605 AM CDT   SUNSET   903 PM CDT
JULY 27 2017..........SUNRISE   606 AM CDT   SUNSET   902 PM CDT


-  INDICATES NEGATIVE NUMBERS.
R  INDICATES RECORD WAS SET OR TIED.
MM INDICATES DATA IS MISSING.
T  INDICATES TRACE AMOUNT.




$$
