000
CDUS43 KABR 280908
CLI8D3


CLIMATE REPORT
NATIONAL WEATHER SERVICE ABERDEEN SD
407 AM CDT MON JUL 28 2014


...................................

...THE SISSETON SD CLIMATE SUMMARY FOR JULY 27 2014...

CLIMATE NORMAL PERIOD 1981 TO 2010
CLIMATE RECORD PERIOD 1900 TO 2014


WEATHER ITEM   OBSERVED TIME   RECORD YEAR NORMAL DEPARTURE LAST
                VALUE   (LST)  VALUE       VALUE  FROM      YEAR
                                                  NORMAL
..................................................................
TEMPERATURE (F)
 YESTERDAY
  MAXIMUM         70    319 PM 103    1959  83    -13       71
  MINIMUM         56   1159 PM  46    2013  60     -4       46
  AVERAGE         63                        72     -9       59

PRECIPITATION (IN)
  YESTERDAY        0.00          1.63 1991   0.10  -0.10     0.00
  MONTH TO DATE    1.74                      3.16  -1.42     2.61
  SINCE JUN 1     10.41                      6.90   3.51     8.19
  SINCE JAN 1     18.78                     13.88   4.90    17.53

DEGREE DAYS
 HEATING
  YESTERDAY        2                         0      2        6
  MONTH TO DATE   17                         3     14       12
  SINCE JUN 1     52                        65    -13       81
  SINCE JUL 1     17                         3     14       12

 COOLING
  YESTERDAY        0                         7     -7        0
  MONTH TO DATE  127                       178    -51      201
  SINCE JUN 1    215                       272    -57      318
  SINCE JAN 1    276                       295    -19      343
..................................................................


WIND (MPH)
  HIGHEST WIND SPEED    26   HIGHEST WIND DIRECTION     N (350)
  HIGHEST GUST SPEED    34   HIGHEST GUST DIRECTION    NW (330)
  AVERAGE WIND SPEED    15.8


SKY COVER
  POSSIBLE SUNSHINE  MM
  AVERAGE SKY COVER 0.0


WEATHER CONDITIONS
 THE FOLLOWING WEATHER WAS RECORDED YESTERDAY.
  NO SIGNIFICANT WEATHER WAS OBSERVED.


RELATIVE HUMIDITY (PERCENT)
 HIGHEST   100          1100 PM
 LOWEST     68          1200 AM
 AVERAGE    84

..........................................................


THE SISSETON SD CLIMATE NORMALS FOR TODAY
                         NORMAL    RECORD    YEAR
 MAXIMUM TEMPERATURE (F)   83       105      1975
 MINIMUM TEMPERATURE (F)   60        42      2013


SUNRISE AND SUNSET
JULY 28 2014..........SUNRISE   607 AM CDT   SUNSET   901 PM CDT
JULY 29 2014..........SUNRISE   608 AM CDT   SUNSET   900 PM CDT


-  INDICATES NEGATIVE NUMBERS.
R  INDICATES RECORD WAS SET OR TIED.
MM INDICATES DATA IS MISSING.
T  INDICATES TRACE AMOUNT.




$$
