000
CDUS46 KMFR 240036
CLIAAT


CLIMATE REPORT
NATIONAL WEATHER SERVICE MEDFORD, OR
436 PM PST THU NOV 23 2017


...................................

...THE ALTURAS CA CLIMATE SUMMARY FOR NOVEMBER 23 2017...
VALID TODAY AS OF 0400 PM LOCAL TIME.

CLIMATE NORMAL PERIOD 1981 TO 2010
CLIMATE RECORD PERIOD 1905 TO 2017


WEATHER ITEM   OBSERVED TIME   RECORD YEAR NORMAL DEPARTURE LAST
                VALUE   (LST)  VALUE       VALUE  FROM      YEAR
                                                  NORMAL
..................................................................
TEMPERATURE (F)
 TODAY
  MAXIMUM         58    220 PM  71    1954  45     13       40
  MINIMUM         43    306 AM   5    1979  22     21       23
  AVERAGE         51                        34     17       32

PRECIPITATION (IN)
  TODAY            0.00          1.07 1988   0.06  -0.06     0.06
  MONTH TO DATE    1.46                      1.40   0.06     0.35
  SINCE OCT 1      2.38                      2.41  -0.03     1.82
  SINCE JAN 1     14.57                     12.07   2.50     9.29

SNOWFALL (IN)
  TODAY           MM                        MM     MM       MM
  MONTH TO DATE   MM                        MM     MM       MM
  SINCE JUL 1     MM                        MM     MM       MM
  SNOW DEPTH      MM

DEGREE DAYS
 HEATING
  TODAY           14                        32    -18       33
  MONTH TO DATE  553                       639    -86      507
  SINCE SEP 1   1375                      1471    -96     1228
  SINCE JUL 1   1376                      1582   -206     1285

 COOLING
  TODAY            0                         0      0        0
  MONTH TO DATE    0                         0      0        0
  SINCE SEP 1     75                         5     70        0
  SINCE JAN 1    516                       156    360      254
..................................................................


WIND (MPH)
  HIGHEST WIND SPEED    18   HIGHEST WIND DIRECTION    SW (230)
  HIGHEST GUST SPEED    25   HIGHEST GUST DIRECTION    SW (220)
  AVERAGE WIND SPEED     6.0


SKY COVER
  POSSIBLE SUNSHINE  MM
  AVERAGE SKY COVER 0.8


WEATHER CONDITIONS
 THE FOLLOWING WEATHER WAS RECORDED TODAY.
  NO SIGNIFICANT WEATHER WAS OBSERVED.


RELATIVE HUMIDITY (PERCENT)
 HIGHEST    89           300 AM
 LOWEST     57          1100 AM
 AVERAGE    73

..........................................................


THE ALTURAS CA CLIMATE NORMALS FOR TOMORROW
                         NORMAL    RECORD    YEAR
 MAXIMUM TEMPERATURE (F)   45        70      1914
 MINIMUM TEMPERATURE (F)   21        -4      1993


SUNRISE AND SUNSET
NOVEMBER 23 2017......SUNRISE   701 AM PST   SUNSET   436 PM PST
NOVEMBER 24 2017......SUNRISE   702 AM PST   SUNSET   436 PM PST


-  INDICATES NEGATIVE NUMBERS.
R  INDICATES RECORD WAS SET OR TIED.
MM INDICATES DATA IS MISSING.
T  INDICATES TRACE AMOUNT.




$$
