000
CDUS46 KMFR 230835
CLIAAT


CLIMATE REPORT
NATIONAL WEATHER SERVICE MEDFORD, OR
135 AM PDT FRI JUN 23 2017


...................................

...THE ALTURAS CA CLIMATE SUMMARY FOR JUNE 22 2017...

CLIMATE NORMAL PERIOD 1981 TO 2010
CLIMATE RECORD PERIOD 1905 TO 2017


WEATHER ITEM   OBSERVED TIME   RECORD YEAR NORMAL DEPARTURE LAST
                VALUE   (LST)  VALUE       VALUE  FROM      YEAR
                                                  NORMAL
..................................................................
TEMPERATURE (F)
 YESTERDAY
  MAXIMUM         88        MM 100    1961  80      8       88
  MINIMUM         54        MM  25    1908  42     12       43
  AVERAGE         71                        61     10       66

PRECIPITATION (IN)
  YESTERDAY        0.00          0.21 1976   0.01  -0.01     0.00
  MONTH TO DATE    1.16                      0.83   0.33     0.56
  SINCE OCT 1     14.28                     12.88   1.40    13.37
  SINCE JAN 1     10.53                      8.37   2.16     7.39

SNOWFALL (IN)
  YESTERDAY       MM                        MM     MM       MM
  MONTH TO DATE   MM                        MM     MM       MM
  SINCE JUL 1     MM                        MM     MM       MM
  SNOW DEPTH      MM

DEGREE DAYS
 HEATING
  YESTERDAY        0                         4     -4        0
  MONTH TO DATE  109                       153    -44      109
  SINCE JUN 1    109                       153    -44      109
  SINCE JUL 1   6354                      6910   -556     5984

 COOLING
  YESTERDAY        6                         1      5        1
  MONTH TO DATE   50                         1     49       23
  SINCE JUN 1     50                         1     49       23
  SINCE JAN 1     50                         1     49       23
..................................................................


WIND (MPH)
  HIGHEST WIND SPEED    16   HIGHEST WIND DIRECTION     N (20)
  HIGHEST GUST SPEED    24   HIGHEST GUST DIRECTION     N (20)
  AVERAGE WIND SPEED     8.2


SKY COVER
  POSSIBLE SUNSHINE  MM
  AVERAGE SKY COVER 0.0


WEATHER CONDITIONS
 THE FOLLOWING WEATHER WAS RECORDED YESTERDAY.
  NO SIGNIFICANT WEATHER WAS OBSERVED.


RELATIVE HUMIDITY (PERCENT)
 HIGHEST    59           500 AM
 LOWEST     14           500 PM
 AVERAGE    37

..........................................................


THE ALTURAS CA CLIMATE NORMALS FOR TODAY
                         NORMAL    RECORD    YEAR
 MAXIMUM TEMPERATURE (F)   81        99      1992
 MINIMUM TEMPERATURE (F)   42        28      1993


SUNRISE AND SUNSET
JUNE 23 2017..........SUNRISE   529 AM PDT   SUNSET   840 PM PDT
JUNE 24 2017..........SUNRISE   529 AM PDT   SUNSET   840 PM PDT


-  INDICATES NEGATIVE NUMBERS.
R  INDICATES RECORD WAS SET OR TIED.
MM INDICATES DATA IS MISSING.
T  INDICATES TRACE AMOUNT.




$$
