051
CDUS46 KMFR 210036
CLIAAT


CLIMATE REPORT
NATIONAL WEATHER SERVICE MEDFORD, OR
436 PM PST TUE FEB 20 2018


...................................

...THE ALTURAS CA CLIMATE SUMMARY FOR FEBRUARY 20 2018...
VALID TODAY AS OF 0400 PM LOCAL TIME.

CLIMATE NORMAL PERIOD 1981 TO 2010
CLIMATE RECORD PERIOD 1905 TO 2018


WEATHER ITEM   OBSERVED TIME   RECORD YEAR NORMAL DEPARTURE LAST
                VALUE   (LST)  VALUE       VALUE  FROM      YEAR
                                                  NORMAL
..................................................................
TEMPERATURE (F)
 TODAY
  MAXIMUM         29    359 PM  70    1977  47    -18       44
  MINIMUM          0    351 AM  -1    1933  23    -23       35
  AVERAGE         15                        35    -20       40

PRECIPITATION (IN)
  TODAY            0.00          0.86 1986   0.06  -0.06     0.63
  MONTH TO DATE    0.12                      1.01  -0.89     2.45
  SINCE OCT 1      4.45                      7.17  -2.72     9.46
  SINCE JAN 1      1.45                      2.66  -1.21     5.71

SNOWFALL (IN)
  TODAY           MM                        MM     MM       MM
  MONTH TO DATE   MM                        MM     MM       MM
  SINCE JUL 1     MM                        MM     MM       MM
  SNOW DEPTH      MM

DEGREE DAYS
 HEATING
  TODAY           50                        30     20       25
  MONTH TO DATE  608                       635    -27      492
  SINCE DEC 1   2510                      2823   -313     2845
  SINCE JUL 1   4064                      4633   -569     4353

 COOLING
  TODAY            0                         0      0        0
  MONTH TO DATE    0                         0      0        0
  SINCE DEC 1      0                         0      0        0
  SINCE JAN 1      0                         0      0        0
..................................................................


WIND (MPH)
  HIGHEST WIND SPEED     9   HIGHEST WIND DIRECTION    SE (140)
  HIGHEST GUST SPEED    13   HIGHEST GUST DIRECTION    SE (140)
  AVERAGE WIND SPEED     2.2


SKY COVER
  POSSIBLE SUNSHINE  MM
  AVERAGE SKY COVER 0.6


WEATHER CONDITIONS
 THE FOLLOWING WEATHER WAS RECORDED TODAY.
  FOG
  HAZE


RELATIVE HUMIDITY (PERCENT)
 HIGHEST    92           100 AM
 LOWEST     46           300 PM
 AVERAGE    69

..........................................................


THE ALTURAS CA CLIMATE NORMALS FOR TOMORROW
                         NORMAL    RECORD    YEAR
 MAXIMUM TEMPERATURE (F)   48        69      1977
 MINIMUM TEMPERATURE (F)   23        -3      1952


SUNRISE AND SUNSET
FEBRUARY 20 2018......SUNRISE   650 AM PST   SUNSET   542 PM PST
FEBRUARY 21 2018......SUNRISE   649 AM PST   SUNSET   543 PM PST


-  INDICATES NEGATIVE NUMBERS.
R  INDICATES RECORD WAS SET OR TIED.
MM INDICATES DATA IS MISSING.
T  INDICATES TRACE AMOUNT.




$$
