000
CDUS46 KMFR 260840
CLIAAT


CLIMATE REPORT
NATIONAL WEATHER SERVICE MEDFORD, OR
140 AM PDT THU MAR 26 2015


...................................

...THE ALTURAS CA CLIMATE SUMMARY FOR MARCH 25 2015...

CLIMATE NORMAL PERIOD 1981 TO 2010
CLIMATE RECORD PERIOD 1905 TO 2015


WEATHER ITEM   OBSERVED TIME   RECORD YEAR NORMAL DEPARTURE LAST
                VALUE   (LST)  VALUE       VALUE  FROM      YEAR
                                                  NORMAL
..................................................................
TEMPERATURE (F)
 YESTERDAY
  MAXIMUM         64    429 PM  79    1960  53     11       51
  MINIMUM         29    624 AM   4    1927  25      4       22
  AVERAGE         47                        39      8       37

PRECIPITATION (IN)
  YESTERDAY        0.00          1.14 1993   0.06  -0.06     0.06
  MONTH TO DATE    0.53                      1.19  -0.66     1.31
  SINCE OCT 1      6.17                      8.80  -2.63     3.54
  SINCE JAN 1      1.66                      4.29  -2.63     2.91

SNOWFALL (IN)
  YESTERDAY       MM                        MM     MM       MM
  MONTH TO DATE   MM                        MM     MM       MM
  SINCE JUL 1     MM                        MM     MM        0.0
  SNOW DEPTH      MM

DEGREE DAYS
 HEATING
  YESTERDAY       18                        26     -8       28
  MONTH TO DATE  514                       673   -159      589
  SINCE MAR 1    514                       673   -159      589
  SINCE JUL 1   4141                      5540  -1399     5354

 COOLING
  YESTERDAY        0                         0      0        0
  MONTH TO DATE    0                         0      0        0
  SINCE MAR 1      0                         0      0        0
  SINCE JAN 1      0                         0      0        0
..................................................................


WIND (MPH)
  HIGHEST WIND SPEED    10   HIGHEST WIND DIRECTION     S (170)
  HIGHEST GUST SPEED    13   HIGHEST GUST DIRECTION     S (160)
  AVERAGE WIND SPEED     2.3


SKY COVER
  POSSIBLE SUNSHINE  MM
  AVERAGE SKY COVER 0.1


WEATHER CONDITIONS
 THE FOLLOWING WEATHER WAS RECORDED YESTERDAY.
  FOG
  FOG W/VISIBILITY <= 1/4 MILE
  HAZE


RELATIVE HUMIDITY (PERCENT)
 HIGHEST   100          1200 AM
 LOWEST     36           300 PM
 AVERAGE    68

..........................................................


THE ALTURAS CA CLIMATE NORMALS FOR TODAY
                         NORMAL    RECORD    YEAR
 MAXIMUM TEMPERATURE (F)   54        77      1960
 MINIMUM TEMPERATURE (F)   25         8      1996


SUNRISE AND SUNSET
MARCH 26 2015.........SUNRISE   656 AM PDT   SUNSET   721 PM PDT
MARCH 27 2015.........SUNRISE   654 AM PDT   SUNSET   722 PM PDT


-  INDICATES NEGATIVE NUMBERS.
R  INDICATES RECORD WAS SET OR TIED.
MM INDICATES DATA IS MISSING.
T  INDICATES TRACE AMOUNT.




$$
