000
CDUS46 KMFR 190839
CLIAAT


CLIMATE REPORT
NATIONAL WEATHER SERVICE MEDFORD, OR
138 AM PDT SAT APR 19 2014


...................................

...THE ALTURAS CA CLIMATE SUMMARY FOR APRIL 18 2014...

CLIMATE NORMAL PERIOD 1981 TO 2010
CLIMATE RECORD PERIOD 1905 TO 2014


WEATHER ITEM   OBSERVED TIME   RECORD YEAR NORMAL DEPARTURE LAST
                VALUE   (LST)  VALUE       VALUE  FROM      YEAR
                                                  NORMAL
..................................................................
TEMPERATURE (F)
 YESTERDAY
  MAXIMUM         67    427 PM  83    1954  58      9       62
  MINIMUM         34    601 AM  17    1982  29      5       20
  AVERAGE         51                        44      7       41

PRECIPITATION (IN)
  YESTERDAY        0.00          0.43 2011   0.06  -0.06     0.00
  MONTH TO DATE    0.20                      0.90  -0.70     1.43
  SINCE SEP 1      5.10                     10.55  -5.45     6.82
  SINCE JAN 1      3.96                      5.52  -1.56     2.48

SNOWFALL (IN)
  YESTERDAY       MM                        MM     MM       MM
  MONTH TO DATE   MM                        MM     MM       MM
  SINCE JUL 1      0.0                      MM     MM       MM
  SNOW DEPTH      MM

DEGREE DAYS
 HEATING
  YESTERDAY       14                        21     -7       24
  MONTH TO DATE  313                       419   -106      401
  SINCE MAR 1   1057                      1244   -187     1168
  SINCE JUL 1   5822                      6111   -289     5754

 COOLING
  YESTERDAY        0                         0      0        0
  MONTH TO DATE    0                         0      0        0
  SINCE MAR 1      0                         0      0        0
  SINCE JAN 1      0                         0      0        0
..................................................................


WIND (MPH)
  HIGHEST WIND SPEED    14   HIGHEST WIND DIRECTION    NW (310)
  HIGHEST GUST SPEED    18   HIGHEST GUST DIRECTION    NW (310)
  AVERAGE WIND SPEED     2.8


SKY COVER
  POSSIBLE SUNSHINE  MM
  AVERAGE SKY COVER 0.4


WEATHER CONDITIONS
 THE FOLLOWING WEATHER WAS RECORDED YESTERDAY.
  LIGHT RAIN
  FOG


RELATIVE HUMIDITY (PERCENT)
 HIGHEST   100           600 AM
 LOWEST     11           500 PM
 AVERAGE    56

..........................................................


THE ALTURAS CA CLIMATE NORMALS FOR TODAY
                         NORMAL    RECORD    YEAR
 MAXIMUM TEMPERATURE (F)   59        83      1934
 MINIMUM TEMPERATURE (F)   29        15      1979


SUNRISE AND SUNSET
APRIL 19 2014.........SUNRISE   616 AM PDT   SUNSET   747 PM PDT
APRIL 20 2014.........SUNRISE   615 AM PDT   SUNSET   748 PM PDT


-  INDICATES NEGATIVE NUMBERS.
R  INDICATES RECORD WAS SET OR TIED.
MM INDICATES DATA IS MISSING.
T  INDICATES TRACE AMOUNT.




$$
