000
CDUS46 KMFR 280037
CLIAAT


CLIMATE REPORT
NATIONAL WEATHER SERVICE MEDFORD, OR
537 PM PDT FRI MAY 27 2016


...................................

...THE ALTURAS CA CLIMATE SUMMARY FOR MAY 27 2016...
VALID TODAY AS OF 0500 PM LOCAL TIME.

CLIMATE NORMAL PERIOD 1981 TO 2010
CLIMATE RECORD PERIOD 1905 TO 2016


WEATHER ITEM   OBSERVED TIME   RECORD YEAR NORMAL DEPARTURE LAST
                VALUE   (LST)  VALUE       VALUE  FROM      YEAR
                                                  NORMAL
..................................................................
TEMPERATURE (F)
 TODAY
  MAXIMUM         67    248 PM  91    1919  71     -4       76
  MINIMUM         37    507 AM  25    1961  38     -1       41
  AVERAGE         52                        54     -2       59

PRECIPITATION (IN)
  TODAY            0.00          0.66 1964   0.04  -0.04     0.00
  MONTH TO DATE    1.17                      1.19  -0.02     2.60
  SINCE OCT 1     12.81                     11.88   0.93     9.32
  SINCE JAN 1      6.83                      7.37  -0.54     4.81

SNOWFALL (IN)
  TODAY           MM                        MM     MM       MM
  MONTH TO DATE   MM                        MM     MM       MM
  SINCE JUL 1     MM                        MM     MM       MM
  SNOW DEPTH      MM

DEGREE DAYS
 HEATING
  TODAY           13                        11      2        6
  MONTH TO DATE  314                       372    -58      341
  SINCE MAR 1   1458                      1849   -391     1567
  SINCE JUL 1   5845                      6716   -871     5194

 COOLING
  TODAY            0                         0      0        0
  MONTH TO DATE    0                         0      0        0
  SINCE MAR 1      0                         0      0        0
  SINCE JAN 1      0                         0      0        0
..................................................................


WIND (MPH)
  HIGHEST WIND SPEED    17   HIGHEST WIND DIRECTION    NW (330)
  HIGHEST GUST SPEED    23   HIGHEST GUST DIRECTION    NW (320)
  AVERAGE WIND SPEED     4.5


SKY COVER
  POSSIBLE SUNSHINE  MM
  AVERAGE SKY COVER 0.0


WEATHER CONDITIONS
 THE FOLLOWING WEATHER WAS RECORDED TODAY.
  NO SIGNIFICANT WEATHER WAS OBSERVED.


RELATIVE HUMIDITY (PERCENT)
 HIGHEST    85           500 AM
 LOWEST     22           300 PM
 AVERAGE    54

..........................................................


THE ALTURAS CA CLIMATE NORMALS FOR TOMORROW
                         NORMAL    RECORD    YEAR
 MAXIMUM TEMPERATURE (F)   72        93      1983
 MINIMUM TEMPERATURE (F)   38        28      2007
                                             1977


SUNRISE AND SUNSET
MAY 27 2016...........SUNRISE   533 AM PDT   SUNSET   826 PM PDT
MAY 28 2016...........SUNRISE   533 AM PDT   SUNSET   827 PM PDT


-  INDICATES NEGATIVE NUMBERS.
R  INDICATES RECORD WAS SET OR TIED.
MM INDICATES DATA IS MISSING.
T  INDICATES TRACE AMOUNT.




$$
