000
CDUS46 KMFR 240836
CLIAAT


CLIMATE REPORT
NATIONAL WEATHER SERVICE MEDFORD, OR
136 AM PDT THU JUL 24 2014


...................................

...THE ALTURAS CA CLIMATE SUMMARY FOR JULY 23 2014...

CLIMATE NORMAL PERIOD 1981 TO 2010
CLIMATE RECORD PERIOD 1905 TO 2014


WEATHER ITEM   OBSERVED TIME   RECORD YEAR NORMAL DEPARTURE LAST
                VALUE   (LST)  VALUE       VALUE  FROM      YEAR
                                                  NORMAL
..................................................................
TEMPERATURE (F)
 YESTERDAY
  MAXIMUM         82    316 PM 107    1905  90     -8       93
                                      2003
                                      1996
  MINIMUM         44    507 AM  34    1999  45     -1       55
  AVERAGE         63                        68     -5       74

PRECIPITATION (IN)
  YESTERDAY        0.00          0.09 1993   0.02  -0.02     0.00
  MONTH TO DATE    0.41                      0.21   0.20      T
  SINCE SEP 1      6.96                     13.68  -6.72     8.77
  SINCE JAN 1      5.82                      8.65  -2.83     4.43

SNOWFALL (IN)
  YESTERDAY       MM                        MM     MM       MM
  MONTH TO DATE   MM                        MM     MM       MM
  SINCE JUL 1     MM                        MM     MM       MM
  SNOW DEPTH      MM

DEGREE DAYS
 HEATING
  YESTERDAY        2                         1      1        0
  MONTH TO DATE    4                        33    -29        4
  SINCE JUN 1     93                       213   -120      160
  SINCE JUL 1      4                        33    -29        4

 COOLING
  YESTERDAY        0                         3     -3        9
  MONTH TO DATE  203                        55    148      128
  SINCE JUN 1    223                        66    157      171
  SINCE JAN 1    223                        66    157      171
..................................................................


WIND (MPH)
  HIGHEST WIND SPEED    26   HIGHEST WIND DIRECTION     W (250)
  HIGHEST GUST SPEED    35   HIGHEST GUST DIRECTION     W (260)
  AVERAGE WIND SPEED    11.1


SKY COVER
  POSSIBLE SUNSHINE  MM
  AVERAGE SKY COVER 0.0


WEATHER CONDITIONS
 THE FOLLOWING WEATHER WAS RECORDED YESTERDAY.
  NO SIGNIFICANT WEATHER WAS OBSERVED.


RELATIVE HUMIDITY (PERCENT)
 HIGHEST    89           500 AM
 LOWEST     14           100 PM
 AVERAGE    52

..........................................................


THE ALTURAS CA CLIMATE NORMALS FOR TODAY
                         NORMAL    RECORD    YEAR
 MAXIMUM TEMPERATURE (F)   90       102      1905
 MINIMUM TEMPERATURE (F)   45        36      1989


SUNRISE AND SUNSET
JULY 24 2014..........SUNRISE   549 AM PDT   SUNSET   828 PM PDT
JULY 25 2014..........SUNRISE   550 AM PDT   SUNSET   827 PM PDT


-  INDICATES NEGATIVE NUMBERS.
R  INDICATES RECORD WAS SET OR TIED.
MM INDICATES DATA IS MISSING.
T  INDICATES TRACE AMOUNT.




$$
