000
CDUS41 KPHI 262129
CLIABE


CLIMATE REPORT
NATIONAL WEATHER SERVICE MOUNT HOLLY NJ
428 PM EST WED NOV 26 2014


...................................

...THE ALLENTOWN PA CLIMATE SUMMARY FOR NOVEMBER 26 2014...
VALID TODAY AS OF 0400 PM LOCAL TIME.

CLIMATE NORMAL PERIOD 1981 TO 2010
CLIMATE RECORD PERIOD 1922 TO 2014


WEATHER ITEM   OBSERVED TIME   RECORD YEAR NORMAL DEPARTURE LAST
                VALUE   (LST)  VALUE       VALUE  FROM      YEAR
                                                  NORMAL
..................................................................
TEMPERATURE (F)
 TODAY
  MAXIMUM         43    606 AM  67    1999  48     -5       40
                                      1979
  MINIMUM         33    139 PM   3    1938  30      3       30
  AVERAGE         38                        39     -1       35

PRECIPITATION (IN)
  TODAY            0.85          1.74 1996   0.12   0.73     0.84
  MONTH TO DATE    2.88                      2.97  -0.09     1.51
  SINCE SEP 1      6.84                     11.47  -4.63     6.00
  SINCE JAN 1     40.83                     41.24  -0.41    40.84

SNOWFALL (IN)
  TODAY            3.1 R         1.7  1925   0.1    3.0      0.0
  MONTH TO DATE    3.6                       0.5    3.1       T
  SINCE SEP 1      3.6                       0.5    3.1       T
  SINCE JUL 1      3.6                       0.5    3.1       T
  SNOW DEPTH       0

DEGREE DAYS
 HEATING
  TODAY           27                        26      1       30
  MONTH TO DATE  620                       561     59      593
  SINCE SEP 1    985                      1061    -76     1021
  SINCE JUL 1    989                      1072    -83     1025

 COOLING
  TODAY            0                         0      0        0
  MONTH TO DATE    0                         0      0        0
  SINCE SEP 1    120                        78     42      102
  SINCE JAN 1    807                       757     50      927
..................................................................


WIND (MPH)
  HIGHEST WIND SPEED    15   HIGHEST WIND DIRECTION    NE (30)
  HIGHEST GUST SPEED    20   HIGHEST GUST DIRECTION     N (20)
  AVERAGE WIND SPEED     5.1


SKY COVER
  POSSIBLE SUNSHINE  MM
  AVERAGE SKY COVER 0.8


WEATHER CONDITIONS
 THE FOLLOWING WEATHER WAS RECORDED TODAY.
  RAIN
  LIGHT RAIN
  SNOW
  LIGHT SNOW
  FOG


RELATIVE HUMIDITY (PERCENT)
 HIGHEST    96           300 PM
 LOWEST     57           600 AM
 AVERAGE    77

..........................................................


THE ALLENTOWN PA CLIMATE NORMALS FOR TOMORROW
                         NORMAL    RECORD    YEAR
 MAXIMUM TEMPERATURE (F)   48        62      1988
                                             1959
 MINIMUM TEMPERATURE (F)   30        12      1932


SUNRISE AND SUNSET
NOVEMBER 26 2014......SUNRISE   701 AM EST   SUNSET   437 PM EST
NOVEMBER 27 2014......SUNRISE   702 AM EST   SUNSET   437 PM EST


-  INDICATES NEGATIVE NUMBERS.
R  INDICATES RECORD WAS SET OR TIED.
MM INDICATES DATA IS MISSING.
T  INDICATES TRACE AMOUNT.




$$
