000
CDUS41 KPHI 030636
CLIABE


CLIMATE REPORT
NATIONAL WEATHER SERVICE MOUNT HOLLY NJ
132 AM EST TUE MAR 3 2015


...................................

...THE ALLENTOWN PA CLIMATE SUMMARY FOR MARCH 2 2015...

CLIMATE NORMAL PERIOD 1981 TO 2010
CLIMATE RECORD PERIOD 1922 TO 2015


WEATHER ITEM   OBSERVED TIME   RECORD YEAR NORMAL DEPARTURE LAST
                VALUE   (LST)  VALUE       VALUE  FROM      YEAR
                                                  NORMAL
..................................................................
TEMPERATURE (F)
 YESTERDAY
  MAXIMUM         37    352 PM  72    1972  44     -7       40
  MINIMUM         24   1159 PM   8    1934  25     -1       25
  AVERAGE         31                        34     -3       33

PRECIPITATION (IN)
  YESTERDAY        T             1.29 2007   0.09  -0.09     0.01
  MONTH TO DATE    0.33                      0.19   0.14     0.01
  SINCE MAR 1      0.33                      0.19   0.14     0.01
  SINCE JAN 1      4.88                      5.92  -1.04     9.00

SNOWFALL (IN)
  YESTERDAY        T             7.1  1994   0.3   -0.3      0.2
                                      1969
  MONTH TO DATE    3.2                       0.5    2.7      0.2
  SINCE MAR 1      3.2                       0.5    2.7      0.2
  SINCE JUL 1     35.5                      27.5    8.0     66.9
  SNOW DEPTH       6

DEGREE DAYS
 HEATING
  YESTERDAY       34                        31      3       32
  MONTH TO DATE   83                        62     21       78
  SINCE MAR 1     83                        62     21       78
  SINCE JUL 1   4564                      4371    193     4676

 COOLING
  YESTERDAY        0                         0      0        0
  MONTH TO DATE    0                         0      0        0
  SINCE MAR 1      0                         0      0        0
  SINCE JAN 1      0                         0      0        0
..................................................................


WIND (MPH)
  HIGHEST WIND SPEED    25   HIGHEST WIND DIRECTION    NW (310)
  HIGHEST GUST SPEED    36   HIGHEST GUST DIRECTION    NW (330)
  AVERAGE WIND SPEED    11.1


SKY COVER
  POSSIBLE SUNSHINE  MM
  AVERAGE SKY COVER 0.5


WEATHER CONDITIONS
 THE FOLLOWING WEATHER WAS RECORDED YESTERDAY.
  LIGHT SNOW
  FOG
  HAZE


RELATIVE HUMIDITY (PERCENT)
 HIGHEST    88           100 AM
 LOWEST     35           400 PM
 AVERAGE    62

..........................................................


THE ALLENTOWN PA CLIMATE NORMALS FOR TODAY
                         NORMAL    RECORD    YEAR
 MAXIMUM TEMPERATURE (F)   45        71      1991
 MINIMUM TEMPERATURE (F)   25         8      1950
                                             1925


SUNRISE AND SUNSET
MARCH  3 2015.........SUNRISE   633 AM EST   SUNSET   555 PM EST
MARCH  4 2015.........SUNRISE   631 AM EST   SUNSET   556 PM EST


-  INDICATES NEGATIVE NUMBERS.
R  INDICATES RECORD WAS SET OR TIED.
MM INDICATES DATA IS MISSING.
T  INDICATES TRACE AMOUNT.




$$
