000
CDUS41 KPHI 280627
CLIABE


CLIMATE REPORT
NATIONAL WEATHER SERVICE MOUNT HOLLY NJ
126 AM EST SUN DEC 28 2014


...................................

...THE ALLENTOWN PA CLIMATE SUMMARY FOR DECEMBER 27 2014...

CLIMATE NORMAL PERIOD 1981 TO 2010
CLIMATE RECORD PERIOD 1922 TO 2014


WEATHER ITEM   OBSERVED TIME   RECORD YEAR NORMAL DEPARTURE LAST
                VALUE   (LST)  VALUE       VALUE  FROM      YEAR
                                                  NORMAL
..................................................................
TEMPERATURE (F)
 YESTERDAY
  MAXIMUM         56    312 PM  59    1949  37     19       39
                                      1936
  MINIMUM         28    751 AM  -1    1950  21      7       19
                                      1948
  AVERAGE         42                        29     13       29

PRECIPITATION (IN)
  YESTERDAY        0.00          1.55 1930   0.10  -0.10     0.00
  MONTH TO DATE    3.61                      3.20   0.41     3.19
  SINCE DEC 1      3.61                      3.20   0.41     3.19
  SINCE JAN 1     44.68                     44.97  -0.29    45.10

SNOWFALL (IN)
  YESTERDAY        0.0           6.0  1894   0.2   -0.2      0.0
  MONTH TO DATE    0.6                       4.2   -3.6     13.5
  SINCE DEC 1      0.6                       4.2   -3.6     13.5
  SINCE JUL 1      6.3                       4.9    1.4     13.5
  SNOW DEPTH       0

DEGREE DAYS
 HEATING
  YESTERDAY       23                        36    -13       36
  MONTH TO DATE  730                       870   -140      896
  SINCE DEC 1    730                       870   -140      896
  SINCE JUL 1   1865                      2050   -185     2055

 COOLING
  YESTERDAY        0                         0      0        0
  MONTH TO DATE    0                         0      0        0
  SINCE DEC 1      0                         0      0        0
  SINCE JAN 1    807                       757     50      927
..................................................................


WIND (MPH)
  HIGHEST WIND SPEED     9   HIGHEST WIND DIRECTION    SW (230)
  HIGHEST GUST SPEED    12   HIGHEST GUST DIRECTION    SW (210)
  AVERAGE WIND SPEED     2.3


SKY COVER
  POSSIBLE SUNSHINE  MM
  AVERAGE SKY COVER 0.0


WEATHER CONDITIONS
 THE FOLLOWING WEATHER WAS RECORDED YESTERDAY.
  FOG
  HAZE


RELATIVE HUMIDITY (PERCENT)
 HIGHEST    92           600 AM
 LOWEST     38           200 PM
 AVERAGE    65

..........................................................


THE ALLENTOWN PA CLIMATE NORMALS FOR TODAY
                         NORMAL    RECORD    YEAR
 MAXIMUM TEMPERATURE (F)   37        63      2008
                                             1982
 MINIMUM TEMPERATURE (F)   21        -8      1950


SUNRISE AND SUNSET
DECEMBER 28 2014......SUNRISE   725 AM EST   SUNSET   442 PM EST
DECEMBER 29 2014......SUNRISE   725 AM EST   SUNSET   443 PM EST


-  INDICATES NEGATIVE NUMBERS.
R  INDICATES RECORD WAS SET OR TIED.
MM INDICATES DATA IS MISSING.
T  INDICATES TRACE AMOUNT.




$$
