172
CDUS41 KPHI 310645
CLIABE


CLIMATE REPORT
NATIONAL WEATHER SERVICE MOUNT HOLLY NJ
245 AM EDT TUE MAY 31 2016


...................................

...THE ALLENTOWN PA CLIMATE SUMMARY FOR MAY 30 2016...

CLIMATE NORMAL PERIOD 1981 TO 2010
CLIMATE RECORD PERIOD 1922 TO 2016


WEATHER ITEM   OBSERVED TIME   RECORD YEAR NORMAL DEPARTURE LAST
                VALUE   (LST)  VALUE       VALUE  FROM      YEAR
                                                  NORMAL
..................................................................
TEMPERATURE (F)
 YESTERDAY
  MAXIMUM         85    432 PM  94    1987  76      9       90
  MINIMUM         66    507 AM  36    1949  53     13       67
  AVERAGE         76                        64     12       79

PRECIPITATION (IN)
  YESTERDAY        0.58          1.68 1968   0.15   0.43     0.00
  MONTH TO DATE    4.05                      3.99   0.06     0.22
  SINCE MAR 1      6.80                     10.94  -4.14     6.46
  SINCE JAN 1     15.83                     16.67  -0.84    11.01

SNOWFALL (IN)
  YESTERDAY        0.0           0.0    MM   0.0    0.0      0.0
  MONTH TO DATE    0.0                       0.0    0.0      0.0
  SINCE MAR 1      0.3                       5.9   -5.6     17.8
  SINCE JUL 1     36.2                      32.9    3.3     50.1
  SNOW DEPTH       0

DEGREE DAYS
 HEATING
  YESTERDAY        0                         3     -3        0
  MONTH TO DATE  194                       195     -1       81
  SINCE MAR 1   1199                      1456   -257     1447
  SINCE JUL 1   4656                      5765  -1109     5928

 COOLING
  YESTERDAY       11                         3      8       14
  MONTH TO DATE   67                        35     32      123
  SINCE MAR 1     76                        40     36      123
  SINCE JAN 1     76                        40     36      123
..................................................................


WIND (MPH)
  HIGHEST WIND SPEED    15   HIGHEST WIND DIRECTION    NW (330)
  HIGHEST GUST SPEED    21   HIGHEST GUST DIRECTION    NW (320)
  AVERAGE WIND SPEED     3.8


SKY COVER
  POSSIBLE SUNSHINE  MM
  AVERAGE SKY COVER 0.5


WEATHER CONDITIONS
 THE FOLLOWING WEATHER WAS RECORDED YESTERDAY.
  HEAVY RAIN
  RAIN
  LIGHT RAIN
  FOG


RELATIVE HUMIDITY (PERCENT)
 HIGHEST    93           600 AM
 LOWEST     47           500 PM
 AVERAGE    70

..........................................................


THE ALLENTOWN PA CLIMATE NORMALS FOR TODAY
                         NORMAL    RECORD    YEAR
 MAXIMUM TEMPERATURE (F)   76        95      1939
 MINIMUM TEMPERATURE (F)   53        37      1996


SUNRISE AND SUNSET
MAY 31 2016...........SUNRISE   533 AM EDT   SUNSET   826 PM EDT
JUNE  1 2016..........SUNRISE   533 AM EDT   SUNSET   827 PM EDT


-  INDICATES NEGATIVE NUMBERS.
R  INDICATES RECORD WAS SET OR TIED.
MM INDICATES DATA IS MISSING.
T  INDICATES TRACE AMOUNT.




$$
