000
CDUS41 KPHI 240547
CLIABE


CLIMATE REPORT
NATIONAL WEATHER SERVICE MOUNT HOLLY NJ
145 AM EDT THU AUG 24 2017


...................................

...THE ALLENTOWN PA CLIMATE SUMMARY FOR AUGUST 23 2017...

CLIMATE NORMAL PERIOD 1981 TO 2010
CLIMATE RECORD PERIOD 1922 TO 2017


WEATHER ITEM   OBSERVED TIME   RECORD YEAR NORMAL DEPARTURE LAST
                VALUE   (LST)  VALUE       VALUE  FROM      YEAR
                                                  NORMAL
..................................................................
TEMPERATURE (F)
 YESTERDAY
  MAXIMUM         81    253 PM  96    1936  82     -1       81
  MINIMUM         60   1156 PM  47    1923  60      0       52
  AVERAGE         71                        71      0       67

PRECIPITATION (IN)
  YESTERDAY        T             2.00 1937   0.11  -0.11     0.00
  MONTH TO DATE    8.34                      2.87   5.47     1.93
  SINCE JUN 1     21.85                     12.13   9.72    10.52
  SINCE JAN 1     39.03                     28.95  10.08    26.35

SNOWFALL (IN)
  YESTERDAY        0.0           0.0  2002   0.0    0.0      0.0
                                      2001
  MONTH TO DATE    0.0                       0.0    0.0      0.0
  SINCE JUN 1      0.0                       0.0    0.0      0.0
  SINCE JUL 1      0.0                       0.0    0.0      0.0
  SNOW DEPTH       0

DEGREE DAYS
 HEATING
  YESTERDAY        0                         0      0        0
  MONTH TO DATE    0                         0      0        0
  SINCE JUN 1     27                        36     -9        9
  SINCE JUL 1      0                         3     -3        0

 COOLING
  YESTERDAY        6                         6      0        2
  MONTH TO DATE  193                       170     23      283
  SINCE JUN 1    737                       590    147      862
  SINCE JAN 1    797                       635    162      949
..................................................................


WIND (MPH)
  HIGHEST WIND SPEED    17   HIGHEST WIND DIRECTION     W (260)
  HIGHEST GUST SPEED    21   HIGHEST GUST DIRECTION    NW (320)
  AVERAGE WIND SPEED     6.7


SKY COVER
  POSSIBLE SUNSHINE  MM
  AVERAGE SKY COVER 0.3


WEATHER CONDITIONS
 THE FOLLOWING WEATHER WAS RECORDED YESTERDAY.
  LIGHT RAIN
  FOG


RELATIVE HUMIDITY (PERCENT)
 HIGHEST    90           500 AM
 LOWEST     39          1200 PM
 AVERAGE    65

..........................................................


THE ALLENTOWN PA CLIMATE NORMALS FOR TODAY
                         NORMAL    RECORD    YEAR
 MAXIMUM TEMPERATURE (F)   82        92      1947
 MINIMUM TEMPERATURE (F)   60        47      1971
                                             1957
                                             1952


SUNRISE AND SUNSET
AUGUST 24 2017........SUNRISE   621 AM EDT   SUNSET   746 PM EDT
AUGUST 25 2017........SUNRISE   622 AM EDT   SUNSET   744 PM EDT


-  INDICATES NEGATIVE NUMBERS.
R  INDICATES RECORD WAS SET OR TIED.
MM INDICATES DATA IS MISSING.
T  INDICATES TRACE AMOUNT.




$$
