000
CDUS41 KPHI 240628
CLIABE


CLIMATE REPORT
NATIONAL WEATHER SERVICE MOUNT HOLLY NJ
227 AM EDT WED AUG 24 2016


...................................

...THE ALLENTOWN PA CLIMATE SUMMARY FOR AUGUST 23 2016...

CLIMATE NORMAL PERIOD 1981 TO 2010
CLIMATE RECORD PERIOD 1922 TO 2016


WEATHER ITEM   OBSERVED TIME   RECORD YEAR NORMAL DEPARTURE LAST
                VALUE   (LST)  VALUE       VALUE  FROM      YEAR
                                                  NORMAL
..................................................................
TEMPERATURE (F)
 YESTERDAY
  MAXIMUM         81    346 PM  96    1936  82     -1       82
  MINIMUM         52    531 AM  47    1923  60     -8       55
  AVERAGE         67                        71     -4       69

PRECIPITATION (IN)
  YESTERDAY        0.00          2.00 1937   0.11  -0.11     0.00
  MONTH TO DATE    1.93                      2.87  -0.94     2.56
  SINCE JUN 1     10.52                     12.13  -1.61    15.58
  SINCE JAN 1     26.35                     28.95  -2.60    27.19

SNOWFALL (IN)
  YESTERDAY        0.0           0.0  2002   0.0    0.0      0.0
                                      2001
  MONTH TO DATE    0.0                       0.0    0.0      0.0
  SINCE JUN 1      0.0                       0.0    0.0      0.0
  SINCE JUL 1      0.0                       0.0    0.0      0.0
  SNOW DEPTH       0

DEGREE DAYS
 HEATING
  YESTERDAY        0                         0      0        0
  MONTH TO DATE    0                         0      0        0
  SINCE JUN 1      9                        36    -27       21
  SINCE JUL 1      0                         3     -3        0

 COOLING
  YESTERDAY        2                         6     -4        4
  MONTH TO DATE  283                       170    113      202
  SINCE JUN 1    862                       590    272      708
  SINCE JAN 1    949                       635    314      841
..................................................................


WIND (MPH)
  HIGHEST WIND SPEED    12   HIGHEST WIND DIRECTION     W (280)
  HIGHEST GUST SPEED    17   HIGHEST GUST DIRECTION     W (250)
  AVERAGE WIND SPEED     2.3


SKY COVER
  POSSIBLE SUNSHINE  MM
  AVERAGE SKY COVER 0.0


WEATHER CONDITIONS
 THE FOLLOWING WEATHER WAS RECORDED YESTERDAY.
  NO SIGNIFICANT WEATHER WAS OBSERVED.


RELATIVE HUMIDITY (PERCENT)
 HIGHEST    93           400 AM
 LOWEST     39           400 PM
 AVERAGE    66

..........................................................


THE ALLENTOWN PA CLIMATE NORMALS FOR TODAY
                         NORMAL    RECORD    YEAR
 MAXIMUM TEMPERATURE (F)   82        92      1947
 MINIMUM TEMPERATURE (F)   60        47      1971
                                             1957
                                             1952


SUNRISE AND SUNSET
AUGUST 24 2016........SUNRISE   621 AM EDT   SUNSET   746 PM EDT
AUGUST 25 2016........SUNRISE   622 AM EDT   SUNSET   744 PM EDT


-  INDICATES NEGATIVE NUMBERS.
R  INDICATES RECORD WAS SET OR TIED.
MM INDICATES DATA IS MISSING.
T  INDICATES TRACE AMOUNT.




$$
