000
CDUS41 KPHI 292129
CLIABE


CLIMATE REPORT
NATIONAL WEATHER SERVICE MOUNT HOLLY NJ
529 PM EDT THU SEP 29 2016


...................................

...THE ALLENTOWN PA CLIMATE SUMMARY FOR SEPTEMBER 29 2016...
VALID TODAY AS OF 0500 PM LOCAL TIME.

CLIMATE NORMAL PERIOD 1981 TO 2010
CLIMATE RECORD PERIOD 1922 TO 2016


WEATHER ITEM   OBSERVED TIME   RECORD YEAR NORMAL DEPARTURE LAST
                VALUE   (LST)  VALUE       VALUE  FROM      YEAR
                                                  NORMAL
..................................................................
TEMPERATURE (F)
 TODAY
  MAXIMUM         62    359 PM  86    1945  70     -8       81
                                      1929
  MINIMUM         57    752 AM  32    2000  47     10       68
  AVERAGE         60                        59      1       75

PRECIPITATION (IN)
  TODAY            0.29          1.82 1963   0.18   0.11     0.95
  MONTH TO DATE    1.69                      4.45  -2.76     3.36
  SINCE SEP 1      1.69                      4.45  -2.76     3.36
  SINCE JAN 1     28.10                     34.22  -6.12    30.55

SNOWFALL (IN)
  TODAY            0.0           0.0  2002   0.0    0.0      0.0
                                      2001
  MONTH TO DATE    0.0                       0.0    0.0      0.0
  SINCE SEP 1      0.0                       0.0    0.0      0.0
  SINCE JUL 1      0.0                       0.0    0.0      0.0
  SNOW DEPTH       0

DEGREE DAYS
 HEATING
  TODAY            5                         7     -2        0
  MONTH TO DATE   33                        96    -63       22
  SINCE SEP 1     33                        96    -63       22
  SINCE JUL 1     33                       107    -74       22

 COOLING
  TODAY            0                         1     -1       10
  MONTH TO DATE  176                        71    105      165
  SINCE SEP 1    176                        71    105      165
  SINCE JAN 1   1208                       750    458     1052
..................................................................


WIND (MPH)
  HIGHEST WIND SPEED    23   HIGHEST WIND DIRECTION     E (80)
  HIGHEST GUST SPEED    30   HIGHEST GUST DIRECTION     E (80)
  AVERAGE WIND SPEED    15.8


SKY COVER
  POSSIBLE SUNSHINE  MM
  AVERAGE SKY COVER 1.0


WEATHER CONDITIONS
 THE FOLLOWING WEATHER WAS RECORDED TODAY.
  RAIN
  LIGHT RAIN
  FOG


RELATIVE HUMIDITY (PERCENT)
 HIGHEST    86           300 AM
 LOWEST     72          1200 AM
 AVERAGE    79

..........................................................


THE ALLENTOWN PA CLIMATE NORMALS FOR TOMORROW
                         NORMAL    RECORD    YEAR
 MAXIMUM TEMPERATURE (F)   69        87      1986
                                             1953
 MINIMUM TEMPERATURE (F)   47        32      1942


SUNRISE AND SUNSET
SEPTEMBER 29 2016.....SUNRISE   657 AM EDT   SUNSET   646 PM EDT
SEPTEMBER 30 2016.....SUNRISE   658 AM EDT   SUNSET   645 PM EDT


-  INDICATES NEGATIVE NUMBERS.
R  INDICATES RECORD WAS SET OR TIED.
MM INDICATES DATA IS MISSING.
T  INDICATES TRACE AMOUNT.




$$
