000
CDUS41 KPHI 300627
CLIABE


CLIMATE REPORT
NATIONAL WEATHER SERVICE MOUNT HOLLY NJ
226 AM EDT SAT JUL 30 2016


...................................

...THE ALLENTOWN PA CLIMATE SUMMARY FOR JULY 29 2016...

CLIMATE NORMAL PERIOD 1981 TO 2010
CLIMATE RECORD PERIOD 1922 TO 2016


WEATHER ITEM   OBSERVED TIME   RECORD YEAR NORMAL DEPARTURE LAST
                VALUE   (LST)  VALUE       VALUE  FROM      YEAR
                                                  NORMAL
..................................................................
TEMPERATURE (F)
 YESTERDAY
  MAXIMUM         91    411 PM  96    1954  84      7       93
  MINIMUM         71   1146 PM  53    1928  63      8       67
  AVERAGE         81                        73      8       80

PRECIPITATION (IN)
  YESTERDAY        0.30          1.64 1979   0.15   0.15     0.00
  MONTH TO DATE    4.74                      4.63   0.11     4.08
  SINCE JUN 1      6.61                      8.94  -2.33    11.67
  SINCE JAN 1     22.44                     25.76  -3.32    23.28

SNOWFALL (IN)
  YESTERDAY        0.0           0.0  2002   0.0    0.0      0.0
                                      2001
  MONTH TO DATE    0.0                       0.0    0.0      0.0
  SINCE JUN 1      0.0                       0.0    0.0      0.0
  SINCE JUL 1      0.0                       0.0    0.0      0.0
  SNOW DEPTH       0

DEGREE DAYS
 HEATING
  YESTERDAY        0                         0      0        0
  MONTH TO DATE    0                         0      0        0
  SINCE JUN 1      9                        33    -24       21
  SINCE JUL 1      0                         0      0        0

 COOLING
  YESTERDAY       16                         8      8       15
  MONTH TO DATE  353                       252    101      285
  SINCE JUN 1    551                       407    144      484
  SINCE JAN 1    638                       452    186      617
..................................................................


WIND (MPH)
  HIGHEST WIND SPEED    14   HIGHEST WIND DIRECTION    NE (60)
  HIGHEST GUST SPEED    16   HIGHEST GUST DIRECTION    NE (50)
  AVERAGE WIND SPEED     3.1


SKY COVER
  POSSIBLE SUNSHINE  MM
  AVERAGE SKY COVER 0.5


WEATHER CONDITIONS
 THE FOLLOWING WEATHER WAS RECORDED YESTERDAY.
  RAIN
  LIGHT RAIN
  FOG


RELATIVE HUMIDITY (PERCENT)
 HIGHEST    93          1200 AM
 LOWEST     44           500 PM
 AVERAGE    69

..........................................................


THE ALLENTOWN PA CLIMATE NORMALS FOR TODAY
                         NORMAL    RECORD    YEAR
 MAXIMUM TEMPERATURE (F)   84        97      1940
 MINIMUM TEMPERATURE (F)   63        50      1997
                                             1968


SUNRISE AND SUNSET
JULY 30 2016..........SUNRISE   557 AM EDT   SUNSET   819 PM EDT
JULY 31 2016..........SUNRISE   558 AM EDT   SUNSET   817 PM EDT


-  INDICATES NEGATIVE NUMBERS.
R  INDICATES RECORD WAS SET OR TIED.
MM INDICATES DATA IS MISSING.
T  INDICATES TRACE AMOUNT.




$$
