000
CDUS41 KPHI 300635
CLIABE


CLIMATE REPORT
NATIONAL WEATHER SERVICE MOUNT HOLLY NJ
235 AM EDT THU MAR 30 2017


...................................

...THE ALLENTOWN PA CLIMATE SUMMARY FOR MARCH 29 2017...

CLIMATE NORMAL PERIOD 1981 TO 2010
CLIMATE RECORD PERIOD 1922 TO 2017


WEATHER ITEM   OBSERVED TIME   RECORD YEAR NORMAL DEPARTURE LAST
                VALUE   (LST)  VALUE       VALUE  FROM      YEAR
                                                  NORMAL
..................................................................
TEMPERATURE (F)
 YESTERDAY
  MAXIMUM         59    255 PM  86    1945  55      4       56
  MINIMUM         38   1124 PM  13    1923  33      5       35
  AVERAGE         49                        44      5       46

PRECIPITATION (IN)
  YESTERDAY        0.00          1.31 1970   0.12  -0.12     0.00
  MONTH TO DATE    3.53                      3.15   0.38     0.96
  SINCE MAR 1      3.53                      3.15   0.38     0.96
  SINCE JAN 1      8.62                      8.88  -0.26     9.99

SNOWFALL (IN)
  YESTERDAY        0.0          10.2  1970   0.1   -0.1      0.0
  MONTH TO DATE   18.3                       4.8   13.5      0.3
  SINCE MAR 1     18.3                       4.8   13.5      0.3
  SINCE JUL 1     28.3                      31.8   -3.5     36.2
  SNOW DEPTH       0

DEGREE DAYS
 HEATING
  YESTERDAY       16                        21     -5       19
  MONTH TO DATE  786                       762     24      540
  SINCE MAR 1    786                       762     24      540
  SINCE JUL 1   4288                      5071   -783     3997

 COOLING
  YESTERDAY        0                         0      0        0
  MONTH TO DATE    0                         0      0        2
  SINCE MAR 1      0                         0      0        2
  SINCE JAN 1      0                         0      0        2
..................................................................


WIND (MPH)
  HIGHEST WIND SPEED    24   HIGHEST WIND DIRECTION     N (340)
  HIGHEST GUST SPEED    31   HIGHEST GUST DIRECTION     N (350)
  AVERAGE WIND SPEED    12.5


SKY COVER
  POSSIBLE SUNSHINE  MM
  AVERAGE SKY COVER 0.3


WEATHER CONDITIONS
 THE FOLLOWING WEATHER WAS RECORDED YESTERDAY.
  HAZE


RELATIVE HUMIDITY (PERCENT)
 HIGHEST    83          1200 AM
 LOWEST     32           500 PM
 AVERAGE    58

..........................................................


THE ALLENTOWN PA CLIMATE NORMALS FOR TODAY
                         NORMAL    RECORD    YEAR
 MAXIMUM TEMPERATURE (F)   55        87      1998
 MINIMUM TEMPERATURE (F)   33        10      1970


SUNRISE AND SUNSET
MARCH 30 2017.........SUNRISE   648 AM EDT   SUNSET   725 PM EDT
MARCH 31 2017.........SUNRISE   647 AM EDT   SUNSET   726 PM EDT


-  INDICATES NEGATIVE NUMBERS.
R  INDICATES RECORD WAS SET OR TIED.
MM INDICATES DATA IS MISSING.
T  INDICATES TRACE AMOUNT.




$$
