000
CDUS41 KPHI 030632
CLIABE


CLIMATE REPORT
NATIONAL WEATHER SERVICE MOUNT HOLLY NJ
230 AM EDT MON AUG 3 2015


...................................

...THE ALLENTOWN PA CLIMATE SUMMARY FOR AUGUST 2 2015...

CLIMATE NORMAL PERIOD 1981 TO 2010
CLIMATE RECORD PERIOD 1922 TO 2015


WEATHER ITEM   OBSERVED TIME   RECORD YEAR NORMAL DEPARTURE LAST
                VALUE   (LST)  VALUE       VALUE  FROM      YEAR
                                                  NORMAL
..................................................................
TEMPERATURE (F)
 YESTERDAY
  MAXIMUM         86    227 PM 100    1955  84      2       81
  MINIMUM         59    320 AM  49    1947  63     -4       67
  AVERAGE         73                        73      0       74

PRECIPITATION (IN)
  YESTERDAY        0.00          2.76 1927   0.15  -0.15      T
  MONTH TO DATE    0.00                      0.29  -0.29     0.07
  SINCE JUN 1     13.02                      9.55   3.47     9.79
  SINCE JAN 1     24.63                     26.37  -1.74    32.09

SNOWFALL (IN)
  YESTERDAY        0.0           0.0  2002   0.0    0.0      0.0
                                      2001
  MONTH TO DATE    0.0                       0.0    0.0      0.0
  SINCE JUN 1      0.0                       0.0    0.0      0.0
  SINCE JUL 1      0.0                       0.0    0.0      0.0
  SNOW DEPTH       0

DEGREE DAYS
 HEATING
  YESTERDAY        0                         0      0        0
  MONTH TO DATE    0                         0      0        0
  SINCE JUN 1     21                        36    -15        4
  SINCE JUL 1      0                         3     -3        0

 COOLING
  YESTERDAY        8                         8      0        9
  MONTH TO DATE   18                        16      2       17
  SINCE JUN 1    524                       436     88      478
  SINCE JAN 1    657                       481    176      517
..................................................................


WIND (MPH)
  HIGHEST WIND SPEED    16   HIGHEST WIND DIRECTION    SW (220)
  HIGHEST GUST SPEED    21   HIGHEST GUST DIRECTION    SW (240)
  AVERAGE WIND SPEED     5.3


SKY COVER
  POSSIBLE SUNSHINE  MM
  AVERAGE SKY COVER 0.1


WEATHER CONDITIONS
 THE FOLLOWING WEATHER WAS RECORDED YESTERDAY.
  NO SIGNIFICANT WEATHER WAS OBSERVED.


RELATIVE HUMIDITY (PERCENT)
 HIGHEST    84           300 AM
 LOWEST     37           100 PM
 AVERAGE    61

..........................................................


THE ALLENTOWN PA CLIMATE NORMALS FOR TODAY
                         NORMAL    RECORD    YEAR
 MAXIMUM TEMPERATURE (F)   84        97      1930
 MINIMUM TEMPERATURE (F)   62        48      1927


SUNRISE AND SUNSET
AUGUST  3 2015........SUNRISE   600 AM EDT   SUNSET   815 PM EDT
AUGUST  4 2015........SUNRISE   601 AM EDT   SUNSET   814 PM EDT


-  INDICATES NEGATIVE NUMBERS.
R  INDICATES RECORD WAS SET OR TIED.
MM INDICATES DATA IS MISSING.
T  INDICATES TRACE AMOUNT.




$$
