000
CDUS44 KSJT 252326
CLIABI


CLIMATE REPORT
NATIONAL WEATHER SERVICE SAN ANGELO TX
526 PM CST SUN FEB 25 2018


...................................

...THE ABILENE CLIMATE SUMMARY FOR FEBRUARY 25 2018...
VALID TODAY AS OF 0500 PM LOCAL TIME.

CLIMATE NORMAL PERIOD 1981 TO 2010
CLIMATE RECORD PERIOD 1886 TO 2018


WEATHER ITEM   OBSERVED TIME   RECORD YEAR NORMAL DEPARTURE LAST
                VALUE   (LST)  VALUE       VALUE  FROM      YEAR
                                                  NORMAL
..................................................................
TEMPERATURE (F)
 TODAY
  MAXIMUM         71    448 PM  94    1904  63      8       55
  MINIMUM         32    704 AM   9    1960  39     -7       30
  AVERAGE         52                        51      1       43

PRECIPITATION (IN)
  TODAY            0.00          1.02 1982   0.06  -0.06     0.00
  MONTH TO DATE    2.40                      1.20   1.20     1.45
  SINCE DEC 1      3.45                      3.45   0.00     4.77
  SINCE JAN 1      2.40                      2.22   0.18     3.38

SNOWFALL (IN)
  TODAY            0.0           1.4  2004   0.0    0.0      0.0
  MONTH TO DATE    0.5                       0.7   -0.2      0.0
  SINCE NOV 1      0.5                       4.0   -3.5       T
  SINCE JUL 1      0.5                       4.0   -3.5       T

DEGREE DAYS
 HEATING
  TODAY           13                        14     -1       22
  MONTH TO DATE  475                       423     52      266
  SINCE DEC 1   1788                      1659    129     1380
  SINCE JUL 1   2183                      2092     91     1571

 COOLING
  TODAY            0                         0      0        0
  MONTH TO DATE   12                         0     12       24
  SINCE DEC 1     13                         2     11       27
  SINCE JAN 1     12                         1     11       27
..................................................................


WIND (MPH)
  HIGHEST WIND SPEED    16   HIGHEST WIND DIRECTION    SW (230)
  HIGHEST GUST SPEED    22   HIGHEST GUST DIRECTION    SW (230)
  AVERAGE WIND SPEED     7.5


SKY COVER
  POSSIBLE SUNSHINE  MM
  AVERAGE SKY COVER 0.1


WEATHER CONDITIONS
 THE FOLLOWING WEATHER WAS RECORDED TODAY.
  NO SIGNIFICANT WEATHER WAS OBSERVED.


RELATIVE HUMIDITY (PERCENT)
 HIGHEST    89           100 AM
 LOWEST     19          1200 PM
 AVERAGE    54

..........................................................


THE ABILENE CLIMATE NORMALS FOR TOMORROW
                         NORMAL    RECORD    YEAR
 MAXIMUM TEMPERATURE (F)   63        93      2009
 MINIMUM TEMPERATURE (F)   39        16      1891


SUNRISE AND SUNSET
FEBRUARY 25 2018......SUNRISE   711 AM CST   SUNSET   633 PM CST
FEBRUARY 26 2018......SUNRISE   710 AM CST   SUNSET   634 PM CST


-  INDICATES NEGATIVE NUMBERS.
R  INDICATES RECORD WAS SET OR TIED.
MM INDICATES DATA IS MISSING.
T  INDICATES TRACE AMOUNT.




$$
