000
CDUS44 KSJT 190758
CLIABI


CLIMATE REPORT
NATIONAL WEATHER SERVICE SAN ANGELO TX
258 AM CDT SAT APR 19 2014


...................................

...THE ABILENE CLIMATE SUMMARY FOR APRIL 18 2014...

CLIMATE NORMAL PERIOD 1981 TO 2010
CLIMATE RECORD PERIOD 1886 TO 2014


WEATHER ITEM   OBSERVED TIME   RECORD YEAR NORMAL DEPARTURE LAST
                VALUE   (LST)  VALUE       VALUE  FROM      YEAR
                                                  NORMAL
..................................................................
TEMPERATURE (F)
 YESTERDAY
  MAXIMUM         74    421 PM 102    1925  78     -4       73
  MINIMUM         51    755 AM  35    1921  53     -2       42
  AVERAGE         63                        65     -2       58

PRECIPITATION (IN)
  YESTERDAY        0.00          2.95 1908   0.05  -0.05     0.39
  MONTH TO DATE    0.21                      0.85  -0.64     1.72
  SINCE MAR 1      0.88                      2.59  -1.71     2.33
  SINCE JAN 1      1.37                      4.97  -3.60     4.22

SNOWFALL (IN)
  YESTERDAY        0.0           0.0  2002   0.0    0.0      0.0
  MONTH TO DATE    T                         0.3   -0.3       T
  SINCE NOV 1      3.1                       4.7   -1.6      1.1
  SINCE JUL 1      3.1                       4.7   -1.6      1.1

DEGREE DAYS
 HEATING
  YESTERDAY        2                         3     -1        7
  MONTH TO DATE   88                        85      3      106
  SINCE MAR 1    428                       383     45      367
  SINCE JUL 1   2790                      2516    274     2202

 COOLING
  YESTERDAY        0                         3     -3        0
  MONTH TO DATE   77                        46     31       85
  SINCE MAR 1    116                        75     41      125
  SINCE JAN 1    121                        80     41      131
..................................................................


WIND (MPH)
  HIGHEST WIND SPEED    14   HIGHEST WIND DIRECTION    SE (130)
  HIGHEST GUST SPEED    19   HIGHEST GUST DIRECTION     E (110)
  AVERAGE WIND SPEED     6.9


SKY COVER
  POSSIBLE SUNSHINE  MM
  AVERAGE SKY COVER 0.6


WEATHER CONDITIONS
 THE FOLLOWING WEATHER WAS RECORDED YESTERDAY.
  FOG
  HAZE


RELATIVE HUMIDITY (PERCENT)
 HIGHEST    96           200 AM
 LOWEST     38           400 PM
 AVERAGE    67

..........................................................


THE ABILENE CLIMATE NORMALS FOR TODAY
                         NORMAL    RECORD    YEAR
 MAXIMUM TEMPERATURE (F)   78        98      2011
                                             2000
 MINIMUM TEMPERATURE (F)   53        34      2013


SUNRISE AND SUNSET
APRIL 19 2014.........SUNRISE   705 AM CDT   SUNSET   811 PM CDT
APRIL 20 2014.........SUNRISE   704 AM CDT   SUNSET   812 PM CDT


-  INDICATES NEGATIVE NUMBERS.
R  INDICATES RECORD WAS SET OR TIED.
MM INDICATES DATA IS MISSING.
T  INDICATES TRACE AMOUNT.




$$
