000
CDUS44 KSJT 132331
CLIABI


CLIMATE REPORT
NATIONAL WEATHER SERVICE SAN ANGELO TX
529 PM CST WED DEC 13 2017


...................................

...THE ABILENE CLIMATE SUMMARY FOR DECEMBER 13 2017...
VALID TODAY AS OF 0500 PM LOCAL TIME.

CLIMATE NORMAL PERIOD 1981 TO 2010
CLIMATE RECORD PERIOD 1886 TO 2017


WEATHER ITEM   OBSERVED TIME   RECORD YEAR NORMAL DEPARTURE LAST
                VALUE   (LST)  VALUE       VALUE  FROM      YEAR
                                                  NORMAL
..................................................................
TEMPERATURE (F)
 TODAY
  MAXIMUM         71    354 PM  82    1995  57     14       53
                                      1948
  MINIMUM         34    705 AM  10    1917  34      0       34
  AVERAGE         53                        45      8       44

PRECIPITATION (IN)
  TODAY            0.00          1.00 1891   0.04  -0.04     0.00
  MONTH TO DATE    T                         0.52  -0.52     1.39
  SINCE DEC 1      T                         0.52  -0.52     1.39
  SINCE JAN 1     19.89                     24.11  -4.22    37.00

SNOWFALL (IN)
  TODAY            0.0           T    1963   0.1   -0.1      0.0
  MONTH TO DATE    0.0                       0.4   -0.4       T
  SINCE NOV 1      0.0                       1.1   -1.1       T
  SINCE JUL 1      T                         1.1   -1.1       T

DEGREE DAYS
 HEATING
  TODAY           12                        20     -8       21
  MONTH TO DATE  190                       239    -49      262
  SINCE DEC 1    190                       239    -49      262
  SINCE JUL 1    585                       672    -87      453

 COOLING
  TODAY            0                         0      0        0
  MONTH TO DATE    1                         0      1        0
  SINCE DEC 1      1                         0      1        0
  SINCE JAN 1   2425                      2408     17     2601
..................................................................


WIND (MPH)
  HIGHEST WIND SPEED    20   HIGHEST WIND DIRECTION     W (250)
  HIGHEST GUST SPEED    24   HIGHEST GUST DIRECTION    SW (240)
  AVERAGE WIND SPEED    10.2


SKY COVER
  POSSIBLE SUNSHINE  MM
  AVERAGE SKY COVER 0.0


WEATHER CONDITIONS
 THE FOLLOWING WEATHER WAS RECORDED TODAY.
  NO SIGNIFICANT WEATHER WAS OBSERVED.


RELATIVE HUMIDITY (PERCENT)
 HIGHEST    56          1200 AM
 LOWEST     14           300 PM
 AVERAGE    35

..........................................................


THE ABILENE CLIMATE NORMALS FOR TOMORROW
                         NORMAL    RECORD    YEAR
 MAXIMUM TEMPERATURE (F)   57        80      1995
 MINIMUM TEMPERATURE (F)   34         9      1901


SUNRISE AND SUNSET
DECEMBER 13 2017......SUNRISE   732 AM CST   SUNSET   534 PM CST
DECEMBER 14 2017......SUNRISE   732 AM CST   SUNSET   535 PM CST


-  INDICATES NEGATIVE NUMBERS.
R  INDICATES RECORD WAS SET OR TIED.
MM INDICATES DATA IS MISSING.
T  INDICATES TRACE AMOUNT.




$$
