000
CDUS44 KSJT 210754
CLIABI


CLIMATE REPORT
NATIONAL WEATHER SERVICE SAN ANGELO TX
154 AM CST SUN DEC 21 2014


...................................

...THE ABILENE CLIMATE SUMMARY FOR DECEMBER 20 2014...

CLIMATE NORMAL PERIOD 1981 TO 2010
CLIMATE RECORD PERIOD 1886 TO 2014


WEATHER ITEM   OBSERVED TIME   RECORD YEAR NORMAL DEPARTURE LAST
                VALUE   (LST)  VALUE       VALUE  FROM      YEAR
                                                  NORMAL
..................................................................
TEMPERATURE (F)
 YESTERDAY
  MAXIMUM         52    438 PM  84    2010  56     -4       60
  MINIMUM         43   1159 PM   3    1909  33     10       31
  AVERAGE         48                        44      4       46

PRECIPITATION (IN)
  YESTERDAY        0.00          2.06 1926   0.04  -0.04     0.25
  MONTH TO DATE    0.02                      0.81  -0.79     0.45
  SINCE DEC 1      0.02                      0.81  -0.79     0.45
  SINCE JAN 1     14.51                     24.40  -9.89    22.53

SNOWFALL (IN)
  YESTERDAY        0.0           0.2  1983   0.0    0.0      0.0
  MONTH TO DATE    0.0                       0.6   -0.6      0.8
  SINCE NOV 1      0.1                       1.3   -1.2      1.3
  SINCE JUL 1      0.1                       1.3   -1.2      1.3

DEGREE DAYS
 HEATING
  YESTERDAY       17                        21     -4       19
  MONTH TO DATE  220                       381   -161      428
  SINCE DEC 1    220                       381   -161      428
  SINCE JUL 1    637                       814   -177      900

 COOLING
  YESTERDAY        0                         0      0        0
  MONTH TO DATE    0                         0      0        1
  SINCE DEC 1      0                         0      0        1
  SINCE JAN 1   2819                      2408    411     2723
..................................................................


WIND (MPH)
  HIGHEST WIND SPEED    18   HIGHEST WIND DIRECTION     S (160)
  HIGHEST GUST SPEED    23   HIGHEST GUST DIRECTION    SE (140)
  AVERAGE WIND SPEED     6.3


SKY COVER
  POSSIBLE SUNSHINE  MM
  AVERAGE SKY COVER 1.0


WEATHER CONDITIONS
 THE FOLLOWING WEATHER WAS RECORDED YESTERDAY.
  NO SIGNIFICANT WEATHER WAS OBSERVED.


RELATIVE HUMIDITY (PERCENT)
 HIGHEST    89          1200 AM
 LOWEST     63           400 PM
 AVERAGE    76

..........................................................


THE ABILENE CLIMATE NORMALS FOR TODAY
                         NORMAL    RECORD    YEAR
 MAXIMUM TEMPERATURE (F)   56        85      2010
 MINIMUM TEMPERATURE (F)   33         8      1983


SUNRISE AND SUNSET
DECEMBER 21 2014......SUNRISE   736 AM CST   SUNSET   538 PM CST
DECEMBER 22 2014......SUNRISE   737 AM CST   SUNSET   538 PM CST


-  INDICATES NEGATIVE NUMBERS.
R  INDICATES RECORD WAS SET OR TIED.
MM INDICATES DATA IS MISSING.
T  INDICATES TRACE AMOUNT.




$$
