000
CDUS44 KSJT 270650
CLIABI


CLIMATE REPORT
NATIONAL WEATHER SERVICE SAN ANGELO TX
150 AM CDT WED JUL 27 2016


...................................

...THE ABILENE CLIMATE SUMMARY FOR JULY 26 2016...

CLIMATE NORMAL PERIOD 1981 TO 2010
CLIMATE RECORD PERIOD 1886 TO 2016


WEATHER ITEM   OBSERVED TIME   RECORD YEAR NORMAL DEPARTURE LAST
                VALUE   (LST)  VALUE       VALUE  FROM      YEAR
                                                  NORMAL
..................................................................
TEMPERATURE (F)
 YESTERDAY
  MAXIMUM         97    344 PM 107    1954  95      2       99
  MINIMUM         71    618 AM  63    2004  73     -2       74
                                      1911
  AVERAGE         84                        84      0       87

PRECIPITATION (IN)
  YESTERDAY        0.00          2.72 1962   0.05  -0.05     0.00
  MONTH TO DATE    0.46                      1.57  -1.11     8.26
  SINCE JUN 1      3.59                      5.13  -1.54    11.88
  SINCE JAN 1     21.39                     14.07   7.32    24.51

DEGREE DAYS
 HEATING
  YESTERDAY        0                         0      0        0
  MONTH TO DATE    0                         0      0        0
  SINCE JUN 1      0                         1     -1        0
  SINCE JUL 1      0                         0      0        0

 COOLING
  YESTERDAY       19                        19      0       22
  MONTH TO DATE  576                       467    109      489
  SINCE JUN 1   1029                       902    127      955
  SINCE JAN 1   1338                      1299     39     1344
..................................................................


WIND (MPH)
  HIGHEST WIND SPEED    16   HIGHEST WIND DIRECTION    SE (120)
  HIGHEST GUST SPEED    22   HIGHEST GUST DIRECTION     E (110)
  AVERAGE WIND SPEED     6.5


SKY COVER
  POSSIBLE SUNSHINE  MM
  AVERAGE SKY COVER 0.0


WEATHER CONDITIONS
 THE FOLLOWING WEATHER WAS RECORDED YESTERDAY.
  NO SIGNIFICANT WEATHER WAS OBSERVED.


RELATIVE HUMIDITY (PERCENT)
 HIGHEST    84           600 AM
 LOWEST     34           500 PM
 AVERAGE    59

..........................................................


THE ABILENE CLIMATE NORMALS FOR TODAY
                         NORMAL    RECORD    YEAR
 MAXIMUM TEMPERATURE (F)   95       107      1944
 MINIMUM TEMPERATURE (F)   73        63      1994
                                             1973
                                             1933


SUNRISE AND SUNSET
JULY 27 2016..........SUNRISE   650 AM CDT   SUNSET   840 PM CDT
JULY 28 2016..........SUNRISE   651 AM CDT   SUNSET   839 PM CDT


-  INDICATES NEGATIVE NUMBERS.
R  INDICATES RECORD WAS SET OR TIED.
MM INDICATES DATA IS MISSING.
T  INDICATES TRACE AMOUNT.




$$
