000
CDUS44 KSJT 250754
CLIABI


CLIMATE REPORT
NATIONAL WEATHER SERVICE SAN ANGELO TX
154 AM CST SUN JAN 25 2015


...................................

...THE ABILENE CLIMATE SUMMARY FOR JANUARY 24 2015...

CLIMATE NORMAL PERIOD 1981 TO 2010
CLIMATE RECORD PERIOD 1886 TO 2015


WEATHER ITEM   OBSERVED TIME   RECORD YEAR NORMAL DEPARTURE LAST
                VALUE   (LST)  VALUE       VALUE  FROM      YEAR
                                                  NORMAL
..................................................................
TEMPERATURE (F)
 YESTERDAY
  MAXIMUM         58    455 PM  83    1950  57      1       46
  MINIMUM         32    729 AM   4    1894  33     -1       14
  AVERAGE         45                        45      0       30

PRECIPITATION (IN)
  YESTERDAY        0.00          1.07 1961   0.03  -0.03     0.00
  MONTH TO DATE    1.47                      0.75   0.72      T
  SINCE DEC 1      2.00                      1.98   0.02     1.11
  SINCE JAN 1      1.47                      0.75   0.72      T

SNOWFALL (IN)
  YESTERDAY        0.0           0.3  1978   0.0    0.0      0.0
  MONTH TO DATE    T                         1.2   -1.2      0.0
  SINCE NOV 1      0.1                       3.0   -2.9      1.3
  SINCE JUL 1      0.1                       3.0   -2.9      1.3

DEGREE DAYS
 HEATING
  YESTERDAY       20                        20      0       35
  MONTH TO DATE  599                       490    109      479
  SINCE DEC 1   1052                      1102    -50     1177
  SINCE JUL 1   1469                      1535    -66     1649

 COOLING
  YESTERDAY        0                         0      0        0
  MONTH TO DATE    0                         0      0        0
  SINCE DEC 1      0                         1     -1        1
  SINCE JAN 1      0                         0      0        0
..................................................................


WIND (MPH)
  HIGHEST WIND SPEED    13   HIGHEST WIND DIRECTION     S (190)
  HIGHEST GUST SPEED    16   HIGHEST GUST DIRECTION    NW (300)
  AVERAGE WIND SPEED     7.3


SKY COVER
  POSSIBLE SUNSHINE  MM
  AVERAGE SKY COVER 0.0


WEATHER CONDITIONS
 THE FOLLOWING WEATHER WAS RECORDED YESTERDAY.
  NO SIGNIFICANT WEATHER WAS OBSERVED.


RELATIVE HUMIDITY (PERCENT)
 HIGHEST    82          1200 AM
 LOWEST     40           400 PM
 AVERAGE    61

..........................................................


THE ABILENE CLIMATE NORMALS FOR TODAY
                         NORMAL    RECORD    YEAR
 MAXIMUM TEMPERATURE (F)   58        84      1950
 MINIMUM TEMPERATURE (F)   33         8      1897


SUNRISE AND SUNSET
JANUARY 25 2015.......SUNRISE   737 AM CST   SUNSET   605 PM CST
JANUARY 26 2015.......SUNRISE   737 AM CST   SUNSET   606 PM CST


-  INDICATES NEGATIVE NUMBERS.
R  INDICATES RECORD WAS SET OR TIED.
MM INDICATES DATA IS MISSING.
T  INDICATES TRACE AMOUNT.




$$
