000
CDUS44 KSJT 300702
CLIABI


CLIMATE REPORT
NATIONAL WEATHER SERVICE SAN ANGELO TX
201 AM CDT MON MAY 30 2016


...................................

...THE ABILENE CLIMATE SUMMARY FOR MAY 29 2016...

CLIMATE NORMAL PERIOD 1981 TO 2010
CLIMATE RECORD PERIOD 1886 TO 2016


WEATHER ITEM   OBSERVED TIME   RECORD YEAR NORMAL DEPARTURE LAST
                VALUE   (LST)  VALUE       VALUE  FROM      YEAR
                                                  NORMAL
..................................................................
TEMPERATURE (F)
 YESTERDAY
  MAXIMUM         88    424 PM 103    1985  87      1       85
                                      1927
  MINIMUM         63   1159 PM  44    1947  65     -2       62
  AVERAGE         76                        76      0       74

PRECIPITATION (IN)
  YESTERDAY        1.93R         1.45 1967   0.12   1.81     0.01
  MONTH TO DATE    8.24                      2.92   5.32     4.91
  SINCE MAR 1     16.79                      6.30  10.49     8.69
  SINCE JAN 1     17.51                      8.68   8.83    12.20

DEGREE DAYS
 HEATING
  YESTERDAY        0                         0      0        0
  MONTH TO DATE   37                        13     24       12
  SINCE MAR 1    304                       422   -118      401
  SINCE JUL 1   2058                      2555   -497     2478

 COOLING
  YESTERDAY       11                        11      0        9
  MONTH TO DATE  196                       242    -46      209
  SINCE MAR 1    277                       370    -93      376
  SINCE JAN 1    291                       375    -84      380
..................................................................


WIND (MPH)
  HIGHEST WIND SPEED    41   HIGHEST WIND DIRECTION    NW (310)
  HIGHEST GUST SPEED    52   HIGHEST GUST DIRECTION    NW (300)
  AVERAGE WIND SPEED    13.3


SKY COVER
  POSSIBLE SUNSHINE  MM
  AVERAGE SKY COVER 0.4


WEATHER CONDITIONS
 THE FOLLOWING WEATHER WAS RECORDED YESTERDAY.
  THUNDERSTORM
  HEAVY RAIN
  RAIN
  LIGHT RAIN
  FOG


RELATIVE HUMIDITY (PERCENT)
 HIGHEST    93           200 AM
 LOWEST     43           300 PM
 AVERAGE    68

..........................................................


THE ABILENE CLIMATE NORMALS FOR TODAY
                         NORMAL    RECORD    YEAR
 MAXIMUM TEMPERATURE (F)   88       105      1896
 MINIMUM TEMPERATURE (F)   65        47      1947


SUNRISE AND SUNSET
MAY 30 2016...........SUNRISE   633 AM CDT   SUNSET   840 PM CDT
MAY 31 2016...........SUNRISE   633 AM CDT   SUNSET   841 PM CDT


-  INDICATES NEGATIVE NUMBERS.
R  INDICATES RECORD WAS SET OR TIED.
MM INDICATES DATA IS MISSING.
T  INDICATES TRACE AMOUNT.




$$
