000
CDUS44 KSJT 062327
CLIABI


CLIMATE REPORT
NATIONAL WEATHER SERVICE SAN ANGELO TX
526 PM CST FRI MAR 6 2015


...................................

...THE ABILENE CLIMATE SUMMARY FOR MARCH 6 2015...
VALID TODAY AS OF 0500 PM LOCAL TIME.

CLIMATE NORMAL PERIOD 1981 TO 2010
CLIMATE RECORD PERIOD 1886 TO 2015


WEATHER ITEM   OBSERVED TIME   RECORD YEAR NORMAL DEPARTURE LAST
                VALUE   (LST)  VALUE       VALUE  FROM      YEAR
                                                  NORMAL
..................................................................
TEMPERATURE (F)
 TODAY
  MAXIMUM         55    423 PM  90    1929  65    -10       65
  MINIMUM         26    705 AM  16    1920  42    -16       34
  AVERAGE         41                        54    -13       50

PRECIPITATION (IN)
  TODAY            0.00          0.70 1970   0.06  -0.06     0.00
  MONTH TO DATE    0.44                      0.34   0.10     0.03
  SINCE MAR 1      0.44                      0.34   0.10     0.03
  SINCE JAN 1      3.95                      2.72   1.23     0.52

SNOWFALL (IN)
  TODAY            0.0           T    1996   0.0    0.0      0.0
  MONTH TO DATE    0.7                       0.1    0.6       T
  SINCE NOV 1      3.8                       4.2   -0.4      3.1
  SINCE JUL 1      3.8                       4.2   -0.4      3.1

DEGREE DAYS
 HEATING
  TODAY           24                        12     12       15
  MONTH TO DATE  167                        76     91      137
  SINCE MAR 1    167                        76     91      137
  SINCE JUL 1   2244                      2209     35     2499

 COOLING
  TODAY            0                         1     -1        0
  MONTH TO DATE    0                         1     -1        0
  SINCE MAR 1      0                         1     -1        0
  SINCE JAN 1      4                         6     -2        5
..................................................................


WIND (MPH)
  HIGHEST WIND SPEED    15   HIGHEST WIND DIRECTION    SW (220)
  HIGHEST GUST SPEED    19   HIGHEST GUST DIRECTION    SW (210)
  AVERAGE WIND SPEED     9.1


SKY COVER
  POSSIBLE SUNSHINE  MM
  AVERAGE SKY COVER 0.0


WEATHER CONDITIONS
 THE FOLLOWING WEATHER WAS RECORDED TODAY.
  NO SIGNIFICANT WEATHER WAS OBSERVED.


RELATIVE HUMIDITY (PERCENT)
 HIGHEST    75          1200 AM
 LOWEST     30           200 PM
 AVERAGE    53

..........................................................


THE ABILENE CLIMATE NORMALS FOR TOMORROW
                         NORMAL    RECORD    YEAR
 MAXIMUM TEMPERATURE (F)   66        88      1918
 MINIMUM TEMPERATURE (F)   42        17      1943
                                             1920


SUNRISE AND SUNSET
MARCH  6 2015.........SUNRISE   701 AM CST   SUNSET   640 PM CST
MARCH  7 2015.........SUNRISE   659 AM CST   SUNSET   641 PM CST


-  INDICATES NEGATIVE NUMBERS.
R  INDICATES RECORD WAS SET OR TIED.
MM INDICATES DATA IS MISSING.
T  INDICATES TRACE AMOUNT.




$$
