000
CDUS45 KABQ 020826
CLIABQ


CLIMATE REPORT
NATIONAL WEATHER SERVICE ALBUQUERQUE NM
226 AM MDT THU JUL 2 2015


...................................

...THE ALBUQUERQUE  NM CLIMATE SUMMARY FOR JULY 1 2015...

CLIMATE NORMAL PERIOD 1981 TO 2010
CLIMATE RECORD PERIOD 1891 TO 2015


WEATHER ITEM   OBSERVED TIME   RECORD YEAR NORMAL DEPARTURE LAST
                VALUE   (LST)  VALUE       VALUE  FROM      YEAR
                                                  NORMAL
..................................................................
TEMPERATURE (F)
 YESTERDAY
  MAXIMUM         95    526 PM 103    1994  91      4       92
  MINIMUM         70    324 AM  48    1914  65      5       71
  AVERAGE         83                        78      5       82

PRECIPITATION (IN)
  YESTERDAY        T             0.55 1932   0.04  -0.04
  MONTH TO DATE    T                         0.04  -0.04
  SINCE JUN 1      0.56                      0.70  -0.14
  SINCE JAN 1      4.20                      3.24   0.96

SNOWFALL (IN)
  YESTERDAY        0.0
  MONTH TO DATE    0.0
  SINCE JUN 1      0.0
  SINCE JUL 1      0.0
  SNOW DEPTH       0

DEGREE DAYS
 HEATING
  YESTERDAY        0                         0      0        0
  MONTH TO DATE    0                         0      0        0
  SINCE JUN 1      0                         4     -4        0
  SINCE JUL 1      0                         0      0        0

 COOLING
  YESTERDAY       18                        13      5       17
  MONTH TO DATE   18                        13      5       17
  SINCE JUN 1    405                       315     90      403
  SINCE JAN 1    438                       413     25      515
..................................................................


WIND (MPH)
  HIGHEST WIND SPEED    28   HIGHEST WIND DIRECTION     N (340)
  HIGHEST GUST SPEED    37   HIGHEST GUST DIRECTION     N (350)
  AVERAGE WIND SPEED     8.8


SKY COVER
  POSSIBLE SUNSHINE  MM
  AVERAGE SKY COVER 0.4


WEATHER CONDITIONS
 THE FOLLOWING WEATHER WAS RECORDED YESTERDAY.
  THUNDERSTORM
  LIGHT RAIN


RELATIVE HUMIDITY (PERCENT)
 HIGHEST    44           600 AM
 LOWEST     19           700 PM
 AVERAGE    32

..........................................................


THE ALBUQUERQUE  NM CLIMATE NORMALS FOR TODAY
                         NORMAL    RECORD    YEAR
 MAXIMUM TEMPERATURE (F)   91       103      1957
 MINIMUM TEMPERATURE (F)   66        44      1916


SUNRISE AND SUNSET
JULY  2 2015..........SUNRISE   556 AM MDT   SUNSET   824 PM MDT
JULY  3 2015..........SUNRISE   557 AM MDT   SUNSET   824 PM MDT


-  INDICATES NEGATIVE NUMBERS.
R  INDICATES RECORD WAS SET OR TIED.
MM INDICATES DATA IS MISSING.
T  INDICATES TRACE AMOUNT.




$$
