000
CDUS45 KABQ 240848
CLIABQ


CLIMATE REPORT
NATIONAL WEATHER SERVICE ALBUQUERQUE NM
147 AM MST WED JAN 24 2018


...................................

...THE ALBUQUERQUE  NM CLIMATE SUMMARY FOR JANUARY 23 2018...

CLIMATE NORMAL PERIOD 1981 TO 2010
CLIMATE RECORD PERIOD 1891 TO 2018


WEATHER ITEM   OBSERVED TIME   RECORD YEAR NORMAL DEPARTURE LAST
                VALUE   (LST)  VALUE       VALUE  FROM      YEAR
                                                  NORMAL
..................................................................
TEMPERATURE (F)
 YESTERDAY
  MAXIMUM         48    353 PM  68    1972  48      0       60
  MINIMUM         20    730 AM   3    1918  27     -7       32
  AVERAGE         34                        37     -3       46

PRECIPITATION (IN)
  YESTERDAY        0.00          0.06 1923   0.01  -0.01
  MONTH TO DATE    0.03                      0.28  -0.25
  SINCE DEC 1      0.03                      0.78  -0.75
  SINCE JAN 1      0.03                      0.28  -0.25

SNOWFALL (IN)
  YESTERDAY        0.0
  MONTH TO DATE    T
  SINCE DEC 1      T
  SINCE JUL 1      T
  SNOW DEPTH       0

DEGREE DAYS
 HEATING
  YESTERDAY       31                        28      3       19
  MONTH TO DATE  595                       666    -71      552
  SINCE DEC 1   1349                      1556   -207     1343
  SINCE JUL 1   1918                      2423   -505     1920

 COOLING
  YESTERDAY        0                         0      0        0
  MONTH TO DATE    0                         0      0        0
  SINCE DEC 1      0                         0      0        0
  SINCE JAN 1      0                         0      0        0
..................................................................


WIND (MPH)
  HIGHEST WIND SPEED    12   HIGHEST WIND DIRECTION    NW (330)
  HIGHEST GUST SPEED    14   HIGHEST GUST DIRECTION    NW (320)
  AVERAGE WIND SPEED     4.8


SKY COVER
  POSSIBLE SUNSHINE  MM
  AVERAGE SKY COVER 0.1


WEATHER CONDITIONS
 THE FOLLOWING WEATHER WAS RECORDED YESTERDAY.
  NO SIGNIFICANT WEATHER WAS OBSERVED.


RELATIVE HUMIDITY (PERCENT)
 HIGHEST    62           500 AM
 LOWEST     21           400 PM
 AVERAGE    42

..........................................................


THE ALBUQUERQUE  NM CLIMATE NORMALS FOR TODAY
                         NORMAL    RECORD    YEAR
 MAXIMUM TEMPERATURE (F)   48        69      1910
 MINIMUM TEMPERATURE (F)   27         1      1913


SUNRISE AND SUNSET
JANUARY 24 2018.......SUNRISE   710 AM MST   SUNSET   527 PM MST
JANUARY 25 2018.......SUNRISE   710 AM MST   SUNSET   528 PM MST


-  INDICATES NEGATIVE NUMBERS.
R  INDICATES RECORD WAS SET OR TIED.
MM INDICATES DATA IS MISSING.
T  INDICATES TRACE AMOUNT.




$$
