000
CDUS45 KABQ 170011
CLIABQ


CLIMATE REPORT
NATIONAL WEATHER SERVICE ALBUQUERQUE NM
611 PM MDT TUE SEP 16 2014


...................................

...THE ALBUQUERQUE  NM CLIMATE SUMMARY FOR SEPTEMBER 16 2014...
VALID TODAY AS OF 0500 PM LOCAL TIME.

CLIMATE NORMAL PERIOD 1981 TO 2010
CLIMATE RECORD PERIOD 1897 TO 2014


WEATHER ITEM   OBSERVED TIME   RECORD YEAR NORMAL DEPARTURE LAST
                VALUE   (LST)  VALUE       VALUE  FROM      YEAR
                                                  NORMAL
..................................................................
TEMPERATURE (F)
 TODAY
  MAXIMUM         72    343 PM  94    1956  81     -9       77
  MINIMUM         64    659 AM  42    1903  58      6       59
  AVERAGE         68                        69     -1       68

PRECIPITATION (IN)
  TODAY            0.00          0.66 2009   0.03  -0.03
  MONTH TO DATE    0.44                      0.57  -0.13
  SINCE SEP 1      0.44                      0.57  -0.13
  SINCE JAN 1      6.50                      6.85  -0.35

SNOWFALL (IN)
  TODAY            0.0
  MONTH TO DATE    0.0
  SINCE SEP 1      0.0
  SINCE JUL 1      0.0
  SNOW DEPTH       0

DEGREE DAYS
 HEATING
  TODAY            0                         1     -1        0
  MONTH TO DATE    5                         2      3        0
  SINCE SEP 1      5                         2      3        0
  SINCE JUL 1      5                         2      3        0

 COOLING
  TODAY            3                         5     -2        3
  MONTH TO DATE  134                       114     20      145
  SINCE SEP 1    134                       114     20      145
  SINCE JAN 1   1364                      1271     93     1520
..................................................................


WIND (MPH)
  HIGHEST WIND SPEED    18   HIGHEST WIND DIRECTION     E (80)
  HIGHEST GUST SPEED    21   HIGHEST GUST DIRECTION     E (80)
  AVERAGE WIND SPEED     8.1


SKY COVER
  POSSIBLE SUNSHINE  MM
  AVERAGE SKY COVER 0.8



RELATIVE HUMIDITY (PERCENT)
 HIGHEST    78           700 AM
 LOWEST     57           300 PM
 AVERAGE    68

..........................................................


THE ALBUQUERQUE  NM CLIMATE NORMALS FOR TOMORROW
                         NORMAL    RECORD    YEAR
 MAXIMUM TEMPERATURE (F)   80        91      2000
                                             1983
                                             1954
 MINIMUM TEMPERATURE (F)   58        37      1903


SUNRISE AND SUNSET
SEPTEMBER 16 2014.....SUNRISE   650 AM MDT   SUNSET   712 PM MDT
SEPTEMBER 17 2014.....SUNRISE   651 AM MDT   SUNSET   710 PM MDT


-  INDICATES NEGATIVE NUMBERS.
R  INDICATES RECORD WAS SET OR TIED.
MM INDICATES DATA IS MISSING.
T  INDICATES TRACE AMOUNT.




$$
