000
CDUS45 KABQ 190841
CLIABQ


CLIMATE REPORT
NATIONAL WEATHER SERVICE ALBUQUERQUE NM
241 AM MDT SAT AUG 19 2017


...................................

...THE ALBUQUERQUE  NM CLIMATE SUMMARY FOR AUGUST 18 2017...

CLIMATE NORMAL PERIOD 1981 TO 2010
CLIMATE RECORD PERIOD 1891 TO 2017


WEATHER ITEM   OBSERVED TIME   RECORD YEAR NORMAL DEPARTURE LAST
                VALUE   (LST)  VALUE       VALUE  FROM      YEAR
                                                  NORMAL
..................................................................
TEMPERATURE (F)
 YESTERDAY
  MAXIMUM         93    455 PM  98    2015  87      6       88
                                      1910
  MINIMUM         66    610 AM  54    1968  65      1       60
                                      1918
                                      1914
  AVERAGE         80                        76      4       74

PRECIPITATION (IN)
  YESTERDAY        0.00          0.95 1972   0.05  -0.05
  MONTH TO DATE    0.75                      1.01  -0.26
  SINCE JUN 1      2.08                      3.17  -1.09
  SINCE JAN 1      4.69                      5.71  -1.02

SNOWFALL (IN)
  YESTERDAY        0.0
  MONTH TO DATE    0.0
  SINCE JUN 1      T
  SINCE JUL 1      0.0
  SNOW DEPTH       0

DEGREE DAYS
 HEATING
  YESTERDAY        0                         0      0        0
  MONTH TO DATE    0                         0      0        0
  SINCE JUN 1      0                         4     -4        0
  SINCE JUL 1      0                         0      0        0

 COOLING
  YESTERDAY       15                        11      4        9
  MONTH TO DATE  226                       212     14      218
  SINCE JUN 1   1103                       925    178     1168
  SINCE JAN 1   1182                      1023    159     1239
..................................................................


WIND (MPH)
  HIGHEST WIND SPEED    14   HIGHEST WIND DIRECTION     E (110)
  HIGHEST GUST SPEED    19   HIGHEST GUST DIRECTION     W (250)
  AVERAGE WIND SPEED     4.9


SKY COVER
  POSSIBLE SUNSHINE  MM
  AVERAGE SKY COVER 0.4


WEATHER CONDITIONS
 THE FOLLOWING WEATHER WAS RECORDED YESTERDAY.
  NO SIGNIFICANT WEATHER WAS OBSERVED.


RELATIVE HUMIDITY (PERCENT)
 HIGHEST    40           600 AM
 LOWEST      7           300 PM
 AVERAGE    24

..........................................................


THE ALBUQUERQUE  NM CLIMATE NORMALS FOR TODAY
                         NORMAL    RECORD    YEAR
 MAXIMUM TEMPERATURE (F)   87        99      1934
 MINIMUM TEMPERATURE (F)   65        51      1918
                                             1897


SUNRISE AND SUNSET
AUGUST 19 2017........SUNRISE   630 AM MDT   SUNSET   750 PM MDT
AUGUST 20 2017........SUNRISE   630 AM MDT   SUNSET   748 PM MDT


-  INDICATES NEGATIVE NUMBERS.
R  INDICATES RECORD WAS SET OR TIED.
MM INDICATES DATA IS MISSING.
T  INDICATES TRACE AMOUNT.




$$
