000
CDUS45 KABQ 140837
CLIABQ


CLIMATE REPORT
NATIONAL WEATHER SERVICE ALBUQUERQUE NM
236 AM MDT MON JUL 14 2014


...................................

...THE ALBUQUERQUE  NM CLIMATE SUMMARY FOR JULY 13 2014...

CLIMATE NORMAL PERIOD 1981 TO 2010
CLIMATE RECORD PERIOD 1897 TO 2014


WEATHER ITEM   OBSERVED TIME   RECORD YEAR NORMAL DEPARTURE LAST
                VALUE   (LST)  VALUE       VALUE  FROM      YEAR
                                                  NORMAL
..................................................................
TEMPERATURE (F)
 YESTERDAY
  MAXIMUM         87   1152 AM 104    1979  91     -4       95
                                      1971
  MINIMUM         70    440 AM  51    1895  67      3       68
  AVERAGE         79                        79      0       82

PRECIPITATION (IN)
  YESTERDAY        0.11          0.39 1990   0.04   0.07
  MONTH TO DATE    0.98                      0.54   0.44
  SINCE JUN 1      1.09                      1.20  -0.11
  SINCE JAN 1      2.10                      3.74  -1.64

SNOWFALL (IN)
  YESTERDAY        0.0
  MONTH TO DATE    0.0
  SINCE JUN 1      0.0
  SINCE JUL 1      0.0
  SNOW DEPTH       0

DEGREE DAYS
 HEATING
  YESTERDAY        0                         0      0        0
  MONTH TO DATE    0                         0      0        0
  SINCE JUN 1      0                         4     -4        0
  SINCE JUL 1      0                         0      0        0

 COOLING
  YESTERDAY       14                        14      0       17
  MONTH TO DATE  182                       178      4      188
  SINCE JUN 1    568                       480     88      643
  SINCE JAN 1    680                       578    102      760
..................................................................


WIND (MPH)
  HIGHEST WIND SPEED    39   HIGHEST WIND DIRECTION    SE (120)
  HIGHEST GUST SPEED    57   HIGHEST GUST DIRECTION    SE (130)
  AVERAGE WIND SPEED    10.4


SKY COVER
  POSSIBLE SUNSHINE  MM
  AVERAGE SKY COVER 0.7


WEATHER CONDITIONS
 THE FOLLOWING WEATHER WAS RECORDED YESTERDAY.
  THUNDERSTORM
  LIGHT RAIN


RELATIVE HUMIDITY (PERCENT)
 HIGHEST    66           200 AM
 LOWEST     31          1200 PM
 AVERAGE    49

..........................................................


THE ALBUQUERQUE  NM CLIMATE NORMALS FOR TODAY
                         NORMAL    RECORD    YEAR
 MAXIMUM TEMPERATURE (F)   91       105      1979
 MINIMUM TEMPERATURE (F)   67        49      1918


SUNRISE AND SUNSET
JULY 14 2014..........SUNRISE   603 AM MDT   SUNSET   821 PM MDT
JULY 15 2014..........SUNRISE   604 AM MDT   SUNSET   821 PM MDT


-  INDICATES NEGATIVE NUMBERS.
R  INDICATES RECORD WAS SET OR TIED.
MM INDICATES DATA IS MISSING.
T  INDICATES TRACE AMOUNT.

$$
