000
CDUS45 KABQ 270828
CLIABQ


CLIMATE REPORT
NATIONAL WEATHER SERVICE ALBUQUERQUE NM
127 AM MST FRI FEB 27 2015


...................................

...THE ALBUQUERQUE  NM CLIMATE SUMMARY FOR FEBRUARY 26 2015...

CLIMATE NORMAL PERIOD 1981 TO 2010
CLIMATE RECORD PERIOD 1891 TO 2015


WEATHER ITEM   OBSERVED TIME   RECORD YEAR NORMAL DEPARTURE LAST
                VALUE   (LST)  VALUE       VALUE  FROM      YEAR
                                                  NORMAL
..................................................................
TEMPERATURE (F)
 YESTERDAY
  MAXIMUM         42    153 PM  74    1989  56    -14       65
                                      1986
  MINIMUM         23   1159 PM  13    1935  33    -10       30
  AVERAGE         33                        44    -11       48

PRECIPITATION (IN)
  YESTERDAY        0.06          0.42 1948   0.01   0.05
                                      1892
  MONTH TO DATE    0.06                      0.44  -0.38
  SINCE DEC 1      1.90                      1.32   0.58
  SINCE JAN 1      0.76                      0.82  -0.06

SNOWFALL (IN)
  YESTERDAY        1.0
  MONTH TO DATE    1.2
  SINCE DEC 1      6.6
  SINCE JUL 1      6.6
  SNOW DEPTH       0

DEGREE DAYS
 HEATING
  YESTERDAY       32                        21     11       17
  MONTH TO DATE  524                       620    -96      520
  SINCE DEC 1   2162                      2395   -233     2226
  SINCE JUL 1   2845                      3262   -417     3116

 COOLING
  YESTERDAY        0                         0      0        0
  MONTH TO DATE    0                         0      0        0
  SINCE DEC 1      0                         0      0        0
  SINCE JAN 1      0                         0      0        0
..................................................................


WIND (MPH)
  HIGHEST WIND SPEED    32   HIGHEST WIND DIRECTION     E (90)
  HIGHEST GUST SPEED    37   HIGHEST GUST DIRECTION     E (90)
  AVERAGE WIND SPEED    19.1


SKY COVER
  POSSIBLE SUNSHINE  MM
  AVERAGE SKY COVER 0.7


WEATHER CONDITIONS
 THE FOLLOWING WEATHER WAS RECORDED YESTERDAY.
  HEAVY SNOW
  SNOW
  LIGHT SNOW
  FOG
  FOG W/VISIBILITY <= 1/4 MILE


RELATIVE HUMIDITY (PERCENT)
 HIGHEST    70           700 AM
 LOWEST     45           200 PM
 AVERAGE    58

..........................................................


THE ALBUQUERQUE  NM CLIMATE NORMALS FOR TODAY
                         NORMAL    RECORD    YEAR
 MAXIMUM TEMPERATURE (F)   56        76      1904
 MINIMUM TEMPERATURE (F)   33        15      1939
                                             1935
                                             1912


SUNRISE AND SUNSET
FEBRUARY 27 2015......SUNRISE   639 AM MST   SUNSET   600 PM MST
FEBRUARY 28 2015......SUNRISE   637 AM MST   SUNSET   601 PM MST


-  INDICATES NEGATIVE NUMBERS.
R  INDICATES RECORD WAS SET OR TIED.
MM INDICATES DATA IS MISSING.
T  INDICATES TRACE AMOUNT.




$$
