000
CDUS45 KABQ 290016
CLIABQ


CLIMATE REPORT
NATIONAL WEATHER SERVICE ALBUQUERQUE NM
516 PM MST FRI NOV 28 2014


...................................

...THE ALBUQUERQUE  NM CLIMATE SUMMARY FOR NOVEMBER 28 2014...
VALID TODAY AS OF 0500 PM LOCAL TIME.

CLIMATE NORMAL PERIOD 1981 TO 2010
CLIMATE RECORD PERIOD 1897 TO 2014


WEATHER ITEM   OBSERVED TIME   RECORD YEAR NORMAL DEPARTURE LAST
                VALUE   (LST)  VALUE       VALUE  FROM      YEAR
                                                  NORMAL
..................................................................
TEMPERATURE (F)
 TODAY
  MAXIMUM         60    408 PM  72    1949  50     10       49
  MINIMUM         30    615 AM  -6    1976  30      0       28
  AVERAGE         45                        40      5       39

PRECIPITATION (IN)
  TODAY            0.00          0.38 1919   0.02  -0.02
  MONTH TO DATE    0.25                      0.54  -0.29
  SINCE SEP 1      1.61                      2.64  -1.03
  SINCE JAN 1      7.67                      8.92  -1.25

SNOWFALL (IN)
  TODAY            0.0
  MONTH TO DATE    T
  SINCE SEP 1      T
  SINCE JUL 1      T
  SNOW DEPTH       0

DEGREE DAYS
 HEATING
  TODAY           20                        25     -5       26
  MONTH TO DATE  537                       551    -14      547
  SINCE SEP 1    650                       817   -167      844
  SINCE JUL 1    650                       817   -167      844

 COOLING
  TODAY            0                         0      0        0
  MONTH TO DATE    0                         0      0        0
  SINCE SEP 1    214                       165     49      190
  SINCE JAN 1   1444                      1322    122     1565
..................................................................


WIND (MPH)
  HIGHEST WIND SPEED    12   HIGHEST WIND DIRECTION     S (170)
  HIGHEST GUST SPEED    15   HIGHEST GUST DIRECTION     S (180)
  AVERAGE WIND SPEED     3.6


SKY COVER
  POSSIBLE SUNSHINE  MM
  AVERAGE SKY COVER 0.3



RELATIVE HUMIDITY (PERCENT)
 HIGHEST    59           600 AM
 LOWEST     20           300 PM
 AVERAGE    40

..........................................................


THE ALBUQUERQUE  NM CLIMATE NORMALS FOR TOMORROW
                         NORMAL    RECORD    YEAR
 MAXIMUM TEMPERATURE (F)   50        69      1949
 MINIMUM TEMPERATURE (F)   29        -7      1976


SUNRISE AND SUNSET
NOVEMBER 28 2014......SUNRISE   654 AM MST   SUNSET   455 PM MST
NOVEMBER 29 2014......SUNRISE   654 AM MST   SUNSET   455 PM MST


-  INDICATES NEGATIVE NUMBERS.
R  INDICATES RECORD WAS SET OR TIED.
MM INDICATES DATA IS MISSING.
T  INDICATES TRACE AMOUNT.




$$
