630
CDUS45 KABQ 290827
CLIABQ


CLIMATE REPORT
NATIONAL WEATHER SERVICE ALBUQUERQUE NM
226 AM MDT THU SEP 29 2016


...................................

...THE ALBUQUERQUE  NM CLIMATE SUMMARY FOR SEPTEMBER 28 2016...

CLIMATE NORMAL PERIOD 1981 TO 2010
CLIMATE RECORD PERIOD 1891 TO 2016


WEATHER ITEM   OBSERVED TIME   RECORD YEAR NORMAL DEPARTURE LAST
                VALUE   (LST)  VALUE       VALUE  FROM      YEAR
                                                  NORMAL
..................................................................
TEMPERATURE (F)
 YESTERDAY
  MAXIMUM         82    245 PM  90    2015  76      6       90
  MINIMUM         55    614 AM  33    1916  53      2       55
  AVERAGE         69                        65      4       73

PRECIPITATION (IN)
  YESTERDAY        0.00          2.08 1893   0.04  -0.04
  MONTH TO DATE    1.01                      1.01   0.00
  SINCE SEP 1      1.01                      1.01   0.00
  SINCE JAN 1      4.37                      7.29  -2.92

SNOWFALL (IN)
  YESTERDAY        0.0
  MONTH TO DATE    0.0
  SINCE SEP 1      0.0
  SINCE JUL 1      0.0
  SNOW DEPTH       0

DEGREE DAYS
 HEATING
  YESTERDAY        0                         2     -2        0
  MONTH TO DATE   14                        20     -6        0
  SINCE SEP 1     14                        20     -6        0
  SINCE JUL 1     14                        20     -6        0

 COOLING
  YESTERDAY        4                         2      2        8
  MONTH TO DATE  186                       153     33      246
  SINCE SEP 1    186                       153     33      246
  SINCE JAN 1   1498                      1310    188     1472
..................................................................


WIND (MPH)
  HIGHEST WIND SPEED    20   HIGHEST WIND DIRECTION    SE (140)
  HIGHEST GUST SPEED    23   HIGHEST GUST DIRECTION     S (160)
  AVERAGE WIND SPEED     5.9


SKY COVER
  POSSIBLE SUNSHINE  MM
  AVERAGE SKY COVER 0.6


WEATHER CONDITIONS
 THE FOLLOWING WEATHER WAS RECORDED YESTERDAY.
  NO SIGNIFICANT WEATHER WAS OBSERVED.


RELATIVE HUMIDITY (PERCENT)
 HIGHEST    62           500 AM
 LOWEST     20           800 PM
 AVERAGE    41

..........................................................


THE ALBUQUERQUE  NM CLIMATE NORMALS FOR TODAY
                         NORMAL    RECORD    YEAR
 MAXIMUM TEMPERATURE (F)   76        90      2015
                                             2010
                                             1979
 MINIMUM TEMPERATURE (F)   53        34      1917


SUNRISE AND SUNSET
SEPTEMBER 29 2016.....SUNRISE   700 AM MDT   SUNSET   652 PM MDT
SEPTEMBER 30 2016.....SUNRISE   701 AM MDT   SUNSET   651 PM MDT


-  INDICATES NEGATIVE NUMBERS.
R  INDICATES RECORD WAS SET OR TIED.
MM INDICATES DATA IS MISSING.
T  INDICATES TRACE AMOUNT.

$$
