000
CDUS45 KABQ 290835
CLIABQ


CLIMATE REPORT
NATIONAL WEATHER SERVICE ALBUQUERQUE NM
226 AM MDT SAT AUG 29 2015


...................................

...THE ALBUQUERQUE  NM CLIMATE SUMMARY FOR AUGUST 28 2015...

CLIMATE NORMAL PERIOD 1981 TO 2010
CLIMATE RECORD PERIOD 1891 TO 2015


WEATHER ITEM   OBSERVED TIME   RECORD YEAR NORMAL DEPARTURE LAST
                VALUE   (LST)  VALUE       VALUE  FROM      YEAR
                                                  NORMAL
..................................................................
TEMPERATURE (F)
 YESTERDAY
  MAXIMUM         91    348 PM  97    1979  86      5       84
                                      1962
  MINIMUM         62    541 AM  48    1912  64     -2       59
  AVERAGE         77                        75      2       72

PRECIPITATION (IN)
  YESTERDAY        0.00          0.80 1932   0.04  -0.04
  MONTH TO DATE    0.32                      1.46  -1.14
  SINCE JUN 1      4.16                      3.62   0.54
  SINCE JAN 1      7.80                      6.16   1.64

SNOWFALL (IN)
  YESTERDAY        0.0
  MONTH TO DATE    0.0
  SINCE JUN 1      0.0
  SINCE JUL 1      0.0
  SNOW DEPTH       0

DEGREE DAYS
 HEATING
  YESTERDAY        0                         0      0        0
  MONTH TO DATE    0                         0      0        0
  SINCE JUN 1      0                         4     -4        0
  SINCE JUL 1      0                         0      0        0

 COOLING
  YESTERDAY       12                        10      2        7
  MONTH TO DATE  392                       317     75      259
  SINCE JUN 1   1154                      1030    124     1084
  SINCE JAN 1   1187                      1128     59     1196
..................................................................


WIND (MPH)
  HIGHEST WIND SPEED    33   HIGHEST WIND DIRECTION     E (90)
  HIGHEST GUST SPEED    40   HIGHEST GUST DIRECTION     E (90)
  AVERAGE WIND SPEED    11.1


SKY COVER
  POSSIBLE SUNSHINE  MM
  AVERAGE SKY COVER 0.7


WEATHER CONDITIONS
 THE FOLLOWING WEATHER WAS RECORDED YESTERDAY.
  NO SIGNIFICANT WEATHER WAS OBSERVED.


RELATIVE HUMIDITY (PERCENT)
 HIGHEST    73           500 AM
 LOWEST     20           300 PM
 AVERAGE    47

..........................................................


THE ALBUQUERQUE  NM CLIMATE NORMALS FOR TODAY
                         NORMAL    RECORD    YEAR
 MAXIMUM TEMPERATURE (F)   86        97      1979
 MINIMUM TEMPERATURE (F)   63        48      1915


SUNRISE AND SUNSET
AUGUST 29 2015........SUNRISE   637 AM MDT   SUNSET   737 PM MDT
AUGUST 30 2015........SUNRISE   637 AM MDT   SUNSET   736 PM MDT


-  INDICATES NEGATIVE NUMBERS.
R  INDICATES RECORD WAS SET OR TIED.
MM INDICATES DATA IS MISSING.
T  INDICATES TRACE AMOUNT.

$$
