104
CDUS45 KABQ 080013
CLIABQ


CLIMATE REPORT
NATIONAL WEATHER SERVICE ALBUQUERQUE NM
512 PM MST SUN FEB 7 2016


...................................

...THE ALBUQUERQUE  NM CLIMATE SUMMARY FOR FEBRUARY 7 2016...
VALID TODAY AS OF 0500 PM LOCAL TIME.

CLIMATE NORMAL PERIOD 1981 TO 2010
CLIMATE RECORD PERIOD 1891 TO 2016


WEATHER ITEM   OBSERVED TIME   RECORD YEAR NORMAL DEPARTURE LAST
                VALUE   (LST)  VALUE       VALUE  FROM      YEAR
                                                  NORMAL
..................................................................
TEMPERATURE (F)
 TODAY
  MAXIMUM         57    411 PM  72    1963  51      6       70
  MINIMUM         30    535 AM   1    1964  29      1       35
  AVERAGE         44                        40      4       53

PRECIPITATION (IN)
  TODAY            0.00          0.38 1986   0.02  -0.02
  MONTH TO DATE    0.03                      0.11  -0.08
  SINCE DEC 1      1.38                      0.99   0.39
  SINCE JAN 1      0.40                      0.49  -0.09

SNOWFALL (IN)
  TODAY            0.0
  MONTH TO DATE    0.2
  SINCE DEC 1      9.6
  SINCE JUL 1      9.6
  SNOW DEPTH       0

DEGREE DAYS
 HEATING
  TODAY           21                        25     -4       12
  MONTH TO DATE  218                       182     36      127
  SINCE DEC 1   1947                      1957    -10     1765
  SINCE JUL 1   2664                      2824   -160     2448

 COOLING
  TODAY            0                         0      0        0
  MONTH TO DATE    0                         0      0        0
  SINCE DEC 1      0                         0      0        0
  SINCE JAN 1      0                         0      0        0
..................................................................


WIND (MPH)
  HIGHEST WIND SPEED    22   HIGHEST WIND DIRECTION    NW (320)
  HIGHEST GUST SPEED    27   HIGHEST GUST DIRECTION    NW (320)
  AVERAGE WIND SPEED    11.2


SKY COVER
  POSSIBLE SUNSHINE  MM
  AVERAGE SKY COVER 0.1



RELATIVE HUMIDITY (PERCENT)
 HIGHEST    47           700 AM
 LOWEST     19           400 PM
 AVERAGE    33

..........................................................


THE ALBUQUERQUE  NM CLIMATE NORMALS FOR TOMORROW
                         NORMAL    RECORD    YEAR
 MAXIMUM TEMPERATURE (F)   51        72      1916
 MINIMUM TEMPERATURE (F)   29        -4      1933


SUNRISE AND SUNSET
FEBRUARY  7 2016......SUNRISE   701 AM MST   SUNSET   541 PM MST
FEBRUARY  8 2016......SUNRISE   700 AM MST   SUNSET   542 PM MST


-  INDICATES NEGATIVE NUMBERS.
R  INDICATES RECORD WAS SET OR TIED.
MM INDICATES DATA IS MISSING.
T  INDICATES TRACE AMOUNT.




$$
