000
CDUS45 KABQ 270829
CLIABQ


CLIMATE REPORT
NATIONAL WEATHER SERVICE ALBUQUERQUE NM
228 AM MDT WED AUG 27 2014


...................................

...THE ALBUQUERQUE  NM CLIMATE SUMMARY FOR AUGUST 26 2014...

CLIMATE NORMAL PERIOD 1981 TO 2010
CLIMATE RECORD PERIOD 1897 TO 2014


WEATHER ITEM   OBSERVED TIME   RECORD YEAR NORMAL DEPARTURE LAST
                VALUE   (LST)  VALUE       VALUE  FROM      YEAR
                                                  NORMAL
..................................................................
TEMPERATURE (F)
 YESTERDAY
  MAXIMUM         80    128 PM  96    1994  86     -6       87
                                      1979
                                      1936
  MINIMUM         63   1159 PM  46    1918  64     -1       67
  AVERAGE         72                        75     -3       77

PRECIPITATION (IN)
  YESTERDAY        0.01          0.76 1934   0.04  -0.03
  MONTH TO DATE    1.39                      1.37   0.02
  SINCE JUN 1      4.99                      3.53   1.46
  SINCE JAN 1      6.00                      6.07  -0.07

SNOWFALL (IN)
  YESTERDAY        0.0
  MONTH TO DATE    0.0
  SINCE JUN 1      0.0
  SINCE JUL 1      0.0
  SNOW DEPTH       0

DEGREE DAYS
 HEATING
  YESTERDAY        0                         0      0        0
  MONTH TO DATE    0                         0      0        0
  SINCE JUN 1      0                         4     -4        0
  SINCE JUL 1      0                         0      0        0

 COOLING
  YESTERDAY        7                        10     -3       12
  MONTH TO DATE  247                       297    -50      331
  SINCE JUN 1   1072                      1010     62     1192
  SINCE JAN 1   1184                      1108     76     1309
..................................................................


WIND (MPH)
  HIGHEST WIND SPEED    21   HIGHEST WIND DIRECTION     N (340)
  HIGHEST GUST SPEED    28   HIGHEST GUST DIRECTION     N (340)
  AVERAGE WIND SPEED     6.4


SKY COVER
  POSSIBLE SUNSHINE  MM
  AVERAGE SKY COVER 0.7


WEATHER CONDITIONS
 THE FOLLOWING WEATHER WAS RECORDED YESTERDAY.
  THUNDERSTORM
  LIGHT RAIN
  HAZE


RELATIVE HUMIDITY (PERCENT)
 HIGHEST    63          1100 PM
 LOWEST     39           100 PM
 AVERAGE    51

..........................................................


THE ALBUQUERQUE  NM CLIMATE NORMALS FOR TODAY
                         NORMAL    RECORD    YEAR
 MAXIMUM TEMPERATURE (F)   86        96      1965
 MINIMUM TEMPERATURE (F)   64        48      1912


SUNRISE AND SUNSET
AUGUST 27 2014........SUNRISE   635 AM MDT   SUNSET   740 PM MDT
AUGUST 28 2014........SUNRISE   636 AM MDT   SUNSET   738 PM MDT


-  INDICATES NEGATIVE NUMBERS.
R  INDICATES RECORD WAS SET OR TIED.
MM INDICATES DATA IS MISSING.
T  INDICATES TRACE AMOUNT.




$$
