000
CDUS45 KABQ 290833
CLIABQ


CLIMATE REPORT
NATIONAL WEATHER SERVICE ALBUQUERQUE NM
232 AM MDT SUN MAY 29 2016


...................................

...THE ALBUQUERQUE  NM CLIMATE SUMMARY FOR MAY 28 2016...

CLIMATE NORMAL PERIOD 1981 TO 2010
CLIMATE RECORD PERIOD 1891 TO 2016


WEATHER ITEM   OBSERVED TIME   RECORD YEAR NORMAL DEPARTURE LAST
                VALUE   (LST)  VALUE       VALUE  FROM      YEAR
                                                  NORMAL
..................................................................
TEMPERATURE (F)
 YESTERDAY
  MAXIMUM         81    458 PM  97    1951  83     -2       86
  MINIMUM         52    604 AM  38    1916  56     -4       54
  AVERAGE         67                        69     -2       70

PRECIPITATION (IN)
  YESTERDAY        0.00          0.77 1937   0.02  -0.02
  MONTH TO DATE    0.11                      0.45  -0.34
  SINCE MAR 1      0.77                      1.63  -0.86
  SINCE JAN 1      1.19                      2.49  -1.30

SNOWFALL (IN)
  YESTERDAY        0.0
  MONTH TO DATE    T
  SINCE MAR 1      T
  SINCE JUL 1      9.8
  SNOW DEPTH       0

DEGREE DAYS
 HEATING
  YESTERDAY        0                         1     -1        0
  MONTH TO DATE   90                        69     21      125
  SINCE MAR 1    774                       870    -96      730
  SINCE JUL 1   3784                      4173   -389     3651

 COOLING
  YESTERDAY        2                         5     -3        5
  MONTH TO DATE   50                        75    -25       12
  SINCE MAR 1     55                        82    -27       12
  SINCE JAN 1     55                        82    -27       12
..................................................................


WIND (MPH)
  HIGHEST WIND SPEED    22   HIGHEST WIND DIRECTION     S (190)
  HIGHEST GUST SPEED    26   HIGHEST GUST DIRECTION     S (190)
  AVERAGE WIND SPEED     5.1


SKY COVER
  POSSIBLE SUNSHINE  MM
  AVERAGE SKY COVER 0.2


WEATHER CONDITIONS
 THE FOLLOWING WEATHER WAS RECORDED YESTERDAY.
  NO SIGNIFICANT WEATHER WAS OBSERVED.


RELATIVE HUMIDITY (PERCENT)
 HIGHEST    44           500 AM
 LOWEST     10           600 PM
 AVERAGE    27

..........................................................


THE ALBUQUERQUE  NM CLIMATE NORMALS FOR TODAY
                         NORMAL    RECORD    YEAR
 MAXIMUM TEMPERATURE (F)   83        97      2000
                                             1910
 MINIMUM TEMPERATURE (F)   56        37      1909


SUNRISE AND SUNSET
MAY 29 2016...........SUNRISE   554 AM MDT   SUNSET   814 PM MDT
MAY 30 2016...........SUNRISE   554 AM MDT   SUNSET   814 PM MDT


-  INDICATES NEGATIVE NUMBERS.
R  INDICATES RECORD WAS SET OR TIED.
MM INDICATES DATA IS MISSING.
T  INDICATES TRACE AMOUNT.




$$
