000
CDUS43 KABR 311041
CLIABR


CLIMATE REPORT
NATIONAL WEATHER SERVICE ABERDEEN SD
540 AM CDT TUE MAY 31 2016


...................................

...THE ABERDEEN SD CLIMATE SUMMARY FOR MAY 30 2016...

CLIMATE NORMAL PERIOD 1981 TO 2010
CLIMATE RECORD PERIOD 1893 TO 2016


WEATHER ITEM   OBSERVED TIME   RECORD YEAR NORMAL DEPARTURE LAST
                VALUE   (LST)  VALUE       VALUE  FROM      YEAR
                                                  NORMAL
..................................................................
TEMPERATURE (F)
 YESTERDAY
  MAXIMUM         86    304 PM 110    1934  72     14       58
  MINIMUM         51    444 AM  27    1947  49      2       38
  AVERAGE         69                        61      8       48

PRECIPITATION (IN)
  YESTERDAY        0.46          2.59 2007   0.10   0.36     0.00
  MONTH TO DATE    2.13                      3.01  -0.88     6.37
  SINCE MAR 1      6.25                      6.02   0.23     7.15
  SINCE JAN 1      6.94                      7.04  -0.10     8.20

DEGREE DAYS
 HEATING
  YESTERDAY        0                         5     -5       17
  MONTH TO DATE  205                       280    -75      296
  SINCE MAR 1   1527                      1988   -461     1709
  SINCE JUL 1   6764                      8451  -1687     7977

 COOLING
  YESTERDAY        4                         1      3        0
  MONTH TO DATE   32                        20     12       14
  SINCE MAR 1     33                        22     11       14
  SINCE JAN 1     33                        22     11       14
..................................................................


WIND (MPH)
  HIGHEST WIND SPEED    32   HIGHEST WIND DIRECTION     W (290)
  HIGHEST GUST SPEED    43   HIGHEST GUST DIRECTION     W (290)
  AVERAGE WIND SPEED     9.3


SKY COVER
  POSSIBLE SUNSHINE  MM
  AVERAGE SKY COVER 0.0


WEATHER CONDITIONS
 THE FOLLOWING WEATHER WAS RECORDED YESTERDAY.
  THUNDERSTORM
  HEAVY RAIN
  RAIN
  LIGHT RAIN
  FOG


RELATIVE HUMIDITY (PERCENT)
 HIGHEST    93          1100 PM
 LOWEST     32           100 PM
 AVERAGE    63

..........................................................


THE ABERDEEN SD CLIMATE NORMALS FOR TODAY
                         NORMAL    RECORD    YEAR
 MAXIMUM TEMPERATURE (F)   73       100      1934
 MINIMUM TEMPERATURE (F)   49        23      1897


SUNRISE AND SUNSET
MAY 31 2016...........SUNRISE   549 AM CDT   SUNSET   915 PM CDT
JUNE  1 2016..........SUNRISE   548 AM CDT   SUNSET   915 PM CDT


-  INDICATES NEGATIVE NUMBERS.
R  INDICATES RECORD WAS SET OR TIED.
MM INDICATES DATA IS MISSING.
T  INDICATES TRACE AMOUNT.




$$
