000
CDUS43 KABR 272235
CLIABR


CLIMATE REPORT
NATIONAL WEATHER SERVICE ABERDEEN SD
533 PM CDT WED AUG 27 2014


...................................

...THE ABERDEEN SD CLIMATE SUMMARY FOR AUGUST 27 2014...
VALID TODAY AS OF 0500 PM LOCAL TIME.

CLIMATE NORMAL PERIOD 1981 TO 2010
CLIMATE RECORD PERIOD 1893 TO 2014


WEATHER ITEM   OBSERVED TIME   RECORD YEAR NORMAL DEPARTURE LAST
                VALUE   (LST)  VALUE       VALUE  FROM      YEAR
                                                  NORMAL
..................................................................
TEMPERATURE (F)
 TODAY
  MAXIMUM         73    208 PM 106    1973  80     -7       93
  MINIMUM         53    618 AM  38    1967  54     -1       68
  AVERAGE         63                        67     -4       81

PRECIPITATION (IN)
  TODAY            0.00          0.67 1975   0.08  -0.08     0.00
  MONTH TO DATE    4.93                      2.12   2.81     0.05
  SINCE JUN 1      8.94                      8.84   0.10     4.95
  SINCE JAN 1     14.37                     15.98  -1.61    13.47

DEGREE DAYS
 COOLING
  TODAY            0                         4     -4       16
  MONTH TO DATE   96                       148    -52      129
  SINCE JUN 1    256                       448   -192      419
  SINCE JAN 1    298                       471   -173      440
..................................................................


WIND (MPH)
  HIGHEST WIND SPEED    14   HIGHEST WIND DIRECTION    SE (140)
  HIGHEST GUST SPEED    17   HIGHEST GUST DIRECTION    SE (150)
  AVERAGE WIND SPEED     6.5


SKY COVER
  POSSIBLE SUNSHINE  MM
  AVERAGE SKY COVER 0.6


WEATHER CONDITIONS
 THE FOLLOWING WEATHER WAS RECORDED TODAY.
  NO SIGNIFICANT WEATHER WAS OBSERVED.


RELATIVE HUMIDITY (PERCENT)
 HIGHEST   100           500 AM
 LOWEST     61           200 PM
 AVERAGE    81

..........................................................


THE ABERDEEN SD CLIMATE NORMALS FOR TOMORROW
                         NORMAL    RECORD    YEAR
 MAXIMUM TEMPERATURE (F)   79       104      1937
 MINIMUM TEMPERATURE (F)   53        31      1893


SUNRISE AND SUNSET
AUGUST 27 2014........SUNRISE   649 AM CDT   SUNSET   820 PM CDT
AUGUST 28 2014........SUNRISE   650 AM CDT   SUNSET   819 PM CDT


-  INDICATES NEGATIVE NUMBERS.
R  INDICATES RECORD WAS SET OR TIED.
MM INDICATES DATA IS MISSING.
T  INDICATES TRACE AMOUNT.

&&

PEAK WIND WAS 17 MPH FROM THE SOUTHEAST AT 1223 PM CDT

$$
