000
CDUS43 KABR 180913
CLIABR


CLIMATE REPORT
NATIONAL WEATHER SERVICE ABERDEEN SD
413 AM CDT FRI APR 18 2014


...................................

...THE ABERDEEN SD CLIMATE SUMMARY FOR APRIL 17 2014...

CLIMATE NORMAL PERIOD 1981 TO 2010
CLIMATE RECORD PERIOD 1896 TO 2014


WEATHER ITEM   OBSERVED TIME   RECORD YEAR NORMAL DEPARTURE LAST
                VALUE   (LST)  VALUE       VALUE  FROM      YEAR
                                                  NORMAL
..................................................................
TEMPERATURE (F)
 YESTERDAY
  MAXIMUM         47    425 PM  87    1915  58    -11       32
  MINIMUM         15    547 AM  10    1953  32    -17       27
  AVERAGE         31                        45    -14       30

PRECIPITATION (IN)
  YESTERDAY        0.00          0.78 1917   0.06  -0.06     0.15
  MONTH TO DATE    0.11                      0.86  -0.75     1.97
  SINCE MAR 1      0.88                      2.02  -1.14     2.21
  SINCE JAN 1      1.32                      3.04  -1.72     4.05

SNOWFALL (IN)
  YESTERDAY        0.0
  MONTH TO DATE    0.2
  SINCE OCT 1     32.7
  SINCE JUL 1     32.7
  SNOW DEPTH       0

DEGREE DAYS
 HEATING
  YESTERDAY       34                        20     14       35
  MONTH TO DATE  491                       404     87      566
  SINCE MAR 1   1713                      1492    221     1961
  SINCE JUL 1   8872                      7955    917     8375

 COOLING
  YESTERDAY        0                         0      0        0
  MONTH TO DATE    0                         0      0        0
  SINCE MAR 1      0                         0      0        0
  SINCE JAN 1      0                         0      0        0
..................................................................


WIND (MPH)
  HIGHEST WIND SPEED    16   HIGHEST WIND DIRECTION     S (180)
  HIGHEST GUST SPEED    20   HIGHEST GUST DIRECTION     S (180)
  AVERAGE WIND SPEED     7.7


SKY COVER
  POSSIBLE SUNSHINE  MM
  AVERAGE SKY COVER 0.2


WEATHER CONDITIONS
 THE FOLLOWING WEATHER WAS RECORDED YESTERDAY.
  NO SIGNIFICANT WEATHER WAS OBSERVED.


RELATIVE HUMIDITY (PERCENT)
 HIGHEST    92           200 AM
 LOWEST     31           300 PM
 AVERAGE    62

..........................................................


THE ABERDEEN SD CLIMATE NORMALS FOR TODAY
                         NORMAL    RECORD    YEAR
 MAXIMUM TEMPERATURE (F)   59        89      1985
 MINIMUM TEMPERATURE (F)   33        13      1953


SUNRISE AND SUNSET
APRIL 18 2014.........SUNRISE   643 AM CDT   SUNSET   824 PM CDT
APRIL 19 2014.........SUNRISE   641 AM CDT   SUNSET   825 PM CDT


-  INDICATES NEGATIVE NUMBERS.
R  INDICATES RECORD WAS SET OR TIED.
MM INDICATES DATA IS MISSING.
T  INDICATES TRACE AMOUNT.




$$
