000
CDUS43 KABR 241036
CLIABR


CLIMATE REPORT
NATIONAL WEATHER SERVICE ABERDEEN SD
536 AM CDT THU APR 24 2014


...................................

...THE ABERDEEN SD CLIMATE SUMMARY FOR APRIL 23 2014...

CLIMATE NORMAL PERIOD 1981 TO 2010
CLIMATE RECORD PERIOD 1896 TO 2014


WEATHER ITEM   OBSERVED TIME   RECORD YEAR NORMAL DEPARTURE LAST
                VALUE   (LST)  VALUE       VALUE  FROM      YEAR
                                                  NORMAL
..................................................................
TEMPERATURE (F)
 YESTERDAY
  MAXIMUM         59    326 PM  90    2009  61     -2       46
  MINIMUM         39   1155 PM  14    1956  35      4       15
  AVERAGE         49                        48      1       31

PRECIPITATION (IN)
  YESTERDAY        0.07          1.85 1902   0.07   0.00     0.00
  MONTH TO DATE    0.18                      1.25  -1.07     2.10
  SINCE MAR 1      0.95                      2.41  -1.46     2.34
  SINCE JAN 1      1.39                      3.43  -2.04     4.18

SNOWFALL (IN)
  YESTERDAY        0.0
  MONTH TO DATE    0.2
  SINCE OCT 1     32.7
  SINCE JUL 1     32.7
  SNOW DEPTH       0

DEGREE DAYS
 HEATING
  YESTERDAY       16                        17     -1       34
  MONTH TO DATE  581                       513     68      780
  SINCE MAR 1   1803                      1601    202     2175
  SINCE JUL 1   8962                      8064    898     8589

 COOLING
  YESTERDAY        0                         0      0        0
  MONTH TO DATE    0                         0      0        0
  SINCE MAR 1      0                         0      0        0
  SINCE JAN 1      0                         0      0        0
..................................................................


WIND (MPH)
  HIGHEST WIND SPEED    39   HIGHEST WIND DIRECTION    SE (140)
  HIGHEST GUST SPEED    48   HIGHEST GUST DIRECTION    SE (140)
  AVERAGE WIND SPEED    20.2


SKY COVER
  POSSIBLE SUNSHINE  MM
  AVERAGE SKY COVER 0.6


WEATHER CONDITIONS
 THE FOLLOWING WEATHER WAS RECORDED YESTERDAY.
  HEAVY RAIN
  LIGHT RAIN


RELATIVE HUMIDITY (PERCENT)
 HIGHEST    83           800 PM
 LOWEST     51           400 PM
 AVERAGE    67

..........................................................


THE ABERDEEN SD CLIMATE NORMALS FOR TODAY
                         NORMAL    RECORD    YEAR
 MAXIMUM TEMPERATURE (F)   62        92      1962
 MINIMUM TEMPERATURE (F)   35        17      1956


SUNRISE AND SUNSET
APRIL 24 2014.........SUNRISE   633 AM CDT   SUNSET   832 PM CDT
APRIL 25 2014.........SUNRISE   631 AM CDT   SUNSET   833 PM CDT


-  INDICATES NEGATIVE NUMBERS.
R  INDICATES RECORD WAS SET OR TIED.
MM INDICATES DATA IS MISSING.
T  INDICATES TRACE AMOUNT.




$$
