611
CDUS43 KABR 091038
CLIABR


CLIMATE REPORT
NATIONAL WEATHER SERVICE ABERDEEN SD
436 AM CST TUE FEB 9 2016


...................................

...THE ABERDEEN SD CLIMATE SUMMARY FOR FEBRUARY 8 2016...

CLIMATE NORMAL PERIOD 1981 TO 2010
CLIMATE RECORD PERIOD 1893 TO 2016


WEATHER ITEM   OBSERVED TIME   RECORD YEAR NORMAL DEPARTURE LAST
                VALUE   (LST)  VALUE       VALUE  FROM      YEAR
                                                  NORMAL
..................................................................
TEMPERATURE (F)
 YESTERDAY
  MAXIMUM         34    332 PM  62    2000  26      8       36
  MINIMUM         16   1159 PM -37    1994   5     11       21
  AVERAGE         25                        15     10       29

PRECIPITATION (IN)
  YESTERDAY        T             0.36 1937   0.01  -0.01     0.06
  MONTH TO DATE    0.04                      0.12  -0.08     0.13
  SINCE DEC 1      0.82                      1.11  -0.29     1.06
  SINCE JAN 1      0.18                      0.59  -0.41     0.81

SNOWFALL (IN)
  YESTERDAY        T
  MONTH TO DATE    0.4
  SINCE OCT 1     17.8
  SINCE JUL 1     17.8
  SNOW DEPTH       T

DEGREE DAYS
 HEATING
  YESTERDAY       40                        50    -10       36
  MONTH TO DATE  295                       406   -111      405
  SINCE DEC 1   3066                      3577   -511     3159
  SINCE JUL 1   4478                      5540  -1062     5205

 COOLING
  YESTERDAY        0                         0      0        0
  MONTH TO DATE    0                         0      0        0
  SINCE DEC 1      0                         0      0        0
  SINCE JAN 1      0                         0      0        0
..................................................................


WIND (MPH)
  HIGHEST WIND SPEED    33   HIGHEST WIND DIRECTION     N (350)
  HIGHEST GUST SPEED    43   HIGHEST GUST DIRECTION     N (350)
  AVERAGE WIND SPEED    20.9


SKY COVER
  POSSIBLE SUNSHINE  MM
  AVERAGE SKY COVER 0.5


WEATHER CONDITIONS
 THE FOLLOWING WEATHER WAS RECORDED YESTERDAY.
  LIGHT SNOW


RELATIVE HUMIDITY (PERCENT)
 HIGHEST    74          1100 PM
 LOWEST     35           400 PM
 AVERAGE    55

..........................................................


THE ABERDEEN SD CLIMATE NORMALS FOR TODAY
                         NORMAL    RECORD    YEAR
 MAXIMUM TEMPERATURE (F)   26        53      1987
                                             1977
 MINIMUM TEMPERATURE (F)    5       -45      1994


SUNRISE AND SUNSET
FEBRUARY  9 2016......SUNRISE   745 AM CST   SUNSET   552 PM CST
FEBRUARY 10 2016......SUNRISE   743 AM CST   SUNSET   553 PM CST


-  INDICATES NEGATIVE NUMBERS.
R  INDICATES RECORD WAS SET OR TIED.
MM INDICATES DATA IS MISSING.
T  INDICATES TRACE AMOUNT.




$$
