000
CDUS43 KABR 282332
CLIABR


CLIMATE REPORT
NATIONAL WEATHER SERVICE ABERDEEN SD
530 PM CST SAT FEB 28 2015


...................................

...THE ABERDEEN SD CLIMATE SUMMARY FOR FEBRUARY 28 2015...
VALID TODAY AS OF 0500 PM LOCAL TIME.

CLIMATE NORMAL PERIOD 1981 TO 2010
CLIMATE RECORD PERIOD 1893 TO 2015


WEATHER ITEM   OBSERVED TIME   RECORD YEAR NORMAL DEPARTURE LAST
                VALUE   (LST)  VALUE       VALUE  FROM      YEAR
                                                  NORMAL
..................................................................
TEMPERATURE (F)
 TODAY
  MAXIMUM         29    353 PM  59    1934  33     -4       18
  MINIMUM          5    737 AM -27    1962  13     -8       -1
  AVERAGE         17                        23     -6        9

PRECIPITATION (IN)
  TODAY            0.00          0.85 1951   0.03  -0.03     0.00
  MONTH TO DATE    0.37                      0.55  -0.18     0.16
  SINCE DEC 1      1.30                      1.54  -0.24     1.32
  SINCE JAN 1      1.05                      1.02   0.03     0.44

SNOWFALL (IN)
  TODAY            0.0
  MONTH TO DATE    5.1
  SINCE OCT 1     18.5
  SINCE JUL 1     18.5
  SNOW DEPTH       1

DEGREE DAYS
 HEATING
  TODAY           48                        42      6       56
  MONTH TO DATE 1467                      1329    138     1628
  SINCE DEC 1   4221                      4500   -279     5168
  SINCE JUL 1   6267                      6463   -196     7159
..................................................................


WIND (MPH)
  HIGHEST WIND SPEED    23   HIGHEST WIND DIRECTION     S (200)
  HIGHEST GUST SPEED    29   HIGHEST GUST DIRECTION     S (190)
  AVERAGE WIND SPEED    15.9


SKY COVER
  POSSIBLE SUNSHINE  MM
  AVERAGE SKY COVER 0.2


WEATHER CONDITIONS
 THE FOLLOWING WEATHER WAS RECORDED TODAY.
  NO SIGNIFICANT WEATHER WAS OBSERVED.


RELATIVE HUMIDITY (PERCENT)
 HIGHEST    76           500 AM
 LOWEST     53           300 PM
 AVERAGE    65

..........................................................


THE ABERDEEN SD CLIMATE NORMALS FOR TOMORROW
                         NORMAL    RECORD    YEAR
 MAXIMUM TEMPERATURE (F)   33        73      1992
 MINIMUM TEMPERATURE (F)   13       -29      1962


SUNRISE AND SUNSET
FEBRUARY 28 2015......SUNRISE   714 AM CST   SUNSET   619 PM CST
MARCH  1 2015.........SUNRISE   712 AM CST   SUNSET   620 PM CST


-  INDICATES NEGATIVE NUMBERS.
R  INDICATES RECORD WAS SET OR TIED.
MM INDICATES DATA IS MISSING.
T  INDICATES TRACE AMOUNT.

&&

PEAK WIND WAS 29 MPH FROM THE SOUTH AT 1216 PM CST

$$
