000
CDUS43 KABR 291042
CLIABR


CLIMATE REPORT
NATIONAL WEATHER SERVICE ABERDEEN SD
541 AM CDT FRI APR 29 2016


...................................

...THE ABERDEEN SD CLIMATE SUMMARY FOR APRIL 28 2016...

CLIMATE NORMAL PERIOD 1981 TO 2010
CLIMATE RECORD PERIOD 1893 TO 2016


WEATHER ITEM   OBSERVED TIME   RECORD YEAR NORMAL DEPARTURE LAST
                VALUE   (LST)  VALUE       VALUE  FROM      YEAR
                                                  NORMAL
..................................................................
TEMPERATURE (F)
 YESTERDAY
  MAXIMUM         53    437 PM  90    1934  63    -10       69
  MINIMUM         34   1216 AM  19    2008  37     -3       38
  AVERAGE         44                        50     -6       54

PRECIPITATION (IN)
  YESTERDAY        0.01          1.84 1989   0.09  -0.08      T
  MONTH TO DATE    3.66                      1.68   1.98     0.51
  SINCE MAR 1      4.12                      2.84   1.28     0.74
  SINCE JAN 1      4.81                      3.86   0.95     1.79

SNOWFALL (IN)
  YESTERDAY        T
  MONTH TO DATE    T
  SINCE OCT 1     26.5
  SINCE JUL 1     26.5
  SNOW DEPTH       0

DEGREE DAYS
 HEATING
  YESTERDAY       21                        15      6       11
  MONTH TO DATE  533                       592    -59      468
  SINCE MAR 1   1287                      1680   -393     1393
  SINCE JUL 1   6524                      8143  -1619     7661

 COOLING
  YESTERDAY        0                         0      0        0
  MONTH TO DATE    1                         0      1        0
  SINCE MAR 1      1                         0      1        0
  SINCE JAN 1      1                         0      1        0
..................................................................


WIND (MPH)
  HIGHEST WIND SPEED    17   HIGHEST WIND DIRECTION    NE (50)
  HIGHEST GUST SPEED    24   HIGHEST GUST DIRECTION    NE (30)
  AVERAGE WIND SPEED    10.2


SKY COVER
  POSSIBLE SUNSHINE  MM
  AVERAGE SKY COVER 1.0


WEATHER CONDITIONS
 THE FOLLOWING WEATHER WAS RECORDED YESTERDAY.
  LIGHT SNOW
  FOG


RELATIVE HUMIDITY (PERCENT)
 HIGHEST    92           100 AM
 LOWEST     50           200 PM
 AVERAGE    71

..........................................................


THE ABERDEEN SD CLIMATE NORMALS FOR TODAY
                         NORMAL    RECORD    YEAR
 MAXIMUM TEMPERATURE (F)   64        92      1934
 MINIMUM TEMPERATURE (F)   38        16      1966


SUNRISE AND SUNSET
APRIL 29 2016.........SUNRISE   624 AM CDT   SUNSET   839 PM CDT
APRIL 30 2016.........SUNRISE   623 AM CDT   SUNSET   840 PM CDT


-  INDICATES NEGATIVE NUMBERS.
R  INDICATES RECORD WAS SET OR TIED.
MM INDICATES DATA IS MISSING.
T  INDICATES TRACE AMOUNT.




$$
