000
CDUS43 KABR 232228
CLIABR


CLIMATE REPORT
NATIONAL WEATHER SERVICE ABERDEEN SD
527 PM CDT THU OCT 23 2014


...................................

...THE ABERDEEN SD CLIMATE SUMMARY FOR OCTOBER 23 2014...
VALID TODAY AS OF 0500 PM LOCAL TIME.

CLIMATE NORMAL PERIOD 1981 TO 2010
CLIMATE RECORD PERIOD 1893 TO 2014


WEATHER ITEM   OBSERVED TIME   RECORD YEAR NORMAL DEPARTURE LAST
                VALUE   (LST)  VALUE       VALUE  FROM      YEAR
                                                  NORMAL
..................................................................
TEMPERATURE (F)
 TODAY
  MAXIMUM         72    252 PM  80    1963  54     18       40
  MINIMUM         31    635 AM   5    1895  30      1       31
  AVERAGE         52                        42     10       36

PRECIPITATION (IN)
  TODAY            0.00          0.87 1947   0.06  -0.06     0.06
  MONTH TO DATE    0.25                      1.61  -1.36     4.35
  SINCE SEP 1      1.25                      3.80  -2.55     6.79
  SINCE JAN 1     16.88                     20.09  -3.21    20.55

SNOWFALL (IN)
  TODAY            0.0
  MONTH TO DATE    0.0
  SINCE OCT 1      0.0
  SINCE JUL 1      0.0
  SNOW DEPTH       0

DEGREE DAYS
 HEATING
  TODAY           13                        23    -10       29
  MONTH TO DATE  336                       416    -80      453
  SINCE SEP 1    529                       639   -110      568
  SINCE JUL 1    591                       690    -99      619

 COOLING
  TODAY            0                         0      0        0
  MONTH TO DATE    0                         0      0        0
  SINCE SEP 1     38                        40     -2       91
  SINCE JAN 1    342                       523   -181      580
..................................................................


WIND (MPH)
  HIGHEST WIND SPEED    16   HIGHEST WIND DIRECTION     S (190)
  HIGHEST GUST SPEED    20   HIGHEST GUST DIRECTION     S (190)
  AVERAGE WIND SPEED     7.7


SKY COVER
  POSSIBLE SUNSHINE  MM
  AVERAGE SKY COVER 0.0


WEATHER CONDITIONS
 THE FOLLOWING WEATHER WAS RECORDED TODAY.
  NO SIGNIFICANT WEATHER WAS OBSERVED.


RELATIVE HUMIDITY (PERCENT)
 HIGHEST    96           600 AM
 LOWEST     35           300 PM
 AVERAGE    66

..........................................................


THE ABERDEEN SD CLIMATE NORMALS FOR TOMORROW
                         NORMAL    RECORD    YEAR
 MAXIMUM TEMPERATURE (F)   54        83      1989
 MINIMUM TEMPERATURE (F)   30         6      1917


SUNRISE AND SUNSET
OCTOBER 23 2014.......SUNRISE   801 AM CDT   SUNSET   635 PM CDT
OCTOBER 24 2014.......SUNRISE   802 AM CDT   SUNSET   633 PM CDT


-  INDICATES NEGATIVE NUMBERS.
R  INDICATES RECORD WAS SET OR TIED.
MM INDICATES DATA IS MISSING.
T  INDICATES TRACE AMOUNT.

&&

PEAK WIND WAS 20 MPH FROM THE SOUTH AT 340 PM

$$
