000
CDUS43 KABR 292242
CLIABR


CLIMATE REPORT
NATIONAL WEATHER SERVICE ABERDEEN SD
541 PM CDT MON MAY 29 2017


...................................

...THE ABERDEEN SD CLIMATE SUMMARY FOR MAY 29 2017...
VALID TODAY AS OF 0500 PM LOCAL TIME.

CLIMATE NORMAL PERIOD 1981 TO 2010
CLIMATE RECORD PERIOD 1893 TO 2017


WEATHER ITEM   OBSERVED TIME   RECORD YEAR NORMAL DEPARTURE LAST
                VALUE   (LST)  VALUE       VALUE  FROM      YEAR
                                                  NORMAL
..................................................................
TEMPERATURE (F)
 TODAY
  MAXIMUM         66    352 PM  99    1934  72     -6       81
  MINIMUM         47    626 AM  23    1947  49     -2       53
  AVERAGE         57                        60     -3       67

PRECIPITATION (IN)
  TODAY            T             0.76 1979   0.10  -0.10     0.00
  MONTH TO DATE    0.65                      2.91  -2.26     1.67
  SINCE MAR 1      2.70                      5.92  -3.22     5.79
  SINCE JAN 1      3.38                      6.94  -3.56     6.48

DEGREE DAYS
 COOLING
  TODAY            0                         1     -1        2
  MONTH TO DATE   12                        19     -7       28
  SINCE MAR 1     12                        21     -9       29
  SINCE JAN 1     12                        21     -9       29
..................................................................


WIND (MPH)
  HIGHEST WIND SPEED    29   HIGHEST WIND DIRECTION    NW (320)
  HIGHEST GUST SPEED    34   HIGHEST GUST DIRECTION    NW (330)
  AVERAGE WIND SPEED    17.1


SKY COVER
  POSSIBLE SUNSHINE  MM
  AVERAGE SKY COVER 0.5


WEATHER CONDITIONS
 THE FOLLOWING WEATHER WAS RECORDED TODAY.
  LIGHT RAIN


RELATIVE HUMIDITY (PERCENT)
 HIGHEST    77           200 AM
 LOWEST     34           300 PM
 AVERAGE    56

..........................................................


THE ABERDEEN SD CLIMATE NORMALS FOR TOMORROW
                         NORMAL    RECORD    YEAR
 MAXIMUM TEMPERATURE (F)   72       110      1934
 MINIMUM TEMPERATURE (F)   49        27      1947


SUNRISE AND SUNSET
MAY 29 2017...........SUNRISE   550 AM CDT   SUNSET   913 PM CDT
MAY 30 2017...........SUNRISE   550 AM CDT   SUNSET   914 PM CDT


-  INDICATES NEGATIVE NUMBERS.
R  INDICATES RECORD WAS SET OR TIED.
MM INDICATES DATA IS MISSING.
T  INDICATES TRACE AMOUNT.

&&

PEAK WIND OF 34 MPH FROM THE NORTHWEST AT 1011 AM

$$
