000
CDUS43 KABR 240916
CLIABR


CLIMATE REPORT
NATIONAL WEATHER SERVICE ABERDEEN SD
415 AM CDT SUN JUL 24 2016


...................................

...THE ABERDEEN SD CLIMATE SUMMARY FOR JULY 23 2016...

CLIMATE NORMAL PERIOD 1981 TO 2010
CLIMATE RECORD PERIOD 1893 TO 2016


WEATHER ITEM   OBSERVED TIME   RECORD YEAR NORMAL DEPARTURE LAST
                VALUE   (LST)  VALUE       VALUE  FROM      YEAR
                                                  NORMAL
..................................................................
TEMPERATURE (F)
 YESTERDAY
  MAXIMUM         92    308 PM 109    1941  84      8       92
  MINIMUM         64   1159 PM  41    1904  60      4       65
  AVERAGE         78                        72      6       79

PRECIPITATION (IN)
  YESTERDAY        T             1.42 1988   0.09  -0.09     0.00
  MONTH TO DATE    2.82                      2.34   0.48     3.21
  SINCE JUN 1      4.23                      6.04  -1.81     5.31
  SINCE JAN 1     11.17                     13.18  -2.01    13.53

DEGREE DAYS
 HEATING
  YESTERDAY        0                         0      0        0
  MONTH TO DATE    8                         8      0        5
  SINCE JUN 1     28                        84    -56       19
  SINCE JUL 1      8                         8      0        5

 COOLING
  YESTERDAY       13                         7      6       14
  MONTH TO DATE  166                       152     14      181
  SINCE JUN 1    358                       244    114      320
  SINCE JAN 1    391                       267    124      334
..................................................................


WIND (MPH)
  HIGHEST WIND SPEED    21   HIGHEST WIND DIRECTION    NW (310)
  HIGHEST GUST SPEED    28   HIGHEST GUST DIRECTION    NW (300)
  AVERAGE WIND SPEED     8.9


SKY COVER
  POSSIBLE SUNSHINE  MM
  AVERAGE SKY COVER 0.3


WEATHER CONDITIONS
 THE FOLLOWING WEATHER WAS RECORDED YESTERDAY.
  LIGHT RAIN
  FOG


RELATIVE HUMIDITY (PERCENT)
 HIGHEST    87           600 AM
 LOWEST     59           300 PM
 AVERAGE    73

..........................................................


THE ABERDEEN SD CLIMATE NORMALS FOR TODAY
                         NORMAL    RECORD    YEAR
 MAXIMUM TEMPERATURE (F)   84       108      1931
 MINIMUM TEMPERATURE (F)   60        46      1905
                                             1895


SUNRISE AND SUNSET
JULY 24 2016..........SUNRISE   609 AM CDT   SUNSET   910 PM CDT
JULY 25 2016..........SUNRISE   611 AM CDT   SUNSET   909 PM CDT


-  INDICATES NEGATIVE NUMBERS.
R  INDICATES RECORD WAS SET OR TIED.
MM INDICATES DATA IS MISSING.
T  INDICATES TRACE AMOUNT.




$$
