000
CDUS42 KTAE 230634
CLIABY


CLIMATE REPORT
NATIONAL WEATHER SERVICE TALLAHASSEE FL
134 AM EST TUE JAN 23 2018


...................................

...THE ALBANY CLIMATE SUMMARY FOR JANUARY 22 2018...

CLIMATE NORMAL PERIOD 1981 TO 2010
CLIMATE RECORD PERIOD 1930 TO 2018


WEATHER ITEM   OBSERVED TIME   RECORD YEAR NORMAL DEPARTURE LAST
                VALUE   (LST)  VALUE       VALUE  FROM      YEAR
                                                  NORMAL
..................................................................
TEMPERATURE (F)
 YESTERDAY
  MAXIMUM         74    233 PM  80    1990  61     13       70
  MINIMUM         44    331 AM   1    1985  38      6       51
  AVERAGE         59                        49     10       61

PRECIPITATION (IN)
  YESTERDAY        0.00                      0.17  -0.17     3.28
  MONTH TO DATE    0.54                      3.03  -2.49     8.68
  SINCE DEC 1      3.66                      6.78  -3.12    19.36
  SINCE JAN 1      0.54                      3.03  -2.49     8.68

SNOWFALL (IN)
  YESTERDAY        0.0
  MONTH TO DATE    0.1
  SINCE DEC 1      0.1
  SINCE JUL 1      0.1

DEGREE DAYS
 HEATING
  YESTERDAY        6                        16    -10        4
  MONTH TO DATE  451                       352     99      163
  SINCE DEC 1    812                       795     17      416
  SINCE JUL 1   1027                      1065    -38      557

 COOLING
  YESTERDAY        0                         0      0        0
  MONTH TO DATE    5                         0      5       20
  SINCE DEC 1     18                         9      9       43
  SINCE JAN 1      5                         0      5       20
..................................................................


WIND (MPH)
  HIGHEST WIND SPEED    21   HIGHEST WIND DIRECTION     S (180)
  HIGHEST GUST SPEED    27   HIGHEST GUST DIRECTION     S (180)
  AVERAGE WIND SPEED     7.5




RELATIVE HUMIDITY (PERCENT)
 HIGHEST    93
 LOWEST     68
 AVERAGE    81

..........................................................


THE ALBANY CLIMATE NORMALS FOR TODAY
                         NORMAL    RECORD    YEAR
 MAXIMUM TEMPERATURE (F)   61        80      1937
 MINIMUM TEMPERATURE (F)   38        12      1985


SUNRISE AND SUNSET
JANUARY 23 2018.......SUNRISE   734 AM EST   SUNSET   603 PM EST
JANUARY 24 2018.......SUNRISE   734 AM EST   SUNSET   604 PM EST


-  INDICATES NEGATIVE NUMBERS.
R  INDICATES RECORD WAS SET OR TIED.
MM INDICATES DATA IS MISSING.
T  INDICATES TRACE AMOUNT.




$$
