000
CDUS42 KTAE 110633
CLIABY


CLIMATE REPORT
NATIONAL WEATHER SERVICE TALLAHASSEE FL
131 AM EST SUN DEC 11 2016

...................................

...THE ALBANY CLIMATE SUMMARY FOR DECEMBER 10 2016...

CLIMATE NORMAL PERIOD 1981 TO 2010
CLIMATE RECORD PERIOD 1930 TO 2016


WEATHER ITEM   OBSERVED TIME   RECORD YEAR NORMAL DEPARTURE LAST
                VALUE   (LST)  VALUE       VALUE  FROM      YEAR
                                                  NORMAL
..................................................................
TEMPERATURE (F)
 YESTERDAY
  MAXIMUM         55    421 PM  81    2007  63     -8       74
  MINIMUM         29    428 AM  21    1968  40    -11       43
  AVERAGE         42                        52    -10       59

PRECIPITATION (IN)
  YESTERDAY        0.00                      0.14  -0.14     0.00
  MONTH TO DATE    7.78                      1.45   6.33     1.95
  SINCE DEC 1      7.78                      1.45   6.33     1.95
  SINCE JAN 1     46.14                     46.27  -0.13    44.64

SNOWFALL (IN)
  YESTERDAY        0.0

DEGREE DAYS
 HEATING
  YESTERDAY       23                        14      9        6
  MONTH TO DATE  104                       125    -21       82
  SINCE DEC 1    104                       125    -21       82
  SINCE JUL 1    245                       395   -150      206

 COOLING
  YESTERDAY        0                         0      0        0
  MONTH TO DATE    4                         0      4        3
  SINCE DEC 1      4                         0      4        3
  SINCE JAN 1   3019                      2533    486     2884
..................................................................


WIND (MPH)
  HIGHEST WIND SPEED    12   HIGHEST WIND DIRECTION     E (80)
  HIGHEST GUST SPEED    17   HIGHEST GUST DIRECTION    NE (60)
  AVERAGE WIND SPEED     4.5




RELATIVE HUMIDITY (PERCENT)
 HIGHEST    82
 LOWEST     24
 AVERAGE    53

..........................................................


THE ALBANY CLIMATE NORMALS FOR TODAY
                         NORMAL    RECORD    YEAR
 MAXIMUM TEMPERATURE (F)   63        82      2007
 MINIMUM TEMPERATURE (F)   40        20      1968


SUNRISE AND SUNSET
DECEMBER 11 2016......SUNRISE   726 AM EST   SUNSET   534 PM EST
DECEMBER 12 2016......SUNRISE   727 AM EST   SUNSET   534 PM EST


-  INDICATES NEGATIVE NUMBERS.
R  INDICATES RECORD WAS SET OR TIED.
MM INDICATES DATA IS MISSING.
T  INDICATES TRACE AMOUNT.

$$
