000
CDUS42 KTAE 050635
CLIABY


CLIMATE REPORT
NATIONAL WEATHER SERVICE TALLAHASSEE FL
234 AM EDT THU MAY 5 2016


...................................

...THE ALBANY CLIMATE SUMMARY FOR MAY 4 2016...

CLIMATE NORMAL PERIOD 1981 TO 2010
CLIMATE RECORD PERIOD 1930 TO 2016


WEATHER ITEM   OBSERVED TIME   RECORD YEAR NORMAL DEPARTURE LAST
                VALUE   (LST)  VALUE       VALUE  FROM      YEAR
                                                  NORMAL
..................................................................
TEMPERATURE (F)
 YESTERDAY
  MAXIMUM         78    313 PM  95    2002  84     -6       84
  MINIMUM         58   1136 PM  39    1971  58      0       56
  AVERAGE         68                        71     -3       70

PRECIPITATION (IN)
  YESTERDAY        0.00                      0.08  -0.08     0.00
  MONTH TO DATE    0.34                      0.29   0.05     0.00
  SINCE MAR 1     11.98                      8.98   3.00     7.35
  SINCE JAN 1     22.29                     17.96   4.33    14.68

SNOWFALL (IN)
  YESTERDAY        0.0

DEGREE DAYS
 HEATING
  YESTERDAY        0                         0      0        0
  MONTH TO DATE    0                         0      0        2
  SINCE MAR 1    151                       274   -123      125
  SINCE JUL 1   1286                      1834   -548     1849

 COOLING
  YESTERDAY        3                         7     -4        5
  MONTH TO DATE   41                        25     16        7
  SINCE MAR 1    225                       156     69      253
  SINCE JAN 1    228                       165     63      255
..................................................................


WIND (MPH)
  HIGHEST WIND SPEED    18   HIGHEST WIND DIRECTION    NW (320)
  HIGHEST GUST SPEED    23   HIGHEST GUST DIRECTION    NW (330)
  AVERAGE WIND SPEED     7.1




RELATIVE HUMIDITY (PERCENT)
 HIGHEST    93
 LOWEST     33
 AVERAGE    63

..........................................................


THE ALBANY CLIMATE NORMALS FOR TODAY
                         NORMAL    RECORD    YEAR
 MAXIMUM TEMPERATURE (F)   85        96      1955
 MINIMUM TEMPERATURE (F)   58        39      1971


SUNRISE AND SUNSET
MAY  5 2016...........SUNRISE   648 AM EDT   SUNSET   820 PM EDT
MAY  6 2016...........SUNRISE   647 AM EDT   SUNSET   820 PM EDT


-  INDICATES NEGATIVE NUMBERS.
R  INDICATES RECORD WAS SET OR TIED.
MM INDICATES DATA IS MISSING.
T  INDICATES TRACE AMOUNT.




$$
