000
CDUS42 KTAE 260639
CLIABY


CLIMATE REPORT
NATIONAL WEATHER SERVICE TALLAHASSEE FL
238 AM EDT MON SEP 26 2016


...................................

...THE ALBANY CLIMATE SUMMARY FOR SEPTEMBER 25 2016...

CLIMATE NORMAL PERIOD 1981 TO 2010
CLIMATE RECORD PERIOD 1930 TO 2016


WEATHER ITEM   OBSERVED TIME   RECORD YEAR NORMAL DEPARTURE LAST
                VALUE   (LST)  VALUE       VALUE  FROM      YEAR
                                                  NORMAL
..................................................................
TEMPERATURE (F)
 YESTERDAY
  MAXIMUM         95    239 PM  98    1931  86      9       71
  MINIMUM         70    650 AM  44    1990  64      6       61
  AVERAGE         83                        75      8       66

PRECIPITATION (IN)
  YESTERDAY        0.17                      0.09   0.08     0.00
  MONTH TO DATE    3.28                      3.01   0.27     2.39
  SINCE SEP 1      3.28                      3.01   0.27     2.39
  SINCE JAN 1     37.33                     38.61  -1.28    33.57

SNOWFALL (IN)
  YESTERDAY        0.0

DEGREE DAYS
 HEATING
  YESTERDAY        0                         0      0        0
  MONTH TO DATE    0                         0      0        0
  SINCE SEP 1      0                         0      0        0
  SINCE JUL 1      0                         0      0        0

 COOLING
  YESTERDAY       18                        10      8        1
  MONTH TO DATE  411                       337     74      317
  SINCE SEP 1    411                       337     74      317
  SINCE JAN 1   2648                      2310    338     2570
..................................................................


WIND (MPH)
  HIGHEST WIND SPEED    17   HIGHEST WIND DIRECTION     W (280)
  HIGHEST GUST SPEED    22   HIGHEST GUST DIRECTION     W (290)
  AVERAGE WIND SPEED     4.8




RELATIVE HUMIDITY (PERCENT)
 HIGHEST    90
 LOWEST     39
 AVERAGE    65

..........................................................


THE ALBANY CLIMATE NORMALS FOR TODAY
                         NORMAL    RECORD    YEAR
 MAXIMUM TEMPERATURE (F)   86        97      1961
 MINIMUM TEMPERATURE (F)   64        44      1990


SUNRISE AND SUNSET
SEPTEMBER 26 2016.....SUNRISE   728 AM EDT   SUNSET   727 PM EDT
SEPTEMBER 27 2016.....SUNRISE   728 AM EDT   SUNSET   726 PM EDT


-  INDICATES NEGATIVE NUMBERS.
R  INDICATES RECORD WAS SET OR TIED.
MM INDICATES DATA IS MISSING.
T  INDICATES TRACE AMOUNT.




$$
