000
CDUS42 KTAE 260631
CLIABY


CLIMATE REPORT
NATIONAL WEATHER SERVICE TALLAHASSEE FL
231 AM EDT WED APR 26 2017


...................................

...THE ALBANY CLIMATE SUMMARY FOR APRIL 25 2017...

CLIMATE NORMAL PERIOD 1981 TO 2010
CLIMATE RECORD PERIOD 1930 TO 2017


WEATHER ITEM   OBSERVED TIME   RECORD YEAR NORMAL DEPARTURE LAST
                VALUE   (LST)  VALUE       VALUE  FROM      YEAR
                                                  NORMAL
..................................................................
TEMPERATURE (F)
 YESTERDAY
  MAXIMUM         82    444 PM  92    1958  82      0       85
  MINIMUM         57    638 AM  37    1986  56      1       62
  AVERAGE         70                        69      1       74

PRECIPITATION (IN)
  YESTERDAY        0.00                      0.09  -0.09     0.33
  MONTH TO DATE    2.13                      3.25  -1.12     6.29
  SINCE MAR 1      3.35                      8.30  -4.95    11.06
  SINCE JAN 1     15.17                     17.28  -2.11    21.37

SNOWFALL (IN)
  YESTERDAY        0.0

DEGREE DAYS
 HEATING
  YESTERDAY        0                         1     -1        0
  MONTH TO DATE   26                        62    -36       36
  SINCE MAR 1    189                       271    -82      151
  SINCE JUL 1    992                      1831   -839     1286

 COOLING
  YESTERDAY        5                         5      0        9
  MONTH TO DATE  140                        76     64       46
  SINCE MAR 1    217                       105    112      128
  SINCE JAN 1    255                       114    141      131
..................................................................


WIND (MPH)
  HIGHEST WIND SPEED    15   HIGHEST WIND DIRECTION     W (270)
  HIGHEST GUST SPEED    19   HIGHEST GUST DIRECTION     W (270)
  AVERAGE WIND SPEED     6.1




RELATIVE HUMIDITY (PERCENT)
 HIGHEST    93
 LOWEST     39
 AVERAGE    66

..........................................................


THE ALBANY CLIMATE NORMALS FOR TODAY
                         NORMAL    RECORD    YEAR
 MAXIMUM TEMPERATURE (F)   82        91      1958
 MINIMUM TEMPERATURE (F)   56        39      1968


SUNRISE AND SUNSET
APRIL 26 2017.........SUNRISE   656 AM EDT   SUNSET   813 PM EDT
APRIL 27 2017.........SUNRISE   655 AM EDT   SUNSET   814 PM EDT


-  INDICATES NEGATIVE NUMBERS.
R  INDICATES RECORD WAS SET OR TIED.
MM INDICATES DATA IS MISSING.
T  INDICATES TRACE AMOUNT.




$$
