000
CDUS44 KFWD 302125
CLIACT


CLIMATE REPORT
NATIONAL WEATHER SERVICE FORT WORTH TX
425 PM CDT SUN APR 30 2017


...................................

...THE WACO CLIMATE SUMMARY FOR APRIL 30 2017...
VALID AS OF 0400 PM LOCAL TIME.

CLIMATE NORMAL PERIOD 1981 TO 2010
CLIMATE RECORD PERIOD 1901 TO 2017


WEATHER ITEM   OBSERVED TIME   RECORD YEAR NORMAL DEPARTURE LAST
                VALUE   (LST)  VALUE       VALUE  FROM      YEAR
                                                  NORMAL
..................................................................
TEMPERATURE (F)
 TODAY
  MAXIMUM         74    259 PM  94    1981  81     -7       81
                                      1902
  MINIMUM         49    655 AM  40    1996  59    -10       63
                                      1908
                                      1903
  AVERAGE         62

PRECIPITATION (IN)
  TODAY            0.06          3.41 1944   0.12  -0.06     0.00
  MONTH TO DATE    7.03                      2.69   4.34     6.55
  SINCE MAR 1     10.35                      5.84   4.51    11.88
  SINCE JAN 1     16.51                     10.59   5.92    14.33

SNOWFALL (IN)
  TODAY           MM             0.0    MM   0.0   MM        0.0
  MONTH TO DATE    0.0                       0.1   -0.1      0.0
  SINCE MAR 1      0.0                       0.2   -0.2      0.0
  SINCE JUL 1      T                         1.0   -1.0      0.0
  SNOW DEPTH       0

..................................................................


WIND (MPH)
  HIGHEST WIND SPEED    28   HIGHEST WIND DIRECTION     W (270)
  HIGHEST GUST SPEED    37   HIGHEST GUST DIRECTION     W (260)
  AVERAGE WIND SPEED    15.9




..........................................................


THE WACO CLIMATE NORMALS FOR TOMORROW
                         NORMAL    RECORD    YEAR
 MAXIMUM TEMPERATURE (F)   81        94      2002
                                             1902
 MINIMUM TEMPERATURE (F)   59        35      2014


SUNRISE AND SUNSET
APRIL 30 2017.........SUNRISE   644 AM CDT   SUNSET   808 PM CDT
MAY  1 2017...........SUNRISE   643 AM CDT   SUNSET   809 PM CDT


-  INDICATES NEGATIVE NUMBERS.
R  INDICATES RECORD WAS SET OR TIED.
MM INDICATES DATA IS MISSING.
T  INDICATES TRACE AMOUNT.




$$
