000
CDUS44 KFWD 232124
CLIACT


CLIMATE REPORT
NATIONAL WEATHER SERVICE FORT WORTH TX
424 PM CDT MON OCT 23 2017


...................................

...THE WACO CLIMATE SUMMARY FOR OCTOBER 23 2017...
VALID AS OF 0400 PM LOCAL TIME.

CLIMATE NORMAL PERIOD 1981 TO 2010
CLIMATE RECORD PERIOD 1901 TO 2017


WEATHER ITEM   OBSERVED TIME   RECORD YEAR NORMAL DEPARTURE LAST
                VALUE   (LST)  VALUE       VALUE  FROM      YEAR
                                                  NORMAL
..................................................................
TEMPERATURE (F)
 TODAY
  MAXIMUM         82    249 PM  89    2003  78      4       80
                                      2001
                                      1991
  MINIMUM         45    439 AM  36    2006  55    -10       51
  AVERAGE         64

PRECIPITATION (IN)
  TODAY            0.00          7.75 2015   0.13  -0.13     0.01
  MONTH TO DATE    1.14                      2.97  -1.83     0.22
  SINCE SEP 1      1.65                      6.03  -4.38     0.94
  SINCE JAN 1     30.36                     28.19   2.17    32.92

SNOWFALL (IN)
  TODAY            0.0           0.0    MM   0.0    0.0      0.0
  MONTH TO DATE    0.0                       0.0    0.0      0.0
  SINCE SEP 1      0.0                       0.0    0.0      0.0
  SINCE JUL 1      0.0                       0.0    0.0      0.0
  SNOW DEPTH       0

..................................................................


WIND (MPH)
  HIGHEST WIND SPEED    13   HIGHEST WIND DIRECTION     S (200)
  HIGHEST GUST SPEED    17   HIGHEST GUST DIRECTION     S (200)
  AVERAGE WIND SPEED     8.2




..........................................................


THE WACO CLIMATE NORMALS FOR TOMORROW
                         NORMAL    RECORD    YEAR
 MAXIMUM TEMPERATURE (F)   77        91      1992
                                             1991
 MINIMUM TEMPERATURE (F)   54        32      1917


SUNRISE AND SUNSET
OCTOBER 23 2017.......SUNRISE   738 AM CDT   SUNSET   648 PM CDT
OCTOBER 24 2017.......SUNRISE   739 AM CDT   SUNSET   647 PM CDT


-  INDICATES NEGATIVE NUMBERS.
R  INDICATES RECORD WAS SET OR TIED.
MM INDICATES DATA IS MISSING.
T  INDICATES TRACE AMOUNT.




$$
