000
CDUS44 KFWD 142221
CLIACT


CLIMATE REPORT
NATIONAL WEATHER SERVICE FORT WORTH TX
421 PM CST SUN FEB 14 2016


...................................

...THE WACO CLIMATE SUMMARY FOR FEBRUARY 14 2016...
VALID AS OF 0400 PM LOCAL TIME.

CLIMATE NORMAL PERIOD 1981 TO 2010
CLIMATE RECORD PERIOD 1901 TO 2016


WEATHER ITEM   OBSERVED TIME   RECORD YEAR NORMAL DEPARTURE LAST
                VALUE   (LST)  VALUE       VALUE  FROM      YEAR
                                                  NORMAL
..................................................................
TEMPERATURE (F)
 TODAY
  MAXIMUM         70    301 PM  87    1996  62      8       79
  MINIMUM         56    405 AM  10    1905  40     16       36
  AVERAGE         63

PRECIPITATION (IN)
  TODAY            0.00          1.22 1909   0.09  -0.09     0.00
  MONTH TO DATE    0.03                      1.23  -1.20      T
  SINCE DEC 1      3.94                      6.10  -2.16     4.02
  SINCE JAN 1      0.32                      3.35  -3.03     3.48

SNOWFALL (IN)
  TODAY            0.0           2.3  2004   0.0    0.0      0.0
  MONTH TO DATE    0.0                       0.2   -0.2      0.0
  SINCE DEC 1      0.0                       0.5   -0.5       T
  SINCE JUL 1      0.0                       0.6   -0.6       T
  SNOW DEPTH       0

..................................................................


WIND (MPH)
  HIGHEST WIND SPEED    26   HIGHEST WIND DIRECTION     S (180)
  HIGHEST GUST SPEED    33   HIGHEST GUST DIRECTION     S (170)
  AVERAGE WIND SPEED    17.3




..........................................................


THE WACO CLIMATE NORMALS FOR TOMORROW
                         NORMAL    RECORD    YEAR
 MAXIMUM TEMPERATURE (F)   62        83      1957
 MINIMUM TEMPERATURE (F)   40        18      1909


SUNRISE AND SUNSET
FEBRUARY 14 2016......SUNRISE   712 AM CST   SUNSET   615 PM CST
FEBRUARY 15 2016......SUNRISE   711 AM CST   SUNSET   615 PM CST


-  INDICATES NEGATIVE NUMBERS.
R  INDICATES RECORD WAS SET OR TIED.
MM INDICATES DATA IS MISSING.
T  INDICATES TRACE AMOUNT.




$$
