000
CDUS44 KFWD 200639
CLIACT

CLIMATE REPORT
NATIONAL WEATHER SERVICE FORT WORTH TX
140 AM CDT SUN AUG 20 2017

...................................

...THE WACO CLIMATE SUMMARY FOR AUGUST 19 2017...

CLIMATE NORMAL PERIOD 1981 TO 2010
CLIMATE RECORD PERIOD 1901 TO 2017


WEATHER ITEM   OBSERVED TIME   RECORD YEAR NORMAL DEPARTURE LAST
                VALUE   (LST)  VALUE       VALUE  FROM      YEAR
                                                  NORMAL
..................................................................
TEMPERATURE (F)
 YESTERDAY
  MAXIMUM        100    331 PM 107    2011  97      3       93
  MINIMUM         77    617 AM  64    2013  74      3       75
  AVERAGE         89                        85      4       84

PRECIPITATION (IN)
  YESTERDAY        0.00          3.76 2008   0.06  -0.06     0.01
  MONTH TO DATE    2.06                      1.14   0.92     3.16
  SINCE JUN 1      8.89                      6.36   2.53     7.89
  SINCE JAN 1     28.20                     21.25   6.95    30.53

DEGREE DAYS
 HEATING
  YESTERDAY        0                         0      0        0
  MONTH TO DATE    0                         0      0        0
  SINCE JUN 1      0                         0      0        0
  SINCE JUL 1      0                         0      0        0

 COOLING
  YESTERDAY       24                        20      4       19
  MONTH TO DATE  389                       397     -8      411
  SINCE JUN 1   1567                      1511     56     1644
  SINCE JAN 1   2136                      1963    173     2035
..................................................................


WIND (MPH)
  HIGHEST WIND SPEED    16   HIGHEST WIND DIRECTION     S (180)
  HIGHEST GUST SPEED    20   HIGHEST GUST DIRECTION     S (180)
  AVERAGE WIND SPEED     8.2


SKY COVER
  POSSIBLE SUNSHINE  MM
  AVERAGE SKY COVER 0.0


WEATHER CONDITIONS
 THE FOLLOWING WEATHER WAS RECORDED YESTERDAY.
  NO SIGNIFICANT WEATHER WAS OBSERVED.


RELATIVE HUMIDITY (PERCENT)
 HIGHEST    79           700 AM
 LOWEST     33           500 PM
 AVERAGE    56

..........................................................


THE WACO CLIMATE NORMALS FOR TODAY
                         NORMAL    RECORD    YEAR
 MAXIMUM TEMPERATURE (F)   97       107      2011
                                             1984
 MINIMUM TEMPERATURE (F)   74        58      1940


SUNRISE AND SUNSET
AUGUST 20 2017........SUNRISE   657 AM CDT   SUNSET   806 PM CDT
AUGUST 21 2017........SUNRISE   658 AM CDT   SUNSET   805 PM CDT


-  INDICATES NEGATIVE NUMBERS.
R  INDICATES RECORD WAS SET OR TIED.
MM INDICATES DATA IS MISSING.
T  INDICATES TRACE AMOUNT.

$$
