000
CDUS44 KFWD 210722
CLIACT


CLIMATE REPORT
NATIONAL WEATHER SERVICE FORT WORTH TX
122 AM CST SUN JAN 21 2018


...................................

...THE WACO CLIMATE SUMMARY FOR JANUARY 20 2018...

CLIMATE NORMAL PERIOD 1981 TO 2010
CLIMATE RECORD PERIOD 1901 TO 2018


WEATHER ITEM   OBSERVED TIME   RECORD YEAR NORMAL DEPARTURE LAST
                VALUE   (LST)  VALUE       VALUE  FROM      YEAR
                                                  NORMAL
..................................................................
TEMPERATURE (F)
 YESTERDAY
  MAXIMUM         72    240 PM  81    1986  58     14       75
                                      1972
  MINIMUM         52   1204 AM  10    1940  36     16       48
  AVERAGE         62                        47     15       62

PRECIPITATION (IN)
  YESTERDAY        0.00          0.70 1906   0.08  -0.08     0.00
  MONTH TO DATE    0.20                      1.30  -1.10     3.09
  SINCE DEC 1      1.98                      4.05  -2.07     4.36
  SINCE JAN 1      0.20                      1.30  -1.10     3.09

SNOWFALL (IN)
  YESTERDAY        0.0           0.0    MM   0.0    0.0      0.0
  MONTH TO DATE    T                         0.2   -0.2      0.0
  SINCE DEC 1      T                         0.2   -0.2       T
  SINCE JUL 1      T                         0.3   -0.3       T
  SNOW DEPTH       0

DEGREE DAYS
 HEATING
  YESTERDAY        3                        18    -15        3
  MONTH TO DATE  482                       365    117      288
  SINCE DEC 1   1006                       889    117      728
  SINCE JUL 1   1247                      1217     30      871

 COOLING
  YESTERDAY        0                         0      0        0
  MONTH TO DATE    0                         0      0        9
  SINCE DEC 1      9                         5      4       32
  SINCE JAN 1      0                         0      0        9
..................................................................


WIND (MPH)
  HIGHEST WIND SPEED    23   HIGHEST WIND DIRECTION     S (180)
  HIGHEST GUST SPEED    28   HIGHEST GUST DIRECTION     S (170)
  AVERAGE WIND SPEED    15.1


SKY COVER
  POSSIBLE SUNSHINE  MM
  AVERAGE SKY COVER 0.7


WEATHER CONDITIONS
 THE FOLLOWING WEATHER WAS RECORDED YESTERDAY.
  FOG


RELATIVE HUMIDITY (PERCENT)
 HIGHEST   100          1200 AM
 LOWEST     53           300 PM
 AVERAGE    77

..........................................................


THE WACO CLIMATE NORMALS FOR TODAY
                         NORMAL    RECORD    YEAR
 MAXIMUM TEMPERATURE (F)   59        82      1999
 MINIMUM TEMPERATURE (F)   36        14      1984


SUNRISE AND SUNSET
JANUARY 21 2018.......SUNRISE   727 AM CST   SUNSET   554 PM CST
JANUARY 22 2018.......SUNRISE   727 AM CST   SUNSET   554 PM CST


-  INDICATES NEGATIVE NUMBERS.
R  INDICATES RECORD WAS SET OR TIED.
MM INDICATES DATA IS MISSING.
T  INDICATES TRACE AMOUNT.




$$
