000
CDUS41 KPHI 180544
CLIACY


CLIMATE REPORT
NATIONAL WEATHER SERVICE MOUNT HOLLY NJ
143 AM EDT WED OCT 18 2017


...................................

...THE ATLANTIC CITY NJ CLIMATE SUMMARY FOR OCTOBER 17 2017...

CLIMATE NORMAL PERIOD 1981 TO 2010
CLIMATE RECORD PERIOD 1874 TO 2017


WEATHER ITEM   OBSERVED TIME   RECORD YEAR NORMAL DEPARTURE LAST
                VALUE   (LST)  VALUE       VALUE  FROM      YEAR
                                                  NORMAL
..................................................................
TEMPERATURE (F)
 YESTERDAY
  MAXIMUM         61    300 PM  82    1925  66     -5       81
  MINIMUM         38    623 AM  31    1982  45     -7       55
                                      1978
  AVERAGE         50                        56     -6       68

PRECIPITATION (IN)
  YESTERDAY        0.00          1.92 1932   0.11  -0.11     0.00
  MONTH TO DATE    0.90                      1.87  -0.97     2.11
  SINCE SEP 1      4.95                      5.02  -0.07     7.40
  SINCE JAN 1     43.52                     33.24  10.28    39.70

SNOWFALL (IN)
  YESTERDAY        0.0           0.0    MM   0.0    0.0      0.0
  MONTH TO DATE    0.0                       0.0    0.0      0.0
  SINCE SEP 1      0.0                       0.0    0.0      0.0
  SINCE JUL 1      0.0                       0.0    0.0      0.0
  SNOW DEPTH       0

DEGREE DAYS
 HEATING
  YESTERDAY       15                        10      5        0
  MONTH TO DATE   48                       129    -81      100
  SINCE SEP 1     67                       188   -121      115
  SINCE JUL 1     67                       191   -124      115

 COOLING
  YESTERDAY        0                         0      0        3
  MONTH TO DATE   67                        16     51        3
  SINCE SEP 1    240                       141     99      208
  SINCE JAN 1   1257                      1050    207     1311
..................................................................


WIND (MPH)
  HIGHEST WIND SPEED    14   HIGHEST WIND DIRECTION     N (10)
  HIGHEST GUST SPEED    19   HIGHEST GUST DIRECTION     N (20)
  AVERAGE WIND SPEED     5.3


SKY COVER
  POSSIBLE SUNSHINE  MM
  AVERAGE SKY COVER 0.0


WEATHER CONDITIONS
 THE FOLLOWING WEATHER WAS RECORDED YESTERDAY.
  NO SIGNIFICANT WEATHER WAS OBSERVED.


RELATIVE HUMIDITY (PERCENT)
 HIGHEST    89           900 PM
 LOWEST     36           300 PM
 AVERAGE    63

..........................................................


THE ATLANTIC CITY NJ CLIMATE NORMALS FOR TODAY
                         NORMAL    RECORD    YEAR
 MAXIMUM TEMPERATURE (F)   66        83      1908
 MINIMUM TEMPERATURE (F)   45        28      1982
                                             1978


SUNRISE AND SUNSET
OCTOBER 18 2017.......SUNRISE   712 AM EDT   SUNSET   615 PM EDT
OCTOBER 19 2017.......SUNRISE   713 AM EDT   SUNSET   613 PM EDT


-  INDICATES NEGATIVE NUMBERS.
R  INDICATES RECORD WAS SET OR TIED.
MM INDICATES DATA IS MISSING.
T  INDICATES TRACE AMOUNT.




$$
