000
CDUS41 KPHI 260629
CLIACY


CLIMATE REPORT
NATIONAL WEATHER SERVICE MOUNT HOLLY NJ
228 AM EDT WED APR 26 2017


...................................

...THE ATLANTIC CITY NJ CLIMATE SUMMARY FOR APRIL 25 2017...

CLIMATE NORMAL PERIOD 1981 TO 2010
CLIMATE RECORD PERIOD 1874 TO 2017


WEATHER ITEM   OBSERVED TIME   RECORD YEAR NORMAL DEPARTURE LAST
                VALUE   (LST)  VALUE       VALUE  FROM      YEAR
                                                  NORMAL
..................................................................
TEMPERATURE (F)
 YESTERDAY
  MAXIMUM         60   1142 PM  92    2009  65     -5       70
  MINIMUM         52    359 AM  29    2015  45      7       41
  AVERAGE         56                        55      1       56

PRECIPITATION (IN)
  YESTERDAY        1.29R         1.24 1975   0.10   1.19     0.00
  MONTH TO DATE    2.86                      3.09  -0.23     2.42
  SINCE MAR 1      8.48                      7.30   1.18     5.54
  SINCE JAN 1     14.03                     13.39   0.64    12.89

SNOWFALL (IN)
  YESTERDAY        0.0           0.0    MM   0.0    0.0      0.0
  MONTH TO DATE    0.0                       0.3   -0.3      1.8
  SINCE MAR 1      0.2                       1.4   -1.2      6.9
  SINCE JUL 1      7.7                      16.5   -8.8     27.5
  SNOW DEPTH       0

DEGREE DAYS
 HEATING
  YESTERDAY        9                        11     -2        9
  MONTH TO DATE  241                       358   -117      381
  SINCE MAR 1    960                      1064   -104      912
  SINCE JUL 1   3956                      4655   -699     3793

 COOLING
  YESTERDAY        0                         0      0        0
  MONTH TO DATE   10                         0     10        8
  SINCE MAR 1     10                         0     10       11
  SINCE JAN 1     10                         0     10       11
..................................................................


WIND (MPH)
  HIGHEST WIND SPEED    30   HIGHEST WIND DIRECTION    NE (50)
  HIGHEST GUST SPEED    37   HIGHEST GUST DIRECTION    NE (50)
  AVERAGE WIND SPEED    16.9


SKY COVER
  POSSIBLE SUNSHINE  MM
  AVERAGE SKY COVER 1.0


WEATHER CONDITIONS
 THE FOLLOWING WEATHER WAS RECORDED YESTERDAY.
  HEAVY RAIN
  RAIN
  LIGHT RAIN
  FOG


RELATIVE HUMIDITY (PERCENT)
 HIGHEST   100           400 AM
 LOWEST     86          1200 PM
 AVERAGE    93

..........................................................


THE ATLANTIC CITY NJ CLIMATE NORMALS FOR TODAY
                         NORMAL    RECORD    YEAR
 MAXIMUM TEMPERATURE (F)   65        92      2009
 MINIMUM TEMPERATURE (F)   45        28      1967


SUNRISE AND SUNSET
APRIL 26 2017.........SUNRISE   605 AM EDT   SUNSET   747 PM EDT
APRIL 27 2017.........SUNRISE   604 AM EDT   SUNSET   748 PM EDT


-  INDICATES NEGATIVE NUMBERS.
R  INDICATES RECORD WAS SET OR TIED.
MM INDICATES DATA IS MISSING.
T  INDICATES TRACE AMOUNT.




$$
