000
CDUS41 KPHI 230635
CLIACY


CLIMATE REPORT
NATIONAL WEATHER SERVICE MOUNT HOLLY NJ
134 AM EST THU FEB 23 2017


...................................

...THE ATLANTIC CITY NJ CLIMATE SUMMARY FOR FEBRUARY 22 2017...

CLIMATE NORMAL PERIOD 1981 TO 2010
CLIMATE RECORD PERIOD 1874 TO 2017


WEATHER ITEM   OBSERVED TIME   RECORD YEAR NORMAL DEPARTURE LAST
                VALUE   (LST)  VALUE       VALUE  FROM      YEAR
                                                  NORMAL
..................................................................
TEMPERATURE (F)
 YESTERDAY
  MAXIMUM         61        MM  68    1991  46     15       50
  MINIMUM         37        MM   2    1968  27     10       32
  AVERAGE         49                        37     12       41

PRECIPITATION (IN)
  YESTERDAY        0.00          1.90 1971   0.11  -0.11      T
  MONTH TO DATE    0.97                      2.19  -1.22     3.08
  SINCE DEC 1      8.44                      9.10  -0.66    11.36
  SINCE JAN 1      5.15                      5.41  -0.26     5.92

SNOWFALL (IN)
  YESTERDAY        0.0           8.0  2001   0.2   -0.2      0.0
  MONTH TO DATE    0.3                       5.6   -5.3      3.9
  SINCE DEC 1      7.5                      13.8   -6.3     20.6
  SINCE JUL 1      7.5                      14.0   -6.5     20.6
  SNOW DEPTH       0

DEGREE DAYS
 HEATING
  YESTERDAY       16                        28    -12       24
  MONTH TO DATE  526                       665   -139      632
  SINCE DEC 1   2164                      2519   -355     2043
  SINCE JUL 1   2911                      3426   -515     2738

 COOLING
  YESTERDAY        0                         0      0        0
  MONTH TO DATE    0                         0      0        0
  SINCE DEC 1      0                         0      0        3
  SINCE JAN 1      0                         0      0        0
..................................................................


WIND (MPH)
  HIGHEST WIND SPEED     8   HIGHEST WIND DIRECTION     S (180)
  HIGHEST GUST SPEED    12   HIGHEST GUST DIRECTION    SW (220)
  AVERAGE WIND SPEED     3.5


SKY COVER
  POSSIBLE SUNSHINE  MM
  AVERAGE SKY COVER 0.1


WEATHER CONDITIONS
 THE FOLLOWING WEATHER WAS RECORDED YESTERDAY.
  FOG


RELATIVE HUMIDITY (PERCENT)
 HIGHEST    92          1100 PM
 LOWEST     64           200 PM
 AVERAGE    78

..........................................................


THE ATLANTIC CITY NJ CLIMATE NORMALS FOR TODAY
                         NORMAL    RECORD    YEAR
 MAXIMUM TEMPERATURE (F)   46        72      1985
 MINIMUM TEMPERATURE (F)   28         8      1963
                                             1907


SUNRISE AND SUNSET
FEBRUARY 23 2017......SUNRISE   639 AM EST   SUNSET   544 PM EST
FEBRUARY 24 2017......SUNRISE   638 AM EST   SUNSET   545 PM EST


-  INDICATES NEGATIVE NUMBERS.
R  INDICATES RECORD WAS SET OR TIED.
MM INDICATES DATA IS MISSING.
T  INDICATES TRACE AMOUNT.




$$
