000
CDUS41 KPHI 290729
CLIACY


CLIMATE REPORT
NATIONAL WEATHER SERVICE MOUNT HOLLY NJ
328 AM EDT FRI MAY 29 2015


...................................

...THE ATLANTIC CITY NJ CLIMATE SUMMARY FOR MAY 28 2015...

CLIMATE NORMAL PERIOD 1981 TO 2010
CLIMATE RECORD PERIOD 1874 TO 2015


WEATHER ITEM   OBSERVED TIME   RECORD YEAR NORMAL DEPARTURE LAST
                VALUE   (LST)  VALUE       VALUE  FROM      YEAR
                                                  NORMAL
..................................................................
TEMPERATURE (F)
 YESTERDAY
  MAXIMUM         85    121 PM  93    1991  75     10       68
  MINIMUM         65    515 AM  36    1994  55     10       53
  AVERAGE         75                        65     10       61

PRECIPITATION (IN)
  YESTERDAY        0.00          1.59 1968   0.12  -0.12     0.38
  MONTH TO DATE    0.71                      3.00  -2.29     2.26
  SINCE MAR 1      9.90                     10.84  -0.94    11.63
  SINCE JAN 1     17.96                     16.93   1.03    20.18

SNOWFALL (IN)
  YESTERDAY        0.0           0.0  1903   0.0    0.0      0.0
  MONTH TO DATE    0.0                       0.0    0.0      0.0
  SINCE MAR 1      7.4                       1.4    6.0     15.6
  SINCE JUL 1     22.4                      16.5    5.9     43.8
  SNOW DEPTH       0

DEGREE DAYS
 HEATING
  YESTERDAY        0                         3     -3        4
  MONTH TO DATE   80                       167    -87      106
  SINCE MAR 1   1279                      1280     -1     1419
  SINCE JUL 1   5154                      4871    283     5282

 COOLING
  YESTERDAY       10                         3      7        0
  MONTH TO DATE  106                        46     60       36
  SINCE MAR 1    106                        55     51       36
  SINCE JAN 1    106                        55     51       36
..................................................................


WIND (MPH)
  HIGHEST WIND SPEED    17   HIGHEST WIND DIRECTION     S (200)
  HIGHEST GUST SPEED    22   HIGHEST GUST DIRECTION     S (190)
  AVERAGE WIND SPEED     7.6


SKY COVER
  POSSIBLE SUNSHINE  MM
  AVERAGE SKY COVER 0.2


WEATHER CONDITIONS
 THE FOLLOWING WEATHER WAS RECORDED YESTERDAY.
  NO SIGNIFICANT WEATHER WAS OBSERVED.


RELATIVE HUMIDITY (PERCENT)
 HIGHEST    93           500 AM
 LOWEST     59           100 PM
 AVERAGE    76

..........................................................


THE ATLANTIC CITY NJ CLIMATE NORMALS FOR TODAY
                         NORMAL    RECORD    YEAR
 MAXIMUM TEMPERATURE (F)   75        99      1969
 MINIMUM TEMPERATURE (F)   55        37      1997


SUNRISE AND SUNSET
MAY 29 2015...........SUNRISE   535 AM EDT   SUNSET   817 PM EDT
MAY 30 2015...........SUNRISE   534 AM EDT   SUNSET   818 PM EDT


-  INDICATES NEGATIVE NUMBERS.
R  INDICATES RECORD WAS SET OR TIED.
MM INDICATES DATA IS MISSING.
T  INDICATES TRACE AMOUNT.




$$
