000
CDAK48 PADQ 110908
CLIADQ

CLIMATE REPORT
NATIONAL WEATHER SERVICE KODIAK, AK
108 AM AKDT FRI JUL 11 2014

...................................
...THE KODIAK AP CLIMATE SUMMARY FOR JULY 10 2014...

CLIMATE NORMAL PERIOD  1981 TO  2010
CLIMATE RECORD PERIOD  1949 TO  2014

WEATHER ITEM   OBSERVED TIME    RECORD YEAR NORMAL DEPARTURE LAST
               VALUE    (LST)   VALUE       VALUE  FROM      YEAR
                                                   NORMAL
...................................................................
TEMPERATURE
YESTERDAY
 MAXIMUM            55  0314 PM    82  2004     59      -4     74
 MINIMUM            52  1132 PM    41  1956     49       3     48
 AVERAGE            54                          54       0     61

PRECIPITATION
(INCHES)
 YESTERDAY        0.19           1.08  1994   0.17    0.02   0.00
 MONTH TO DATE    2.03                        1.64    0.39   1.04
 SINCE JUN 1      8.25                        7.55    0.70   5.15
 SINCE JAN 1     41.78                       38.94    2.84  30.59

SNOWFALL
(INCHES)
 YESTERDAY         0.0            0.0  2014    0.0     0.0    0.0
 MONTH TO DATE     0.0                         0.0     0.0    0.0
 SINCE JUN 1       0.0                         0.0     0.0    0.0
 SINCE JUL 1       0.0                         0.0     0.0    0.0
 SNOW DEPTH (IN)     0                                          0

DEGREE DAYS
 HEATING
  YESTERDAY         11                          11       0      4
  MONTH TO DATE     75                         118     -43    117
  SINCE JUN 1      497                         579     -82    448
  SINCE JUL 1       75                         118     -43    117

 COOLING
  YESTERDAY          0                           0       0      0
  MONTH TO DATE      0                           0       0      0
  SINCE JUN 1        0                           0       0      3
  SINCE JAN 1        4                           0       4      3
...................................................................

WIND (MPH)
 HIGHEST WIND SPEED    20     HIGHEST WIND DIRECTION     30
 HIGHEST GUST SPEED    26     HIGHEST GUST DIRECTION     30
 AVERAGE WIND SPEED   4.3

SKY COVER
  POSSIBLE SUNSHINE    MM          AVERAGE SKY COVER     MM

WEATHER CONDITIONS
 THE FOLLOWING WEATHER WAS RECORDED YESTERDAY.
  FOG
RAIN


RELATIVE HUMIDITY
 HIGHEST RH     MM PERCENT       MM
 LOWEST  RH     MM PERCENT       MM
 AVERAGE RH     MM PERCENT       MM
...................................................................

THE KODIAK CLIMATE NORMALS FOR TODAY
                           NORMAL    RECORD   YEAR
 MAXIMUM TEMPERATURE (F)     59        81     2004
 MINIMUM TEMPERATURE (F)     49        40     1956

SUNRISE AND SUNSET
 JUL 11 2014..........SUNRISE  5:27 AM      SUNSET 11:04 PM
 JUL 12 2014..........SUNRISE  5:29 AM      SUNSET 11:03 PM

-  INDICATES NEGATIVE NUMBERS.
R  INDICATES RECORD HAS BEEN SET OR TIED.
MM INDICATES DATA IS MISSING.
T  INDICATES TRACE OF PRECIPITATION.

&&
-------------------------------------------------------------------

AMOUNT OF DAYLIGHT TODAY  (HOUR:MIN)........17 HOURS 37 MINUTES
GAIN/LOSS SINCE YESTERDAY (HOUR:MIN:SEC)....-0:02:41

$$
*** JUL 14
