000
CDAK48 PADQ 261304
CLIADQ


CLIMATE REPORT
NATIONAL WEATHER SERVICE ANCHORAGE, AK
504 AM AKDT SUN MAR 26 2017


...................................

...THE KODIAK CLIMATE SUMMARY FOR MARCH 25 2017...

CLIMATE NORMAL PERIOD 1981 TO 2010
CLIMATE RECORD PERIOD 1913 TO 2017


WEATHER ITEM   OBSERVED TIME   RECORD YEAR NORMAL DEPARTURE LAST
                VALUE   (LST)  VALUE       VALUE  FROM      YEAR
                                                  NORMAL
..................................................................
TEMPERATURE (F)
 YESTERDAY
  MAXIMUM         37    452 PM  54    1924  39     -2       42
  MINIMUM         21    622 AM   3    1975  28     -7       33
  AVERAGE         29                        34     -5       38

PRECIPITATION (IN)
  YESTERDAY        0.00          2.57 2001   0.18  -0.18     0.06
  MONTH TO DATE    T                         4.47  -4.47     5.98
  SINCE MAR 1      T                         4.47  -4.47     5.98
  SINCE JAN 1      5.54                     18.90 -13.36    28.58

SNOWFALL (IN)
  YESTERDAY        0.0           7.8  1967   0.3   -0.3      0.0
  MONTH TO DATE    0.2                       9.1   -8.9      3.6
  SINCE MAR 1      0.2                       9.1   -8.9      3.6
  SINCE JUL 1     26.0                      58.5  -32.5     20.6
  SNOW DEPTH       T

DEGREE DAYS
 HEATING
  YESTERDAY       36                        31      5       27
  MONTH TO DATE  924                       812    112      470
  SINCE MAR 1    924                       812    112      470
  SINCE JUL 1   6265                      6684   -419     4978

 COOLING
  YESTERDAY        0                         0      0        0
  MONTH TO DATE    0                         0      0        0
  SINCE MAR 1      0                         0      0        0
  SINCE JAN 1      0                         0      0        0
..................................................................


WIND (MPH)
  RESULTANT WIND SPEED   9   RESULTANT WIND DIRECTION  NW (300)
  HIGHEST WIND SPEED    20   HIGHEST WIND DIRECTION     W (280)
  HIGHEST GUST SPEED    24   HIGHEST GUST DIRECTION     W (270)
  AVERAGE WIND SPEED    10.0



WEATHER CONDITIONS
 THE FOLLOWING WEATHER WAS RECORDED YESTERDAY.
  NO SIGNIFICANT WEATHER WAS OBSERVED.


RELATIVE HUMIDITY (PERCENT)
 HIGHEST    58
 LOWEST     44
 AVERAGE    51

..........................................................


THE KODIAK CLIMATE NORMALS FOR TODAY
                         NORMAL    RECORD    YEAR
 MAXIMUM TEMPERATURE (F)   39        50      1981
                                             1979
                                             1924
 MINIMUM TEMPERATURE (F)   29        10      1925


SUNRISE AND SUNSET
MARCH 26 2017.........SUNRISE   754 AM AKDT  SUNSET   839 PM AKDT
MARCH 27 2017.........SUNRISE   751 AM AKDT  SUNSET   841 PM AKDT


-  INDICATES NEGATIVE NUMBERS.
R  INDICATES RECORD WAS SET OR TIED.
MM INDICATES DATA IS MISSING.
T  INDICATES TRACE AMOUNT.




$$
