000
CDAK48 PADQ 012206
CLIADQ

CLIMATE REPORT
NATIONAL WEATHER SERVICE KODIAK, AK
206 PM AKDT SAT AUG 1 2015

...................................
...THE KODIAK AP CLIMATE SUMMARY FOR AUGUST 1 2015...
VALID TODAY AS OF 2:00 PM LOCAL TIME

CLIMATE NORMAL PERIOD  1981 TO  2010
CLIMATE RECORD PERIOD  1949 TO  2015

WEATHER ITEM   OBSERVED TIME    RECORD YEAR NORMAL DEPARTURE LAST
               VALUE    (LST)   VALUE       VALUE  FROM      YEAR
                                                   NORMAL
...................................................................
TEMPERATURE
TODAY
 MAXIMUM            69  1256 PM    75  1978     62       7     62
 MINIMUM            52  0544 AM    44  2004     50       2     49
 AVERAGE            61                          56       5     56

PRECIPITATION
(INCHES)
 TODAY            0.00           1.69  1990   0.15   -0.15   0.00
 MONTH TO DATE    0.00                        0.15   -0.15   0.00
 SINCE JUN 1      6.40                       10.99   -4.59   8.80
 SINCE JAN 1     45.52                       42.38    3.14  42.33

SNOWFALL
(INCHES)
 TODAY             0.0            0.0  2015    0.0     0.0    0.0
 MONTH TO DATE     0.0                         0.0     0.0    0.0
 SINCE JUN 1       0.0                         0.0     0.0    0.0
 SINCE JUL 1       0.0                         0.0     0.0    0.0
 SNOW DEPTH (IN)     0                                          0

DEGREE DAYS
 HEATING
  TODAY              4                           9      -5      9
  MONTH TO DATE      4                           9      -5      9
  SINCE JUN 1      542                         796    -254    671
  SINCE JUL 1      231                         335    -104    249

 COOLING
  TODAY              0                           0       0      0
  MONTH TO DATE      0                           0       0      0
  SINCE JUN 1        1                           0       1      0
  SINCE JAN 1        1                           0       1      4
...................................................................

WIND (MPH)
 HIGHEST WIND SPEED     8     HIGHEST WIND DIRECTION     90
 HIGHEST GUST SPEED    10     HIGHEST GUST DIRECTION    260
 AVERAGE WIND SPEED    MM

SKY COVER
  POSSIBLE SUNSHINE  MM            AVERAGE SKY COVER MM

WEATHER CONDITIONS
 THE FOLLOWING WEATHER WAS RECORDED TODAY.
NO SIGNIFICANT WEATHER WAS OBSERVED.

RELATIVE HUMIDITY
 HIGHEST RH     MM PERCENT       MM
 LOWEST  RH     MM PERCENT       MM
 AVERAGE RH     MM PERCENT       MM
...................................................................

THE KODIAK CLIMATE NORMALS FOR TOMORROW
                        NORMAL    RECORD   YEAR
 MAXIMUM TEMPERATURE      62        76     2004
 MINIMUM TEMPERATURE      50        43     1991

SUNRISE AND SUNSET
 AUG 1 2015..........SUNRISE  6:05 AM      SUNSET 10:27 PM
 AUG 2 2015..........SUNRISE  6:07 AM      SUNSET 10:25 PM

-  INDICATES NEGATIVE NUMBERS.
R  INDICATES RECORD HAS BEEN SET OR TIED.
MM INDICATES DATA IS MISSING.
T  INDICATES TRACE OF PRECIPITATION.

&&
-------------------------------------------------------------------

AMOUNT OF DAYLIGHT TODAY  (HOUR:MIN)........16 HOURS 22 MINUTES
GAIN/LOSS SINCE YESTERDAY (HOUR:MIN:SEC)....-0:04:13

$$
JAS AUG 15
