000
CDAK48 PADQ 290049
CLIADQ


CLIMATE REPORT
NATIONAL WEATHER SERVICE ANCHORAGE, AK
449 PM AKDT WED JUN 28 2017


...................................

...THE KODIAK CLIMATE SUMMARY FOR JUNE 28 2017...
VALID TODAY AS OF 0400 PM LOCAL TIME.

CLIMATE NORMAL PERIOD 1981 TO 2010
CLIMATE RECORD PERIOD 1913 TO 2017


WEATHER ITEM   OBSERVED TIME   RECORD YEAR NORMAL DEPARTURE LAST
                VALUE   (LST)  VALUE       VALUE  FROM      YEAR
                                                  NORMAL
..................................................................
TEMPERATURE (F)
 TODAY
  MAXIMUM         51        MM  86    1953  57     -6       57
  MINIMUM         50        MM  37    2003  47      3       52
  AVERAGE         51                        52     -1       55

PRECIPITATION (IN)
  TODAY            0.69          2.22 1987   0.17   0.52     0.42
  MONTH TO DATE    4.14                      5.57  -1.43     3.24
  SINCE JUN 1      4.14                      5.57  -1.43     3.24
  SINCE JAN 1     24.90                     36.96 -12.06    45.33

SNOWFALL (IN)
  TODAY            0.0          MM      MM   0.0    0.0      0.0
  MONTH TO DATE    0.0                       0.0    0.0      0.0
  SINCE JUN 1      0.0                       0.0    0.0      0.0
  SINCE JUL 1     28.4                      68.9  -40.5     20.6
  SNOW DEPTH       0

DEGREE DAYS
 HEATING
  TODAY           14                        13      1       10
  MONTH TO DATE  386                       435    -49      276
  SINCE JUN 1    386                       435    -49      276
  SINCE JUL 1   8194                      8769   -575     6391

 COOLING
  TODAY            0                         0      0        0
  MONTH TO DATE    0                         0      0        0
  SINCE JUN 1      0                         0      0        0
  SINCE JAN 1      0                         0      0        0
..................................................................


WIND (MPH)
  RESULTANT WIND SPEED  13   RESULTANT WIND DIRECTION  NE (50)
  HIGHEST WIND SPEED    21   HIGHEST WIND DIRECTION    NE (40)
  HIGHEST GUST SPEED    MM   HIGHEST GUST DIRECTION    MM
  AVERAGE WIND SPEED    13.7



WEATHER CONDITIONS
 THE FOLLOWING WEATHER WAS RECORDED TODAY.
  RAIN
  LIGHT RAIN
  FOG


RELATIVE HUMIDITY (PERCENT)
 HIGHEST   100
 LOWEST     93
 AVERAGE    97

..........................................................


THE KODIAK CLIMATE NORMALS FOR TOMORROW
                         NORMAL    RECORD    YEAR
 MAXIMUM TEMPERATURE (F)   57        76      1968
 MINIMUM TEMPERATURE (F)   47        38      1952


SUNRISE AND SUNSET
JUNE 28 2017..........SUNRISE   512 AM AKDT  SUNSET  1114 PM AKDT
JUNE 29 2017..........SUNRISE   513 AM AKDT  SUNSET  1114 PM AKDT


-  INDICATES NEGATIVE NUMBERS.
R  INDICATES RECORD WAS SET OR TIED.
MM INDICATES DATA IS MISSING.
T  INDICATES TRACE AMOUNT.




$$
