352
CDAK48 PAFC 261235
CLIADQ


CLIMATE REPORT
NATIONAL WEATHER SERVICE ANCHORAGE, AK
435 AM AKDT WED APR 26 2017


...................................

...THE KODIAK CLIMATE SUMMARY FOR APRIL 25 2017...

CLIMATE NORMAL PERIOD 1981 TO 2010
CLIMATE RECORD PERIOD 1913 TO 2017


WEATHER ITEM   OBSERVED TIME   RECORD YEAR NORMAL DEPARTURE LAST
                VALUE   (LST)  VALUE       VALUE  FROM      YEAR
                                                  NORMAL
..................................................................
TEMPERATURE (F)
 YESTERDAY
  MAXIMUM         48    352 PM  62    1936  45      3       48
  MINIMUM         39    700 AM  23    1967  34      5       39
                                      1955
  AVERAGE         44                        40      4       44

PRECIPITATION (IN)
  YESTERDAY        0.01          1.43 2010   0.18  -0.17     0.40
  MONTH TO DATE    6.96                      4.87   2.09     6.99
  SINCE MAR 1      7.66                     10.40  -2.74    14.33
  SINCE JAN 1     13.20                     24.83 -11.63    36.93

SNOWFALL (IN)
  YESTERDAY       MM            MM      MM   0.2   MM        0.0
  MONTH TO DATE    1.1                       7.5   -6.4      0.0
  SINCE MAR 1      2.6                      18.8  -16.2      3.6
  SINCE JUL 1     28.4                      68.2  -39.8     20.6
  SNOW DEPTH       0

DEGREE DAYS
 HEATING
  YESTERDAY       21                        25     -4       21
  MONTH TO DATE  624                       699    -75      453
  SINCE MAR 1   1737                      1697     40     1020
  SINCE JUL 1   7078                      7569   -491     5528

 COOLING
  YESTERDAY        0                         0      0        0
  MONTH TO DATE    0                         0      0        0
  SINCE MAR 1      0                         0      0        0
  SINCE JAN 1      0                         0      0        0
..................................................................


WIND (MPH)
  RESULTANT WIND SPEED   4   RESULTANT WIND DIRECTION   E (70)
  HIGHEST WIND SPEED    13   HIGHEST WIND DIRECTION    NE (50)
  HIGHEST GUST SPEED    15   HIGHEST GUST DIRECTION    NE (40)
  AVERAGE WIND SPEED     6.0



WEATHER CONDITIONS
 THE FOLLOWING WEATHER WAS RECORDED YESTERDAY.
  LIGHT RAIN
  FOG


RELATIVE HUMIDITY (PERCENT)
 HIGHEST   100
 LOWEST     65
 AVERAGE    83

..........................................................


THE KODIAK CLIMATE NORMALS FOR TODAY
                         NORMAL    RECORD    YEAR
 MAXIMUM TEMPERATURE (F)   46        60      1990
 MINIMUM TEMPERATURE (F)   35        24      1967


SUNRISE AND SUNSET
APRIL 26 2017.........SUNRISE   630 AM AKDT  SUNSET   947 PM AKDT
APRIL 27 2017.........SUNRISE   627 AM AKDT  SUNSET   949 PM AKDT


-  INDICATES NEGATIVE NUMBERS.
R  INDICATES RECORD WAS SET OR TIED.
MM INDICATES DATA IS MISSING.
T  INDICATES TRACE AMOUNT.




$$
