000
CDAK48 PAFC 110051
CLIADQ

CLIMATE REPORT
NATIONAL WEATHER SERVICE ANCHORAGE, AK
351 PM AKST SAT DEC 10 2016


...................................

...THE KODIAK CLIMATE SUMMARY FOR DECEMBER 10 2016...
VALID TODAY AS OF 0300 PM LOCAL TIME.

CLIMATE NORMAL PERIOD 1981 TO 2010
CLIMATE RECORD PERIOD 1913 TO 2016


WEATHER ITEM   OBSERVED TIME   RECORD YEAR NORMAL DEPARTURE LAST
                VALUE   (LST)  VALUE       VALUE  FROM      YEAR
                                                  NORMAL
..................................................................
TEMPERATURE (F)
 TODAY
  MAXIMUM         38    100 PM  47    2013  36      2       41
  MINIMUM         34        MM   0    1975  26      8       35
  AVERAGE         36                        31      5       38

PRECIPITATION (IN)
  TODAY            0.00          4.16 1985   0.28  -0.28     0.33
  MONTH TO DATE    1.47                      2.80  -1.33     3.96
  SINCE DEC 1      1.47                      2.80  -1.33     3.96
  SINCE JAN 1     78.65                     72.07   6.58    74.18

SNOWFALL (IN)
  TODAY            0.0          10.9  1990   0.5   -0.5       T
  MONTH TO DATE    3.6                       4.6   -1.0       T
  SINCE DEC 1      3.6                       4.6   -1.0       T
  SINCE JUL 1      5.6                      12.1   -6.5      1.0
  SNOW DEPTH       2

DEGREE DAYS
 HEATING
  TODAY           29                        34     -5       27
  MONTH TO DATE  349                       335     14      282
  SINCE DEC 1    349                       335     14      282
  SINCE JUL 1   2551                      3130   -579     2500

 COOLING
  TODAY            0                         0      0        0
  MONTH TO DATE    0                         0      0        0
  SINCE DEC 1      0                         0      0        0
  SINCE JAN 1     29                         1     28        1
..................................................................


WIND (MPH)
  RESULTANT WIND SPEED  12   RESULTANT WIND DIRECTION  NW (310)
  HIGHEST WIND SPEED    16   HIGHEST WIND DIRECTION    NW (300)
  HIGHEST GUST SPEED    20   HIGHEST GUST DIRECTION    NW (320)
  AVERAGE WIND SPEED    11.8



WEATHER CONDITIONS
 THE FOLLOWING WEATHER WAS RECORDED TODAY.
  NO SIGNIFICANT WEATHER WAS OBSERVED.


RELATIVE HUMIDITY (PERCENT)
 HIGHEST   100
 LOWEST     70
 AVERAGE    85

..........................................................


THE KODIAK CLIMATE NORMALS FOR TOMORROW
                         NORMAL    RECORD    YEAR
 MAXIMUM TEMPERATURE (F)   36        46      2002
                                             1989
                                             1985
 MINIMUM TEMPERATURE (F)   26         5      1925


SUNRISE AND SUNSET
DECEMBER 10 2016......SUNRISE   943 AM AKST  SUNSET   423 PM AKST
DECEMBER 11 2016......SUNRISE   944 AM AKST  SUNSET   423 PM AKST

CIVIL TWILIGHT
DECEMBER 10 2016        START    853 AM GMT     END    514 PM GMT
DECEMBER 11 2016        START    854 AM GMT     END    514 PM GMT



-  INDICATES NEGATIVE NUMBERS.
R  INDICATES RECORD WAS SET OR TIED.
MM INDICATES DATA IS MISSING.
T  INDICATES TRACE AMOUNT.




$$
&&
------------------------------------------------------
AMOUNT OF DAYLIGHT TODAY  (HOUR:MIN)........ 6:40
GAIN/LOSS SINCE YESTERDAY (HOUR:MIN:SEC)....-0:01:39
