314
CDAK48 PADQ 281130
CLIADQ

CLIMATE REPORT
NATIONAL WEATHER SERVICE KODIAK, AK
330 AM AKDT SAT MAY 28 2016

...................................
...THE KODIAK AP CLIMATE SUMMARY FOR MAY 27 2016...

CLIMATE NORMAL PERIOD  1981 TO  2010
CLIMATE RECORD PERIOD  1913 TO  2016

WEATHER ITEM   OBSERVED TIME    RECORD YEAR NORMAL DEPARTURE LAST
               VALUE    (LST)   VALUE       VALUE  FROM      YEAR
                                                   NORMAL
...................................................................
TEMPERATURE
YESTERDAY
 MAXIMUM            56  0648 PM    75  2006     52       4     55
 MINIMUM            41  0507 AM    29  1914     41       0     37
 AVERAGE            49                          46       3     46

PRECIPITATION
(INCHES)
 YESTERDAY        0.00           1.61  2002   0.19   -0.19   0.00
 MONTH TO DATE    2.63                        4.80   -2.17   6.03
 SINCE MAR 1     18.87                       16.14    2.73  20.20
 SINCE JAN 1     42.16                       30.57   11.59  39.12

SNOWFALL
(INCHES)
 YESTERDAY         0.0              T  1971    0.0     0.0    0.0
 MONTH TO DATE     0.0                         0.2    -0.2    0.0
 SINCE MAR 1       3.6                        19.5   -15.9    4.7
 SINCE JUL 1        MM                        68.9      MM   20.1
 SNOW DEPTH (IN)     0                                          0

DEGREE DAYS
 HEATING
  YESTERDAY         16                          19      -3     19
  MONTH TO DATE    456                         569    -113    511
  SINCE MAR 1     1923                        2388    -465   2160
  SINCE JUL 1     6860                        8261   -1401   7078

 COOLING
  YESTERDAY          0                           0       0      0
  MONTH TO DATE      0                           0       0      0
  SINCE MAR 1        0                           0       0      0
  SINCE JAN 1        0                           0       0      0
...................................................................

WIND (MPH)
 HIGHEST WIND SPEED    16     HIGHEST WIND DIRECTION    300
 HIGHEST GUST SPEED    20     HIGHEST GUST DIRECTION    310
 AVERAGE WIND SPEED   7.5

SKY COVER
  POSSIBLE SUNSHINE    MM          AVERAGE SKY COVER     MM

WEATHER CONDITIONS
 THE FOLLOWING WEATHER WAS RECORDED YESTERDAY.
  FOG


RELATIVE HUMIDITY
 HIGHEST RH     MM PERCENT       MM
 LOWEST  RH     MM PERCENT       MM
 AVERAGE RH     MM PERCENT       MM
...................................................................

THE KODIAK CLIMATE NORMALS FOR TODAY
                           NORMAL    RECORD   YEAR
 MAXIMUM TEMPERATURE (F)     52        68     1993
 MINIMUM TEMPERATURE (F)     41        30     1977

SUNRISE AND SUNSET
 MAY 28 2016..........SUNRISE  5:24 AM      SUNSET 10:53 PM
 MAY 29 2016..........SUNRISE  5:22 AM      SUNSET 10:55 PM

-  INDICATES NEGATIVE NUMBERS.
R  INDICATES RECORD HAS BEEN SET OR TIED.
MM INDICATES DATA IS MISSING.
T  INDICATES TRACE OF PRECIPITATION.

&&
-------------------------------------------------------------------

AMOUNT OF DAYLIGHT TODAY  (HOUR:MIN)........17 HOURS 29 MINUTES
GAIN/LOSS SINCE YESTERDAY (HOUR:MIN:SEC)....+0:03:04

$$
LRM MAY 16
