894
CDAK48 PAFC 270101
CLIADQ

CLIMATE REPORT
NATIONAL WEATHER SERVICE ANCHORAGE, AK
400 PM AKST SUN FEB 26 2017


...................................

...THE KODIAK CLIMATE SUMMARY FOR FEBRUARY 26 2017...
VALID TODAY AS OF 0400 PM LOCAL TIME.

CLIMATE NORMAL PERIOD 1981 TO 2010
CLIMATE RECORD PERIOD 1913 TO 2017


WEATHER ITEM   OBSERVED TIME   RECORD YEAR NORMAL DEPARTURE LAST
                VALUE   (LST)  VALUE       VALUE  FROM      YEAR
                                                  NORMAL
..................................................................
TEMPERATURE (F)
 TODAY
  MAXIMUM         43        MM  46    1985  36      7       43
                                      1970
                                      1962
  MINIMUM         35    100 AM  -6    1986  27      8       38
  AVERAGE         39                        32      7       41

PRECIPITATION (IN)
  TODAY            0.00          2.51 2014   0.21  -0.21     0.96
  MONTH TO DATE    2.54                      5.72  -3.18    11.61
  SINCE DEC 1      9.60                     22.74 -13.14    33.71
  SINCE JAN 1      5.49                     14.01  -8.52    21.44

SNOWFALL (IN)
  TODAY            0.0           5.0  1923   0.5   -0.5      0.0
  MONTH TO DATE    7.5                      14.1   -6.6      1.0
  SINCE DEC 1     18.5                      40.9  -22.4     16.0
  SINCE JUL 1     20.5                      48.4  -27.9     17.0
  SNOW DEPTH       0

DEGREE DAYS
 HEATING
  TODAY           26                        34     -8       24
  MONTH TO DATE  866                       893    -27      559
  SINCE DEC 1   3031                      3012     19     2216
  SINCE JUL 1   5233                      5807   -574     4434

 COOLING
  TODAY            0                         0      0        0
  MONTH TO DATE    0                         0      0        0
  SINCE DEC 1      0                         0      0        0
  SINCE JAN 1      0                         0      0        0
..................................................................


WIND (MPH)
  RESULTANT WIND SPEED   6   RESULTANT WIND DIRECTION   W (280)
  HIGHEST WIND SPEED    17   HIGHEST WIND DIRECTION    NW (300)
  HIGHEST GUST SPEED    20   HIGHEST GUST DIRECTION    NW (310)
  AVERAGE WIND SPEED     9.2



WEATHER CONDITIONS
 THE FOLLOWING WEATHER WAS RECORDED TODAY.
  NO SIGNIFICANT WEATHER WAS OBSERVED.


RELATIVE HUMIDITY (PERCENT)
 HIGHEST    70
 LOWEST     60
 AVERAGE    65

..........................................................


THE KODIAK CLIMATE NORMALS FOR TOMORROW
                         NORMAL    RECORD    YEAR
 MAXIMUM TEMPERATURE (F)   37        50      1962
 MINIMUM TEMPERATURE (F)   27         1      1986


SUNRISE AND SUNSET
FEBRUARY 26 2017......SUNRISE   811 AM AKST  SUNSET   636 PM AKST
FEBRUARY 27 2017......SUNRISE   808 AM AKST  SUNSET   638 PM AKST

CIVIL TWILIGHT
FEBRUARY 26 2017        START    732 AM GMT     END    716 PM GMT
FEBRUARY 27 2017        START    729 AM GMT     END    718 PM GMT



-  INDICATES NEGATIVE NUMBERS.
R  INDICATES RECORD WAS SET OR TIED.
MM INDICATES DATA IS MISSING.
T  INDICATES TRACE AMOUNT.




$$
&&
------------------------------------------------------
AMOUNT OF DAYLIGHT TODAY  (HOUR:MIN)........10:25
GAIN/LOSS SINCE YESTERDAY (HOUR:MIN:SEC)....+0:04:57
