000
CDAK48 PADQ 211123
CLIADQ

CLIMATE REPORT
NATIONAL WEATHER SERVICE KODIAK, AK
223 AM AKST SUN DEC 21 2014

...................................
...THE KODIAK AP CLIMATE SUMMARY FOR DECEMBER 20 2014...

CLIMATE NORMAL PERIOD  1981 TO  2010
CLIMATE RECORD PERIOD  1949 TO  2014

WEATHER ITEM   OBSERVED TIME    RECORD YEAR NORMAL DEPARTURE LAST
               VALUE    (LST)   VALUE       VALUE  FROM      YEAR
                                                   NORMAL
...................................................................
TEMPERATURE
YESTERDAY
 MAXIMUM            43  0704 AM    46  1970     36       7     42
 MINIMUM            35  0756 PM     5  1957     26       9     33
 AVERAGE            39                          31       8     38

PRECIPITATION
(INCHES)
 YESTERDAY        0.44           1.56  2009   0.28    0.16   0.01
 MONTH TO DATE    7.15                        5.71    1.44   1.58
 SINCE DEC 1      7.15                        5.71    1.44   1.58
 SINCE JAN 1     82.80                       74.98    7.82  62.59

SNOWFALL
(INCHES)
 YESTERDAY         0.0            6.0  1999    0.5    -0.5    0.0
 MONTH TO DATE     0.2                         9.5    -9.3    8.0
 SINCE DEC 1       0.2                         9.5    -9.3    8.0
 SINCE JUL 1       0.9                        17.0   -16.1   15.3
 SNOW DEPTH (IN)     0                                          2

DEGREE DAYS
 HEATING
  YESTERDAY         26                          34      -8     27
  MONTH TO DATE    509                         675    -166    686
  SINCE DEC 1      509                         675    -166    686
  SINCE JUL 1     2905                        3467    -562   3093

 COOLING
  YESTERDAY          0                           0       0      0
  MONTH TO DATE      0                           0       0      0
  SINCE DEC 1        0                           0       0      0
  SINCE JAN 1        4                           0       4      6
...................................................................

WIND (MPH)
 HIGHEST WIND SPEED    26     HIGHEST WIND DIRECTION     30
 HIGHEST GUST SPEED    32     HIGHEST GUST DIRECTION     30
 AVERAGE WIND SPEED  11.9

SKY COVER
  POSSIBLE SUNSHINE    MM          AVERAGE SKY COVER     MM

WEATHER CONDITIONS
 THE FOLLOWING WEATHER WAS RECORDED YESTERDAY.
  FOG
RAIN


RELATIVE HUMIDITY
 HIGHEST RH     MM PERCENT       MM
 LOWEST  RH     MM PERCENT       MM
 AVERAGE RH     MM PERCENT       MM
...................................................................

THE KODIAK CLIMATE NORMALS FOR TODAY
                           NORMAL    RECORD   YEAR
 MAXIMUM TEMPERATURE (F)     36        55     1984
 MINIMUM TEMPERATURE (F)     26         5     2006

SUNRISE AND SUNSET
 DEC 21 2014..........SUNRISE  9:53 AM      SUNSET  4:24 PM
 DEC 22 2014..........SUNRISE  9:54 AM      SUNSET  4:25 PM

-  INDICATES NEGATIVE NUMBERS.
R  INDICATES RECORD HAS BEEN SET OR TIED.
MM INDICATES DATA IS MISSING.
T  INDICATES TRACE OF PRECIPITATION.

&&
-------------------------------------------------------------------

AMOUNT OF DAYLIGHT TODAY  (HOUR:MIN)........6 HOURS 31 MINUTES
GAIN/LOSS SINCE YESTERDAY (HOUR:MIN:SEC)....-0:00:04

$$
*** DEC 14
