254
CDAK48 PADQ 301151
CLIADQ

CLIMATE REPORT
NATIONAL WEATHER SERVICE KODIAK, AK
351 AM AKDT SAT APR 30 2016

...................................
...THE KODIAK AP CLIMATE SUMMARY FOR APRIL 29 2016...

CLIMATE NORMAL PERIOD  1981 TO  2010
CLIMATE RECORD PERIOD  1913 TO  2016

WEATHER ITEM   OBSERVED TIME    RECORD YEAR NORMAL DEPARTURE LAST
               VALUE    (LST)   VALUE       VALUE  FROM      YEAR
                                                   NORMAL
...................................................................
TEMPERATURE
YESTERDAY
 MAXIMUM            46  1212 PM    61  1995     46       0     49
 MINIMUM            39  0659 AM    26  2013     35       4     32
 AVERAGE            43                          41       2     41

PRECIPITATION
(INCHES)
 YESTERDAY        0.30           1.90  1922   0.19    0.11   0.13
 MONTH TO DATE    7.87                        5.63    2.24   6.15
 SINCE MAR 1     15.21                       11.16    4.05  13.68
 SINCE JAN 1     38.50                       25.59   12.91  32.60

SNOWFALL
(INCHES)
 YESTERDAY         0.0            0.8  2006    0.1    -0.1    0.0
 MONTH TO DATE     0.0                         7.9    -7.9    3.2
 SINCE MAR 1       3.6                        19.2   -15.6    4.7
 SINCE JUL 1        MM                        68.6      MM   20.1
 SNOW DEPTH (IN)     0                                          0

DEGREE DAYS
 HEATING
  YESTERDAY         22                          24      -2     24
  MONTH TO DATE    654                         797    -143    750
  SINCE MAR 1     1444                        1795    -351   1626
  SINCE JUL 1     6381                        7668   -1287   6544

 COOLING
  YESTERDAY          0                           0       0      0
  MONTH TO DATE      0                           0       0      0
  SINCE MAR 1        0                           0       0      0
  SINCE JAN 1        0                           0       0      0
...................................................................

WIND (MPH)
 HIGHEST WIND SPEED    36     HIGHEST WIND DIRECTION     60
 HIGHEST GUST SPEED    43     HIGHEST GUST DIRECTION     60
 AVERAGE WIND SPEED  13.9

SKY COVER
  POSSIBLE SUNSHINE    MM          AVERAGE SKY COVER     MM

WEATHER CONDITIONS
 THE FOLLOWING WEATHER WAS RECORDED YESTERDAY.
  SMOKE OR HAZE
FOG
RAIN


RELATIVE HUMIDITY
 HIGHEST RH     MM PERCENT       MM
 LOWEST  RH     MM PERCENT       MM
 AVERAGE RH     MM PERCENT       MM
...................................................................

THE KODIAK CLIMATE NORMALS FOR TODAY
                           NORMAL    RECORD   YEAR
 MAXIMUM TEMPERATURE (F)     47        62     1983
 MINIMUM TEMPERATURE (F)     36        27     2010

SUNRISE AND SUNSET
 APR 30 2016..........SUNRISE  6:20 AM      SUNSET  9:57 PM
 MAY 1 2016..........SUNRISE  6:17 AM      SUNSET  9:59 PM

-  INDICATES NEGATIVE NUMBERS.
R  INDICATES RECORD HAS BEEN SET OR TIED.
MM INDICATES DATA IS MISSING.
T  INDICATES TRACE OF PRECIPITATION.

&&
-------------------------------------------------------------------

AMOUNT OF DAYLIGHT TODAY  (HOUR:MIN)........15 HOURS 37 MINUTES
GAIN/LOSS SINCE YESTERDAY (HOUR:MIN:SEC)....+0:04:39

$$
JTS APR 16
