000
CDAK48 PAFC 221303
CLIADQ


CLIMATE REPORT
NATIONAL WEATHER SERVICE ANCHORAGE, AK
502 AM AKDT SUN OCT 22 2017


...................................

...THE KODIAK CLIMATE SUMMARY FOR OCTOBER 21 2017...

CLIMATE NORMAL PERIOD 1981 TO 2010
CLIMATE RECORD PERIOD 1913 TO 2017


WEATHER ITEM   OBSERVED TIME   RECORD YEAR NORMAL DEPARTURE LAST
                VALUE   (LST)  VALUE       VALUE  FROM      YEAR
                                                  NORMAL
..................................................................
TEMPERATURE (F)
 YESTERDAY
  MAXIMUM         39        MM  55    1981  45     -6       44
  MINIMUM         23        MM  16    1966  33    -10       34
  AVERAGE         31                        39     -8       39

PRECIPITATION (IN)
  YESTERDAY        0.00          1.97 1926   0.26  -0.26     0.02
  MONTH TO DATE    2.47                      5.73  -3.26     8.90
  SINCE SEP 1      9.53                     13.08  -3.55    13.89
  SINCE JAN 1     50.05                     59.87  -9.82    65.19

SNOWFALL (IN)
  YESTERDAY        0.0           7.3  1954   0.0    0.0      0.0
  MONTH TO DATE    0.0                       0.4   -0.4      0.2
  SINCE SEP 1      0.0                       0.4   -0.4      0.2
  SINCE JUL 1      0.0                       0.4   -0.4      0.2
  SNOW DEPTH       0

DEGREE DAYS
 HEATING
  YESTERDAY       34                        26      8       26
  MONTH TO DATE  435                       488    -53      407
  SINCE SEP 1    875                       956    -81      798
  SINCE JUL 1   1480                      1589   -109     1139

 COOLING
  YESTERDAY        0                         0      0        0
  MONTH TO DATE    0                         0      0        0
  SINCE SEP 1      0                         0      0        0
  SINCE JAN 1      0                         1     -1       29
..................................................................


WIND (MPH)
  RESULTANT WIND SPEED   7   RESULTANT WIND DIRECTION  NW (300)
  HIGHEST WIND SPEED    15   HIGHEST WIND DIRECTION     W (280)
  HIGHEST GUST SPEED    20   HIGHEST GUST DIRECTION     W (290)
  AVERAGE WIND SPEED     7.4



WEATHER CONDITIONS
 THE FOLLOWING WEATHER WAS RECORDED YESTERDAY.
  NO SIGNIFICANT WEATHER WAS OBSERVED.


RELATIVE HUMIDITY (PERCENT)
 HIGHEST    81
 LOWEST     56
 AVERAGE    69

..........................................................


THE KODIAK CLIMATE NORMALS FOR TODAY
                         NORMAL    RECORD    YEAR
 MAXIMUM TEMPERATURE (F)   45        55      1936
 MINIMUM TEMPERATURE (F)   33        19      1966


SUNRISE AND SUNSET
OCTOBER 22 2017.......SUNRISE   902 AM AKDT  SUNSET   646 PM AKDT
OCTOBER 23 2017.......SUNRISE   904 AM AKDT  SUNSET   644 PM AKDT


-  INDICATES NEGATIVE NUMBERS.
R  INDICATES RECORD WAS SET OR TIED.
MM INDICATES DATA IS MISSING.
T  INDICATES TRACE AMOUNT.




$$
