498
CDAK48 PADQ 091224
CLIADQ

CLIMATE REPORT
NATIONAL WEATHER SERVICE KODIAK, AK
325 AM AKST TUE FEB 9 2016

...................................
...THE KODIAK AP CLIMATE SUMMARY FOR FEBRUARY 8 2016...

CLIMATE NORMAL PERIOD  1981 TO  2010
CLIMATE RECORD PERIOD  1913 TO  2016

WEATHER ITEM   OBSERVED TIME    RECORD YEAR NORMAL DEPARTURE LAST
               VALUE    (LST)   VALUE       VALUE  FROM      YEAR
                                                   NORMAL
...................................................................
TEMPERATURE
YESTERDAY
 MAXIMUM            39  0124 PM    55  1982     35       4     33
 MINIMUM            34  1148 PM     2  1984     26       8     21
 AVERAGE            37                          30       7     27

PRECIPITATION
(INCHES)
 YESTERDAY        0.87           2.82  1933   0.23    0.64   0.30
 MONTH TO DATE    3.01                        1.87    1.14   0.63
 SINCE DEC 1     25.70                       18.89    6.81  24.55
 SINCE JAN 1     13.42                       10.16    3.26  10.76

SNOWFALL
(INCHES)
 YESTERDAY         0.0           15.6  2002    0.6    -0.6    4.5
 MONTH TO DATE       T                         4.2    -4.2    8.6
 SINCE DEC 1      15.0                        31.0   -16.0   13.1
 SINCE JUL 1        MM                        38.5      MM   13.8
 SNOW DEPTH (IN)     0                                          6

DEGREE DAYS
 HEATING
  YESTERDAY         28                          35      -7     38
  MONTH TO DATE    241                         280     -39    265
  SINCE DEC 1     2047                        2402    -355   1968
  SINCE JUL 1     4343                        5194    -851   4364

 COOLING
  YESTERDAY          0                           0       0      0
  MONTH TO DATE      0                           0       0      0
  SINCE DEC 1        0                           0       0      0
  SINCE JAN 1        0                           0       0      0
...................................................................

WIND (MPH)
 HIGHEST WIND SPEED    32     HIGHEST WIND DIRECTION    120
 HIGHEST GUST SPEED    39     HIGHEST GUST DIRECTION    120
 AVERAGE WIND SPEED  16.7

SKY COVER
  POSSIBLE SUNSHINE    MM          AVERAGE SKY COVER     MM

WEATHER CONDITIONS
 THE FOLLOWING WEATHER WAS RECORDED YESTERDAY.
  FOG
RAIN


RELATIVE HUMIDITY
 HIGHEST RH     MM PERCENT       MM
 LOWEST  RH     MM PERCENT       MM
 AVERAGE RH     MM PERCENT       MM
...................................................................

THE KODIAK CLIMATE NORMALS FOR TODAY
                           NORMAL    RECORD   YEAR
 MAXIMUM TEMPERATURE (F)     35        48     1929
 MINIMUM TEMPERATURE (F)     26        -1     1984

SUNRISE AND SUNSET
 FEB 9 2016..........SUNRISE  8:56 AM      SUNSET  5:54 PM
 FEB 10 2016..........SUNRISE  8:53 AM      SUNSET  5:57 PM

-  INDICATES NEGATIVE NUMBERS.
R  INDICATES RECORD HAS BEEN SET OR TIED.
MM INDICATES DATA IS MISSING.
T  INDICATES TRACE OF PRECIPITATION.

&&
-------------------------------------------------------------------

AMOUNT OF DAYLIGHT TODAY  (HOUR:MIN)........8 HOURS 58 MINUTES
GAIN/LOSS SINCE YESTERDAY (HOUR:MIN:SEC)....+0:04:40

$$
CSB FEB 16
