000
CDUS44 KLCH 240916
CLIAEX


CLIMATE REPORT
NATIONAL WEATHER SERVICE LAKE CHARLES, LA
416 AM CDT SUN MAY 24 2015


...................................

...THE ALEXANDRIA CLIMATE SUMMARY FOR MAY 23 2015...

CLIMATE NORMAL PERIOD 1981 TO 2010
CLIMATE RECORD PERIOD 1892 TO 2015


WEATHER ITEM   OBSERVED TIME   RECORD YEAR NORMAL DEPARTURE LAST
                VALUE   (LST)  VALUE       VALUE  FROM      YEAR
                                                  NORMAL
..................................................................
TEMPERATURE (F)
 YESTERDAY
  MAXIMUM         87    248 PM  97    2005  87      0       88
  MINIMUM         65    509 AM  50    1954  65      0       64
  AVERAGE         76                        76      0       76

PRECIPITATION (IN)
  YESTERDAY        0.00          2.09 1952   0.18  -0.18     0.00
  MONTH TO DATE    3.63                      3.43   0.20     1.34
  SINCE MAR 1     16.73                     13.03   3.70     9.04
  SINCE JAN 1     21.83                     22.71  -0.88    15.42

DEGREE DAYS
 COOLING
  YESTERDAY       11                        11      0       11
  MONTH TO DATE  227                       198     29      180
  SINCE MAR 1    423                       340     83      305
  SINCE JAN 1    424                       357     67      316
..................................................................


WIND (MPH)
  HIGHEST WIND SPEED    16   HIGHEST WIND DIRECTION    SE (130)
  HIGHEST GUST SPEED    20   HIGHEST GUST DIRECTION    SE (130)
  AVERAGE WIND SPEED     7.4


SKY COVER
  POSSIBLE SUNSHINE  MM
  AVERAGE SKY COVER 0.3


WEATHER CONDITIONS
 THE FOLLOWING WEATHER WAS RECORDED YESTERDAY.
  NO SIGNIFICANT WEATHER WAS OBSERVED.


RELATIVE HUMIDITY (PERCENT)
 HIGHEST   100           600 AM
 LOWEST     57           200 PM
 AVERAGE    79

..........................................................


THE ALEXANDRIA CLIMATE NORMALS FOR TODAY
                         NORMAL    RECORD    YEAR
 MAXIMUM TEMPERATURE (F)   87        96      2005
 MINIMUM TEMPERATURE (F)   66        51      1967
                                             1917
                                             1893


SUNRISE AND SUNSET
MAY 24 2015...........SUNRISE   609 AM CDT   SUNSET   805 PM CDT
MAY 25 2015...........SUNRISE   609 AM CDT   SUNSET   806 PM CDT


-  INDICATES NEGATIVE NUMBERS.
R  INDICATES RECORD WAS SET OR TIED.
MM INDICATES DATA IS MISSING.
T  INDICATES TRACE AMOUNT.




$$
