000
CDUS44 KLCH 240813
CLIAEX


CLIMATE REPORT
NATIONAL WEATHER SERVICE LAKE CHARLES, LA
313 AM CDT WED MAY 24 2017


...................................

...THE ALEXANDRIA CLIMATE SUMMARY FOR MAY 23 2017...

CLIMATE NORMAL PERIOD 1981 TO 2010
CLIMATE RECORD PERIOD 1892 TO 2017


WEATHER ITEM   OBSERVED TIME   RECORD YEAR NORMAL DEPARTURE LAST
                VALUE   (LST)  VALUE       VALUE  FROM      YEAR
                                                  NORMAL
..................................................................
TEMPERATURE (F)
 YESTERDAY
  MAXIMUM         78    423 PM  97    2005  87     -9       86
  MINIMUM         63    700 AM  50    1954  65     -2       63
  AVERAGE         71                        76     -5       75

PRECIPITATION (IN)
  YESTERDAY        0.03          2.09 1952   0.18  -0.15     0.00
  MONTH TO DATE    1.70                      3.43  -1.73     1.75
  SINCE MAR 1     14.75                     13.03   1.72    13.95
  SINCE JAN 1     22.46                     22.71  -0.25    20.43

DEGREE DAYS
 COOLING
  YESTERDAY        6                        11     -5       10
  MONTH TO DATE  153                       198    -45      157
  SINCE MAR 1    415                       340     75      345
  SINCE JAN 1    497                       357    140      353
..................................................................


WIND (MPH)
  HIGHEST WIND SPEED    13   HIGHEST WIND DIRECTION    NW (310)
  HIGHEST GUST SPEED    16   HIGHEST GUST DIRECTION    NW (310)
  AVERAGE WIND SPEED     6.9


SKY COVER
  POSSIBLE SUNSHINE  MM
  AVERAGE SKY COVER 0.8


WEATHER CONDITIONS
 THE FOLLOWING WEATHER WAS RECORDED YESTERDAY.
  RAIN
  LIGHT RAIN
  FOG


RELATIVE HUMIDITY (PERCENT)
 HIGHEST   100           300 AM
 LOWEST     64           500 PM
 AVERAGE    82

..........................................................


THE ALEXANDRIA CLIMATE NORMALS FOR TODAY
                         NORMAL    RECORD    YEAR
 MAXIMUM TEMPERATURE (F)   87        96      2005
 MINIMUM TEMPERATURE (F)   66        51      1967
                                             1917
                                             1893


SUNRISE AND SUNSET
MAY 24 2017...........SUNRISE   609 AM CDT   SUNSET   805 PM CDT
MAY 25 2017...........SUNRISE   609 AM CDT   SUNSET   806 PM CDT


-  INDICATES NEGATIVE NUMBERS.
R  INDICATES RECORD WAS SET OR TIED.
MM INDICATES DATA IS MISSING.
T  INDICATES TRACE AMOUNT.




$$
