000
CDUS44 KLCH 232211
CLIAEX


CLIMATE REPORT
NATIONAL WEATHER SERVICE LAKE CHARLES, LA
511 PM CDT MON OCT 23 2017


...................................

...THE ALEXANDRIA CLIMATE SUMMARY FOR OCTOBER 23 2017...
VALID TODAY AS OF 0500 PM LOCAL TIME.

CLIMATE NORMAL PERIOD 1981 TO 2010
CLIMATE RECORD PERIOD 1892 TO 2017


WEATHER ITEM   OBSERVED TIME   RECORD YEAR NORMAL DEPARTURE LAST
                VALUE   (LST)  VALUE       VALUE  FROM      YEAR
                                                  NORMAL
..................................................................
TEMPERATURE (F)
 TODAY
  MAXIMUM         76    356 PM  93    1939  78     -2       78
  MINIMUM         48    651 AM  33    1893  52     -4       40
  AVERAGE         62                        65     -3       59

PRECIPITATION (IN)
  TODAY            0.00          8.12 1972   0.15  -0.15     0.00
  MONTH TO DATE    0.26                      4.48  -4.22     0.23
  SINCE SEP 1      0.35                      7.38  -7.03     3.69
  SINCE JAN 1     43.58                     43.61  -0.03    44.43

SNOWFALL (IN)
  TODAY            0.0           0.0    MM  MM     MM        0.0
  MONTH TO DATE    0.0                      MM     MM        0.0
  SINCE SEP 1      0.0                      MM     MM        0.0
  SINCE JUL 1      0.0                      MM     MM        0.0
  SNOW DEPTH       0

DEGREE DAYS
 HEATING
  TODAY            3                         3      0        6
  MONTH TO DATE   13                        39    -26       16
  SINCE SEP 1     13                        42    -29       16
  SINCE JUL 1     13                        42    -29       16

 COOLING
  TODAY            0                         3     -3        0
  MONTH TO DATE  216                       115    101      189
  SINCE SEP 1    591                       478    113      661
  SINCE JAN 1   2620                      2465    155     2764
..................................................................


WIND (MPH)
  HIGHEST WIND SPEED    14   HIGHEST WIND DIRECTION     N (350)
  HIGHEST GUST SPEED    19   HIGHEST GUST DIRECTION     N (350)
  AVERAGE WIND SPEED     6.0


SKY COVER
  POSSIBLE SUNSHINE  MM
  AVERAGE SKY COVER 0.0


WEATHER CONDITIONS
 THE FOLLOWING WEATHER WAS RECORDED TODAY.
  NO SIGNIFICANT WEATHER WAS OBSERVED.


RELATIVE HUMIDITY (PERCENT)
 HIGHEST   100           100 AM
 LOWEST     29          1200 PM
 AVERAGE    65

..........................................................


THE ALEXANDRIA CLIMATE NORMALS FOR TOMORROW
                         NORMAL    RECORD    YEAR
 MAXIMUM TEMPERATURE (F)   77        91      1953
 MINIMUM TEMPERATURE (F)   52        32      1917


SUNRISE AND SUNSET
OCTOBER 23 2017.......SUNRISE   719 AM CDT   SUNSET   629 PM CDT
OCTOBER 24 2017.......SUNRISE   720 AM CDT   SUNSET   628 PM CDT


-  INDICATES NEGATIVE NUMBERS.
R  INDICATES RECORD WAS SET OR TIED.
MM INDICATES DATA IS MISSING.
T  INDICATES TRACE AMOUNT.




$$
