000
CDUS44 KLCH 300851
CLIAEX


CLIMATE REPORT
NATIONAL WEATHER SERVICE LAKE CHARLES, LA
351 AM CDT TUE SEP 30 2014


...................................

...THE ALEXANDRIA CLIMATE SUMMARY FOR SEPTEMBER 29 2014...

CLIMATE NORMAL PERIOD 1981 TO 2010
CLIMATE RECORD PERIOD 1892 TO 2014


WEATHER ITEM   OBSERVED TIME   RECORD YEAR NORMAL DEPARTURE LAST
                VALUE   (LST)  VALUE       VALUE  FROM      YEAR
                                                  NORMAL
..................................................................
TEMPERATURE (F)
 YESTERDAY
  MAXIMUM         88    138 PM  99    1953  84      4       75
  MINIMUM         70   1153 PM  40    1967  61      9       70
  AVERAGE         79                        72      7       73

PRECIPITATION (IN)
  YESTERDAY        0.00          2.15 1999   0.17  -0.17     0.43
  MONTH TO DATE    0.87                      2.74  -1.87     5.01
  SINCE SEP 1      0.87                      2.74  -1.87     5.01
  SINCE JAN 1     32.22                     38.97  -6.75    42.60

DEGREE DAYS
 HEATING
  YESTERDAY        0                         0      0        0
  MONTH TO DATE    0                         0      0        0
  SINCE SEP 1      0                         0      0        0
  SINCE JUL 1      0                         0      0        0

 COOLING
  YESTERDAY       14                         8      6        8
  MONTH TO DATE  377                       354     23      450
  SINCE SEP 1    377                       354     23      450
  SINCE JAN 1   2285                      2341    -56     2415
..................................................................


WIND (MPH)
  HIGHEST WIND SPEED    13   HIGHEST WIND DIRECTION    NE (60)
  HIGHEST GUST SPEED    16   HIGHEST GUST DIRECTION     E (110)
  AVERAGE WIND SPEED     4.2


SKY COVER
  POSSIBLE SUNSHINE  MM
  AVERAGE SKY COVER 0.6


WEATHER CONDITIONS
 THE FOLLOWING WEATHER WAS RECORDED YESTERDAY.
  NO SIGNIFICANT WEATHER WAS OBSERVED.


RELATIVE HUMIDITY (PERCENT)
 HIGHEST    93          1200 AM
 LOWEST     61           100 PM
 AVERAGE    77

..........................................................


THE ALEXANDRIA CLIMATE NORMALS FOR TODAY
                         NORMAL    RECORD    YEAR
 MAXIMUM TEMPERATURE (F)   84        96      1953
 MINIMUM TEMPERATURE (F)   61        42      1909


SUNRISE AND SUNSET
SEPTEMBER 30 2014.....SUNRISE   703 AM CDT   SUNSET   656 PM CDT
OCTOBER  1 2014.......SUNRISE   704 AM CDT   SUNSET   655 PM CDT


-  INDICATES NEGATIVE NUMBERS.
R  INDICATES RECORD WAS SET OR TIED.
MM INDICATES DATA IS MISSING.
T  INDICATES TRACE AMOUNT.




$$
