000
CDUS44 KLCH 162212
CLIAEX


CLIMATE REPORT
NATIONAL WEATHER SERVICE LAKE CHARLES, LA
412 PM CST TUE JAN 16 2018


...................................

...THE ALEXANDRIA CLIMATE SUMMARY FOR JANUARY 16 2018...
VALID TODAY AS OF 0400 PM LOCAL TIME.

CLIMATE NORMAL PERIOD 1981 TO 2010
CLIMATE RECORD PERIOD 1892 TO 2018


WEATHER ITEM   OBSERVED TIME   RECORD YEAR NORMAL DEPARTURE LAST
                VALUE   (LST)  VALUE       VALUE  FROM      YEAR
                                                  NORMAL
..................................................................
TEMPERATURE (F)
 TODAY
  MAXIMUM         46    311 AM  79    1935  59    -13       75
                                      1907
                                      1906
  MINIMUM         25    359 PM  18    1972  38    -13       61
                                      1905
  AVERAGE         36                        49    -13       68

PRECIPITATION (IN)
  TODAY            0.02          1.83 2001   0.15  -0.13     0.03
  MONTH TO DATE    2.59                      2.42   0.17     1.23
  SINCE DEC 1      4.92                      8.54  -3.62    10.28
  SINCE JAN 1      2.59                      2.42   0.17     1.23

SNOWFALL (IN)
  TODAY           MM             T    1957  MM     MM        0.0
                                      1948
  MONTH TO DATE    0.0                      MM     MM        0.5
  SINCE DEC 1      2.1                      MM     MM        0.5
  SINCE JUL 1      2.1                      MM     MM        0.5
  SNOW DEPTH       0

DEGREE DAYS
 HEATING
  TODAY           29                        16     13        0
  MONTH TO DATE  395                       256    139      176
  SINCE DEC 1    884                       720    164      547
  SINCE JUL 1   1154                      1045    109      722
..................................................................


WIND (MPH)
  HIGHEST WIND SPEED    22   HIGHEST WIND DIRECTION     N (10)
  HIGHEST GUST SPEED    32   HIGHEST GUST DIRECTION     N (10)
  AVERAGE WIND SPEED     9.8


SKY COVER
  POSSIBLE SUNSHINE  MM
  AVERAGE SKY COVER 1.0


WEATHER CONDITIONS
 THE FOLLOWING WEATHER WAS RECORDED TODAY.
  LIGHT RAIN
  LIGHT SNOW
  FOG
  HAZE


RELATIVE HUMIDITY (PERCENT)
 HIGHEST    92           900 AM
 LOWEST     75           100 PM
 AVERAGE    84

..........................................................


THE ALEXANDRIA CLIMATE NORMALS FOR TOMORROW
                         NORMAL    RECORD    YEAR
 MAXIMUM TEMPERATURE (F)   59        79      1935
 MINIMUM TEMPERATURE (F)   38        14      1982


SUNRISE AND SUNSET
JANUARY 16 2018.......SUNRISE   709 AM CST   SUNSET   531 PM CST
JANUARY 17 2018.......SUNRISE   709 AM CST   SUNSET   532 PM CST


-  INDICATES NEGATIVE NUMBERS.
R  INDICATES RECORD WAS SET OR TIED.
MM INDICATES DATA IS MISSING.
T  INDICATES TRACE AMOUNT.




$$
