000
CDUS44 KLCH 230822
CLIAEX


CLIMATE REPORT
NATIONAL WEATHER SERVICE LAKE CHARLES, LA
322 AM CDT WED JUL 23 2014


...................................

...THE ALEXANDRIA CLIMATE SUMMARY FOR JULY 22 2014...

CLIMATE NORMAL PERIOD 1981 TO 2010
CLIMATE RECORD PERIOD 1892 TO 2014


WEATHER ITEM   OBSERVED TIME   RECORD YEAR NORMAL DEPARTURE LAST
                VALUE   (LST)  VALUE       VALUE  FROM      YEAR
                                                  NORMAL
..................................................................
TEMPERATURE (F)
 YESTERDAY
  MAXIMUM         93    342 PM 104    1907  92      1       95
  MINIMUM         68    516 AM  64    1915  73     -5       73
  AVERAGE         81                        82     -1       84

PRECIPITATION (IN)
  YESTERDAY        T             3.28 2009   0.09  -0.09     0.00
  MONTH TO DATE    5.10                      2.88   2.22     1.85
  SINCE JUN 1      7.98                      7.98   0.00     6.04
  SINCE JAN 1     26.20                     31.98  -5.78    31.30

DEGREE DAYS
 COOLING
  YESTERDAY       16                        18     -2       19
  MONTH TO DATE  341                       378    -37      360
  SINCE JUN 1    814                       831    -17      841
  SINCE JAN 1   1225                      1285    -60     1234
..................................................................


WIND (MPH)
  HIGHEST WIND SPEED    13   HIGHEST WIND DIRECTION     E (90)
  HIGHEST GUST SPEED    16   HIGHEST GUST DIRECTION     E (110)
  AVERAGE WIND SPEED     2.8


SKY COVER
  POSSIBLE SUNSHINE  MM
  AVERAGE SKY COVER 0.1


WEATHER CONDITIONS
 THE FOLLOWING WEATHER WAS RECORDED YESTERDAY.
  LIGHT RAIN
  FOG


RELATIVE HUMIDITY (PERCENT)
 HIGHEST   100           300 AM
 LOWEST     47           200 PM
 AVERAGE    74

..........................................................


THE ALEXANDRIA CLIMATE NORMALS FOR TODAY
                         NORMAL    RECORD    YEAR
 MAXIMUM TEMPERATURE (F)   92       105      1924
 MINIMUM TEMPERATURE (F)   73        60      1894


SUNRISE AND SUNSET
JULY 23 2014..........SUNRISE   621 AM CDT   SUNSET   812 PM CDT
JULY 24 2014..........SUNRISE   622 AM CDT   SUNSET   811 PM CDT


-  INDICATES NEGATIVE NUMBERS.
R  INDICATES RECORD WAS SET OR TIED.
MM INDICATES DATA IS MISSING.
T  INDICATES TRACE AMOUNT.




$$
