000
CDUS44 KLCH 230845
CLIAEX


CLIMATE REPORT
NATIONAL WEATHER SERVICE LAKE CHARLES, LA
343 AM CDT FRI JUN 23 2017


...................................

...THE ALEXANDRIA CLIMATE SUMMARY FOR JUNE 22 2017...

CLIMATE NORMAL PERIOD 1981 TO 2010
CLIMATE RECORD PERIOD 1892 TO 2017


WEATHER ITEM   OBSERVED TIME   RECORD YEAR NORMAL DEPARTURE LAST
                VALUE   (LST)  VALUE       VALUE  FROM      YEAR
                                                  NORMAL
..................................................................
TEMPERATURE (F)
 YESTERDAY
  MAXIMUM         85        MM 102    1953  91     -6       91
                                      1897
  MINIMUM         75        MM  61    1902  71      4       72
  AVERAGE         80                        81     -1       82

PRECIPITATION (IN)
  YESTERDAY        1.52          2.27 1958   0.20   1.32     0.00
  MONTH TO DATE    3.33                      3.60  -0.27     2.12
  SINCE JUN 1      3.33                      3.60  -0.27     2.12
  SINCE JAN 1     28.04                     27.60   0.44    24.47

DEGREE DAYS
 COOLING
  YESTERDAY       15                        16     -1       17
  MONTH TO DATE  300                       321    -21      334
  SINCE JUN 1    300                       321    -21      334
  SINCE JAN 1    875                       775    100      801
..................................................................


WIND (MPH)
  HIGHEST WIND SPEED    25   HIGHEST WIND DIRECTION    SE (140)
  HIGHEST GUST SPEED    40   HIGHEST GUST DIRECTION    SE (130)
  AVERAGE WIND SPEED    17.1


SKY COVER
  POSSIBLE SUNSHINE  MM
  AVERAGE SKY COVER 1.0


WEATHER CONDITIONS
 THE FOLLOWING WEATHER WAS RECORDED YESTERDAY.
  HEAVY RAIN
  RAIN
  LIGHT RAIN
  FOG


RELATIVE HUMIDITY (PERCENT)
 HIGHEST    94           600 AM
 LOWEST     85          1200 PM
 AVERAGE    90

..........................................................


THE ALEXANDRIA CLIMATE NORMALS FOR TODAY
                         NORMAL    RECORD    YEAR
 MAXIMUM TEMPERATURE (F)   91       102      2009
                                             1932
                                             1906
 MINIMUM TEMPERATURE (F)   71        54      1902


SUNRISE AND SUNSET
JUNE 23 2017..........SUNRISE   607 AM CDT   SUNSET   818 PM CDT
JUNE 24 2017..........SUNRISE   607 AM CDT   SUNSET   818 PM CDT


-  INDICATES NEGATIVE NUMBERS.
R  INDICATES RECORD WAS SET OR TIED.
MM INDICATES DATA IS MISSING.
T  INDICATES TRACE AMOUNT.




$$
