000
CDUS44 KLCH 300825
CLIAEX


CLIMATE REPORT
NATIONAL WEATHER SERVICE LAKE CHARLES, LA
323 AM CDT TUE JUN 30 2015


...................................

...THE ALEXANDRIA CLIMATE SUMMARY FOR JUNE 29 2015...

CLIMATE NORMAL PERIOD 1981 TO 2010
CLIMATE RECORD PERIOD 1892 TO 2015


WEATHER ITEM   OBSERVED TIME   RECORD YEAR NORMAL DEPARTURE LAST
                VALUE   (LST)  VALUE       VALUE  FROM      YEAR
                                                  NORMAL
..................................................................
TEMPERATURE (F)
 YESTERDAY
  MAXIMUM         91    334 PM 102    1930  92     -1       91
  MINIMUM         74   1159 PM  61    1968  72      2       78
  AVERAGE         83                        82      1       85

PRECIPITATION (IN)
  YESTERDAY        0.00          3.05 1986   0.17  -0.17      T
  MONTH TO DATE    4.73                      4.93  -0.20     2.88
  SINCE JUN 1      4.73                      4.93  -0.20     2.88
  SINCE JAN 1     29.98                     28.93   1.05    21.10

DEGREE DAYS
 COOLING
  YESTERDAY       18                        17      1       20
  MONTH TO DATE  468                       436     32      455
  SINCE JUN 1    468                       436     32      455
  SINCE JAN 1    990                       890    100      866
..................................................................


WIND (MPH)
  HIGHEST WIND SPEED    16   HIGHEST WIND DIRECTION     S (190)
  HIGHEST GUST SPEED    20   HIGHEST GUST DIRECTION     S (200)
  AVERAGE WIND SPEED     6.2


SKY COVER
  POSSIBLE SUNSHINE  MM
  AVERAGE SKY COVER 0.3


WEATHER CONDITIONS
 THE FOLLOWING WEATHER WAS RECORDED YESTERDAY.
  THUNDERSTORM
  FOG


RELATIVE HUMIDITY (PERCENT)
 HIGHEST   100          1200 AM
 LOWEST     63          1200 PM
 AVERAGE    82

..........................................................


THE ALEXANDRIA CLIMATE NORMALS FOR TODAY
                         NORMAL    RECORD    YEAR
 MAXIMUM TEMPERATURE (F)   92       101      1954
                                             1917
                                             1902
 MINIMUM TEMPERATURE (F)   72        54      1974


SUNRISE AND SUNSET
JUNE 30 2015..........SUNRISE   609 AM CDT   SUNSET   819 PM CDT
JULY  1 2015..........SUNRISE   609 AM CDT   SUNSET   819 PM CDT


-  INDICATES NEGATIVE NUMBERS.
R  INDICATES RECORD WAS SET OR TIED.
MM INDICATES DATA IS MISSING.
T  INDICATES TRACE AMOUNT.




$$
