000
CDUS44 KLCH 271245
CLIAEX


CLIMATE REPORT
NATIONAL WEATHER SERVICE LAKE CHARLES, LA
645 AM CST MON FEB 27 2017


...................................

...THE ALEXANDRIA CLIMATE SUMMARY FOR FEBRUARY 26 2017...

CLIMATE NORMAL PERIOD 1981 TO 2010
CLIMATE RECORD PERIOD 1892 TO 2017


WEATHER ITEM   OBSERVED TIME   RECORD YEAR NORMAL DEPARTURE LAST
                VALUE   (LST)  VALUE       VALUE  FROM      YEAR
                                                  NORMAL
..................................................................
TEMPERATURE (F)
 YESTERDAY
  MAXIMUM         70    358 PM  85    1977  66      4       58
                                      1918
  MINIMUM         41    636 AM  24    1914  44     -3       33
  AVERAGE         56                        55      1       46

PRECIPITATION (IN)
  YESTERDAY        0.00          2.03 2001   0.15  -0.15     0.00
  MONTH TO DATE    1.91                      4.14  -2.23     2.70
  SINCE DEC 1     16.73                     15.48   1.25    14.54
  SINCE JAN 1      7.68                      9.36  -1.68     6.48

SNOWFALL (IN)
  YESTERDAY        0.0           T    1952  MM     MM        0.0
  MONTH TO DATE    0.0                      MM     MM        0.0
  SINCE DEC 1      0.5                      MM     MM        0.0
  SINCE JUL 1      0.5                      MM     MM        0.0
  SNOW DEPTH       0

DEGREE DAYS
 HEATING
  YESTERDAY        9                        11     -2       19
  MONTH TO DATE  136                       353   -217      274
  SINCE DEC 1    801                      1319   -518     1027
  SINCE JUL 1    976                      1644   -668     1178
..................................................................


WIND (MPH)
  HIGHEST WIND SPEED    20   HIGHEST WIND DIRECTION     S (180)
  HIGHEST GUST SPEED    23   HIGHEST GUST DIRECTION    SE (150)
  AVERAGE WIND SPEED    11.5


SKY COVER
  POSSIBLE SUNSHINE  MM
  AVERAGE SKY COVER 0.3


WEATHER CONDITIONS
 THE FOLLOWING WEATHER WAS RECORDED YESTERDAY.
  NO SIGNIFICANT WEATHER WAS OBSERVED.


RELATIVE HUMIDITY (PERCENT)
 HIGHEST    73           700 PM
 LOWEST     34           100 PM
 AVERAGE    54

..........................................................


THE ALEXANDRIA CLIMATE NORMALS FOR TODAY
                         NORMAL    RECORD    YEAR
 MAXIMUM TEMPERATURE (F)   66        85      1986
 MINIMUM TEMPERATURE (F)   44        21      2002


SUNRISE AND SUNSET
FEBRUARY 27 2017......SUNRISE   639 AM CST   SUNSET   607 PM CST
FEBRUARY 28 2017......SUNRISE   638 AM CST   SUNSET   608 PM CST


-  INDICATES NEGATIVE NUMBERS.
R  INDICATES RECORD WAS SET OR TIED.
MM INDICATES DATA IS MISSING.
T  INDICATES TRACE AMOUNT.




$$
