000
CDUS44 KLCH 232228
CLIAEX


CLIMATE REPORT
NATIONAL WEATHER SERVICE LAKE CHARLES, LA
528 PM CDT SUN APR 23 2017


...................................

...THE ALEXANDRIA CLIMATE SUMMARY FOR APRIL 23 2017...
VALID TODAY AS OF 0500 PM LOCAL TIME.

CLIMATE NORMAL PERIOD 1981 TO 2010
CLIMATE RECORD PERIOD 1892 TO 2017


WEATHER ITEM   OBSERVED TIME   RECORD YEAR NORMAL DEPARTURE LAST
                VALUE   (LST)  VALUE       VALUE  FROM      YEAR
                                                  NORMAL
..................................................................
TEMPERATURE (F)
 TODAY
  MAXIMUM         66    356 PM  92    1925  80    -14       82
  MINIMUM         53    656 AM  42    1907  57     -4       54
                                      1903
  AVERAGE         60                        68     -8       68

PRECIPITATION (IN)
  TODAY            0.00          4.85 1995   0.11  -0.11     0.00
  MONTH TO DATE    9.83                      3.73   6.10     2.71
  SINCE MAR 1     11.98                      8.78   3.20    11.46
  SINCE JAN 1     19.69                     18.46   1.23    17.94

SNOWFALL (IN)
  TODAY            0.0           0.0    MM  MM     MM        0.0
  MONTH TO DATE    0.0                      MM     MM        0.0
  SINCE MAR 1      0.0                      MM     MM        0.0
  SINCE JUL 1      0.5                      MM     MM        0.0
  SNOW DEPTH       0

DEGREE DAYS
 HEATING
  TODAY            5                         1      4        0
  MONTH TO DATE   19                        61    -42       26
  SINCE MAR 1    148                       276   -128      125
  SINCE JUL 1   1124                      1941   -817     1325

 COOLING
  TODAY            0                         4     -4        3
  MONTH TO DATE  116                        70     46       58
  SINCE MAR 1    221                       106    115      112
  SINCE JAN 1    303                       123    180      120
..................................................................


WIND (MPH)
  HIGHEST WIND SPEED    18   HIGHEST WIND DIRECTION    NW (320)
  HIGHEST GUST SPEED    26   HIGHEST GUST DIRECTION    NW (320)
  AVERAGE WIND SPEED    12.4


SKY COVER
  POSSIBLE SUNSHINE  MM
  AVERAGE SKY COVER 1.0


WEATHER CONDITIONS
 THE FOLLOWING WEATHER WAS RECORDED TODAY.
  NO SIGNIFICANT WEATHER WAS OBSERVED.


RELATIVE HUMIDITY (PERCENT)
 HIGHEST    83           600 AM
 LOWEST     52           400 PM
 AVERAGE    68

..........................................................


THE ALEXANDRIA CLIMATE NORMALS FOR TOMORROW
                         NORMAL    RECORD    YEAR
 MAXIMUM TEMPERATURE (F)   80        92      1925
                                             1923
 MINIMUM TEMPERATURE (F)   57        42      1910


SUNRISE AND SUNSET
APRIL 23 2017.........SUNRISE   633 AM CDT   SUNSET   744 PM CDT
APRIL 24 2017.........SUNRISE   632 AM CDT   SUNSET   745 PM CDT


-  INDICATES NEGATIVE NUMBERS.
R  INDICATES RECORD WAS SET OR TIED.
MM INDICATES DATA IS MISSING.
T  INDICATES TRACE AMOUNT.




$$
