635
CDUS44 KLCH 051003
CLIAEX


CLIMATE REPORT
NATIONAL WEATHER SERVICE LAKE CHARLES, LA
403 AM CST MON DEC 5 2016


...................................

...THE ALEXANDRIA CLIMATE SUMMARY FOR DECEMBER 4 2016...

CLIMATE NORMAL PERIOD 1981 TO 2010
CLIMATE RECORD PERIOD 1892 TO 2016


WEATHER ITEM   OBSERVED TIME   RECORD YEAR NORMAL DEPARTURE LAST
                VALUE   (LST)  VALUE       VALUE  FROM      YEAR
                                                  NORMAL
..................................................................
TEMPERATURE (F)
 YESTERDAY
  MAXIMUM         50    619 PM  85    1892  62    -12       60
  MINIMUM         48    847 AM  21    1893  41      7       36
  AVERAGE         49                        52     -3       48

PRECIPITATION (IN)
  YESTERDAY        0.14          2.50 1982   0.24  -0.10     0.00
  MONTH TO DATE    4.70                      1.05   3.65     0.20
  SINCE DEC 1      4.70                      1.05   3.65     0.20
  SINCE JAN 1     51.67                     50.85   0.82    55.32

SNOWFALL (IN)
  YESTERDAY       MM             0.2  2009  MM     MM        0.0
  MONTH TO DATE    0.0                      MM     MM        0.0
  SINCE DEC 1      0.0                      MM     MM        0.0
  SINCE JUL 1      0.0                      MM     MM        0.0
  SNOW DEPTH       0

DEGREE DAYS
 HEATING
  YESTERDAY       16                        14      2       17
  MONTH TO DATE   60                        53      7       57
  SINCE DEC 1     60                        53      7       57
  SINCE JUL 1    235                       378   -143      208
..................................................................


WIND (MPH)
  HIGHEST WIND SPEED    15   HIGHEST WIND DIRECTION    NW (310)
  HIGHEST GUST SPEED    20   HIGHEST GUST DIRECTION    NE (60)
  AVERAGE WIND SPEED     7.2


SKY COVER
  POSSIBLE SUNSHINE  MM
  AVERAGE SKY COVER 1.0


WEATHER CONDITIONS
 THE FOLLOWING WEATHER WAS RECORDED YESTERDAY.
  LIGHT RAIN
  FOG


RELATIVE HUMIDITY (PERCENT)
 HIGHEST   100           100 AM
 LOWEST     93           200 AM
 AVERAGE    97

..........................................................


THE ALEXANDRIA CLIMATE NORMALS FOR TODAY
                         NORMAL    RECORD    YEAR
 MAXIMUM TEMPERATURE (F)   62        82      2013
                                             1906
                                             1892
 MINIMUM TEMPERATURE (F)   41        20      1893


SUNRISE AND SUNSET
DECEMBER  5 2016......SUNRISE   655 AM CST   SUNSET   507 PM CST
DECEMBER  6 2016......SUNRISE   656 AM CST   SUNSET   507 PM CST


-  INDICATES NEGATIVE NUMBERS.
R  INDICATES RECORD WAS SET OR TIED.
MM INDICATES DATA IS MISSING.
T  INDICATES TRACE AMOUNT.




$$
