000
CDUS44 KLCH 252212
CLIAEX


CLIMATE REPORT
NATIONAL WEATHER SERVICE LAKE CHARLES, LA
511 PM CDT SAT OCT 25 2014


...................................

...THE ALEXANDRIA CLIMATE SUMMARY FOR OCTOBER 25 2014...
VALID TODAY AS OF 0500 PM LOCAL TIME.

CLIMATE NORMAL PERIOD 1981 TO 2010
CLIMATE RECORD PERIOD 1892 TO 2014


WEATHER ITEM   OBSERVED TIME   RECORD YEAR NORMAL DEPARTURE LAST
                VALUE   (LST)  VALUE       VALUE  FROM      YEAR
                                                  NORMAL
..................................................................
TEMPERATURE (F)
 TODAY
  MAXIMUM         83    340 PM  88    2010  77      6       68
                                      1919
                                      1902
  MINIMUM         44    538 AM  32    1917  52     -8       47
  AVERAGE         64                        64      0       58

PRECIPITATION (IN)
  TODAY            0.00          3.39 1939   0.13  -0.13     0.00
  MONTH TO DATE    4.54                      4.74  -0.20     2.57
  SINCE SEP 1      5.41                      7.64  -2.23     7.96
  SINCE JAN 1     36.76                     43.87  -7.11    45.55

SNOWFALL (IN)
  TODAY            0.0           0.0    MM  MM     MM        0.0
  MONTH TO DATE    0.0                      MM     MM        0.0
  SINCE SEP 1      0.0                      MM     MM        0.0
  SINCE JUL 1      0.0                      MM     MM        0.0
  SNOW DEPTH       0

DEGREE DAYS
 HEATING
  TODAY            1                         4     -3        7
  MONTH TO DATE   17                        46    -29       38
  SINCE SEP 1     17                        49    -32       38
  SINCE JUL 1     17                        49    -32       38

 COOLING
  TODAY            0                         3     -3        0
  MONTH TO DATE  146                       121     25      142
  SINCE SEP 1    547                       484     63      603
  SINCE JAN 1   2455                      2471    -16     2568
..................................................................


WIND (MPH)
  HIGHEST WIND SPEED     9   HIGHEST WIND DIRECTION    NW (310)
  HIGHEST GUST SPEED    13   HIGHEST GUST DIRECTION    NW (310)
  AVERAGE WIND SPEED     1.2


SKY COVER
  POSSIBLE SUNSHINE  MM
  AVERAGE SKY COVER 0.1


WEATHER CONDITIONS
 THE FOLLOWING WEATHER WAS RECORDED TODAY.
  FOG
  FOG W/VISIBILITY <= 1/4 MILE


RELATIVE HUMIDITY (PERCENT)
 HIGHEST   100          1200 AM
 LOWEST     33           200 PM
 AVERAGE    67

..........................................................


THE ALEXANDRIA CLIMATE NORMALS FOR TOMORROW
                         NORMAL    RECORD    YEAR
 MAXIMUM TEMPERATURE (F)   77        90      1902
 MINIMUM TEMPERATURE (F)   51        32      1898


SUNRISE AND SUNSET
OCTOBER 25 2014.......SUNRISE   720 AM CDT   SUNSET   628 PM CDT
OCTOBER 26 2014.......SUNRISE   721 AM CDT   SUNSET   627 PM CDT


-  INDICATES NEGATIVE NUMBERS.
R  INDICATES RECORD WAS SET OR TIED.
MM INDICATES DATA IS MISSING.
T  INDICATES TRACE AMOUNT.




$$
