000
CDUS44 KLCH 232215
CLIAEX


CLIMATE REPORT
NATIONAL WEATHER SERVICE LAKE CHARLES, LA
514 PM CDT SAT JUL 23 2016


...................................

...THE ALEXANDRIA CLIMATE SUMMARY FOR JULY 23 2016...
VALID TODAY AS OF 0500 PM LOCAL TIME.

CLIMATE NORMAL PERIOD 1981 TO 2010
CLIMATE RECORD PERIOD 1892 TO 2016


WEATHER ITEM   OBSERVED TIME   RECORD YEAR NORMAL DEPARTURE LAST
                VALUE   (LST)  VALUE       VALUE  FROM      YEAR
                                                  NORMAL
..................................................................
TEMPERATURE (F)
 TODAY
  MAXIMUM         97    308 PM 105    1924  92      5       98
  MINIMUM         75    517 AM  60    1894  73      2       76
  AVERAGE         86                        83      3       87

PRECIPITATION (IN)
  TODAY            0.00          7.93 1969   0.09  -0.09     0.00
  MONTH TO DATE    0.99                      2.97  -1.98     2.08
  SINCE JUN 1      3.95                      8.07  -4.12     6.88
  SINCE JAN 1     26.30                     32.07  -5.77    32.13

DEGREE DAYS
 COOLING
  TODAY           21                        18      3       22
  MONTH TO DATE  426                       396     30      435
  SINCE JUN 1    908                       849     59      920
  SINCE JAN 1   1375                      1303     72     1442
..................................................................


WIND (MPH)
  HIGHEST WIND SPEED    10   HIGHEST WIND DIRECTION     S (180)
  HIGHEST GUST SPEED    13   HIGHEST GUST DIRECTION     S (190)
  AVERAGE WIND SPEED     3.9


SKY COVER
  POSSIBLE SUNSHINE  MM
  AVERAGE SKY COVER 0.1


WEATHER CONDITIONS
 THE FOLLOWING WEATHER WAS RECORDED TODAY.
  THUNDERSTORM
  FOG


RELATIVE HUMIDITY (PERCENT)
 HIGHEST   100           200 AM
 LOWEST     48           200 PM
 AVERAGE    74

..........................................................


THE ALEXANDRIA CLIMATE NORMALS FOR TOMORROW
                         NORMAL    RECORD    YEAR
 MAXIMUM TEMPERATURE (F)   92       102      1907
 MINIMUM TEMPERATURE (F)   73        60      1894


SUNRISE AND SUNSET
JULY 23 2016..........SUNRISE   621 AM CDT   SUNSET   812 PM CDT
JULY 24 2016..........SUNRISE   622 AM CDT   SUNSET   811 PM CDT


-  INDICATES NEGATIVE NUMBERS.
R  INDICATES RECORD WAS SET OR TIED.
MM INDICATES DATA IS MISSING.
T  INDICATES TRACE AMOUNT.




$$
