797
CDUS42 KCAE 222147
CLIAGS


CLIMATE REPORT
NATIONAL WEATHER SERVICE COLUMBIA SC
547 PM EDT SAT JUL 22 2017


...................................

...THE AUGUSTA BUSH FIELD GA CLIMATE SUMMARY FOR JULY 22 2017...
VALID TODAY AS OF 0500 PM LOCAL TIME.

CLIMATE NORMAL PERIOD 1981 TO 2010
CLIMATE RECORD PERIOD 1873 TO 2017


WEATHER ITEM   OBSERVED TIME   RECORD YEAR NORMAL DEPARTURE LAST
                VALUE   (LST)  VALUE       VALUE  FROM      YEAR
                                                  NORMAL
..................................................................
TEMPERATURE (F)
 TODAY
  MAXIMUM         95    330 PM 105    1983  94      1       96
                                      1878
  MINIMUM         72    537 AM  61    2001  70      2       69
  AVERAGE         84                        82      2       83

PRECIPITATION (IN)
  TODAY            0.00          3.25 1970   0.14  -0.14     0.00
  MONTH TO DATE    4.14                      3.02   1.12     1.03
  SINCE JUN 1      7.66                      7.74  -0.08     3.90
  SINCE JAN 1     27.61                     25.24   2.37    22.63

SNOWFALL (IN)
  TODAY            0.0          MM      MM   0.0             0.0
  MONTH TO DATE    0.0                       0.0             0.0
  SINCE JUN 1      0.0                       0.0             0.0
  SINCE JUL 1      0.0                       0.0             0.0

DEGREE DAYS
 HEATING
  TODAY            0                         0      0        0
  MONTH TO DATE    0                         0      0        0
  SINCE JUN 1      0                         0      0        0
  SINCE JUL 1      0                         0      0        0

 COOLING
  TODAY           19                        17      2       18
  MONTH TO DATE  422                       366     56      425
  SINCE JUN 1    881                       774    107      896
  SINCE JAN 1   1422                      1057    365     1211
..................................................................


WIND (MPH)
  HIGHEST WIND SPEED    12   HIGHEST WIND DIRECTION     S (200)
  HIGHEST GUST SPEED    15   HIGHEST GUST DIRECTION     S (200)
  AVERAGE WIND SPEED     4.0


SKY COVER
  AVERAGE SKY COVER 0.1


WEATHER CONDITIONS
 THE FOLLOWING WEATHER WAS RECORDED TODAY.
  FOG


RELATIVE HUMIDITY (PERCENT)
 HIGHEST    94           700 AM
 LOWEST     53           300 PM
 AVERAGE    74

..........................................................


THE AUGUSTA BUSH FIELD GA CLIMATE NORMALS FOR TOMORROW
                         NORMAL    RECORD    YEAR
 MAXIMUM TEMPERATURE (F)   94       105      1952
 MINIMUM TEMPERATURE (F)   70        59      2007


SUNRISE AND SUNSET
JULY 22 2017..........SUNRISE   634 AM EDT   SUNSET   834 PM EDT
JULY 23 2017..........SUNRISE   635 AM EDT   SUNSET   834 PM EDT


-  INDICATES NEGATIVE NUMBERS.
R  INDICATES RECORD WAS SET OR TIED.
MM INDICATES DATA IS MISSING.
T  INDICATES TRACE AMOUNT.




$$
