000
CDUS42 KCAE 290643
CLIAGS


CLIMATE REPORT
NATIONAL WEATHER SERVICE COLUMBIA SC
243 AM EDT WED MAR 29 2017


...................................

...THE AUGUSTA REGIONAL BUSH FIELD GA CLIMATE SUMMARY FOR MARCH 28 2017...

CLIMATE NORMAL PERIOD 1981 TO 2010
CLIMATE RECORD PERIOD 1873 TO 2017


WEATHER ITEM   OBSERVED TIME   RECORD YEAR NORMAL DEPARTURE LAST
                VALUE   (LST)  VALUE       VALUE  FROM      YEAR
                                                  NORMAL
..................................................................
TEMPERATURE (F)
 YESTERDAY
  MAXIMUM         85    455 PM  91    1907  73     12       80
  MINIMUM         62   1159 PM  27    2001  44     18       53
                                      1955
  AVERAGE         74                        59     15       67

PRECIPITATION (IN)
  YESTERDAY        0.00          2.33 1920   0.13  -0.13     0.04
  MONTH TO DATE    1.48                      3.81  -2.33     3.04
  SINCE MAR 1      1.48                      3.81  -2.33     3.04
  SINCE JAN 1     13.72                     11.64   2.08     8.46

SNOWFALL (IN)
  YESTERDAY        0.0          MM      MM   0.0             0.0
  MONTH TO DATE    0.0                       0.0             0.0
  SINCE MAR 1      0.0                       0.0             0.0
  SINCE JUL 1      T                         0.9             0.5

DEGREE DAYS
 HEATING
  YESTERDAY        0                         7     -7        0
  MONTH TO DATE  238                       276    -38      158
  SINCE MAR 1    238                       276    -38      158
  SINCE JUL 1   1373                      2308   -935     1735

 COOLING
  YESTERDAY        9                         1      8        2
  MONTH TO DATE   32                        14     18       45
  SINCE MAR 1     32                        14     18       45
  SINCE JAN 1     62                        17     45       48
..................................................................


WIND (MPH)
  HIGHEST WIND SPEED    20   HIGHEST WIND DIRECTION     W (280)
  HIGHEST GUST SPEED    23   HIGHEST GUST DIRECTION     W (260)
  AVERAGE WIND SPEED     7.3


SKY COVER
  AVERAGE SKY COVER 0.4


WEATHER CONDITIONS
 THE FOLLOWING WEATHER WAS RECORDED YESTERDAY.
  NO SIGNIFICANT WEATHER WAS OBSERVED.


RELATIVE HUMIDITY (PERCENT)
 HIGHEST    90          1000 PM
 LOWEST     43           300 PM
 AVERAGE    67

..........................................................


THE AUGUSTA REGIONAL BUSH FIELD GA CLIMATE NORMALS FOR TODAY
                         NORMAL    RECORD    YEAR
 MAXIMUM TEMPERATURE (F)   73        89      1907
 MINIMUM TEMPERATURE (F)   45        24      1955


SUNRISE AND SUNSET
MARCH 29 2017.........SUNRISE   719 AM EDT   SUNSET   746 PM EDT
MARCH 30 2017.........SUNRISE   718 AM EDT   SUNSET   747 PM EDT


-  INDICATES NEGATIVE NUMBERS.
R  INDICATES RECORD WAS SET OR TIED.
MM INDICATES DATA IS MISSING.
T  INDICATES TRACE AMOUNT.




$$
