000
CDUS42 KCAE 012122
CLIAGS


CLIMATE REPORT
NATIONAL WEATHER SERVICE COLUMBIA SC
522 PM EDT FRI AUG 1 2014


...................................

...THE AUGUSTA BUSH FIELD GA CLIMATE SUMMARY FOR AUGUST 1 2014...
VALID TODAY AS OF 0500 PM LOCAL TIME.

CLIMATE NORMAL PERIOD 1981 TO 2010
CLIMATE RECORD PERIOD 1873 TO 2014


WEATHER ITEM   OBSERVED TIME   RECORD YEAR NORMAL DEPARTURE LAST
                VALUE   (LST)  VALUE       VALUE  FROM      YEAR
                                                  NORMAL
..................................................................
TEMPERATURE (F)
 TODAY
  MAXIMUM         84    344 PM 107    1999  93     -9       88
  MINIMUM         70    750 AM  56    1997  70      0       72
  AVERAGE         77                        82     -5       80

PRECIPITATION (IN)
  TODAY            T             3.28 1906   0.15  -0.15     0.01
  MONTH TO DATE    T                         0.15  -0.15     0.01
  SINCE JUN 1      7.80                      9.20  -1.40    19.89
  SINCE JAN 1     26.66                     26.70  -0.04    39.49

SNOWFALL (IN)
  TODAY            0.0          MM      MM   0.0             0.0
  MONTH TO DATE    0.0                       0.0             0.0
  SINCE JUN 1      0.0                       0.0             0.0
  SINCE JUL 1      0.0                       0.0             0.0

DEGREE DAYS
 HEATING
  TODAY            0                         0      0        0
  MONTH TO DATE    0                         0      0        0
  SINCE JUN 1      0                         0      0        0
  SINCE JUL 1      0                         0      0        0

 COOLING
  TODAY           12                        17     -5       15
  MONTH TO DATE   12                        17     -5       15
  SINCE JUN 1    916                       940    -24      864
  SINCE JAN 1   1200                      1223    -23     1073
..................................................................


WIND (MPH)
  HIGHEST WIND SPEED    18   HIGHEST WIND DIRECTION     N (340)
  HIGHEST GUST SPEED    20   HIGHEST GUST DIRECTION     N (340)
  AVERAGE WIND SPEED     7.0


SKY COVER
  AVERAGE SKY COVER 0.8


WEATHER CONDITIONS
 THE FOLLOWING WEATHER WAS RECORDED TODAY.
  LIGHT RAIN
  FOG


RELATIVE HUMIDITY (PERCENT)
 HIGHEST   100           600 AM
 LOWEST     65           300 PM
 AVERAGE    83

..........................................................


THE AUGUSTA BUSH FIELD GA CLIMATE NORMALS FOR TOMORROW
                         NORMAL    RECORD    YEAR
 MAXIMUM TEMPERATURE (F)   93       105      1878
 MINIMUM TEMPERATURE (F)   70        62      1966


SUNRISE AND SUNSET
AUGUST  1 2014........SUNRISE   641 AM EDT   SUNSET   827 PM EDT
AUGUST  2 2014........SUNRISE   641 AM EDT   SUNSET   827 PM EDT


-  INDICATES NEGATIVE NUMBERS.
R  INDICATES RECORD WAS SET OR TIED.
MM INDICATES DATA IS MISSING.
T  INDICATES TRACE AMOUNT.




$$
