000
CDUS42 KCAE 262300 CCA
CLIAGS

CLIMATE REPORT...CORRECTED
NATIONAL WEATHER SERVICE COLUMBIA SC
538 PM EST SUN FEB 26 2017

CORRECTED MAX TEMPERATURE

...................................

...THE AUGUSTA BUSH FIELD GA CLIMATE SUMMARY FOR FEBRUARY 26 2017...
VALID TODAY AS OF 0500 PM LOCAL TIME.

CLIMATE NORMAL PERIOD 1981 TO 2010
CLIMATE RECORD PERIOD 1873 TO 2017


WEATHER ITEM   OBSERVED TIME   RECORD YEAR NORMAL DEPARTURE LAST
                VALUE   (LST)  VALUE       VALUE  FROM      YEAR
                                                  NORMAL
..................................................................
TEMPERATURE (F)
 TODAY
  MAXIMUM         69    502 PM  85    1996  65      3       58
  MINIMUM         33    718 AM  12    1967  38     -5       35
  AVERAGE         51                        52     -1       47

PRECIPITATION (IN)
  TODAY            0.00          2.19 1939   0.14  -0.14     0.00
  MONTH TO DATE    2.05                      3.63  -1.58     3.76
  SINCE DEC 1     16.59                     10.93   5.66    12.34
  SINCE JAN 1     12.18                      7.54   4.64     5.42

SNOWFALL (IN)
  TODAY            0.0           0.4  1952   0.0             0.0
  MONTH TO DATE    0.0                       0.4             0.0
  SINCE DEC 1      T                         0.9             0.5
  SINCE JUL 1      T                         0.9             0.5

DEGREE DAYS
 HEATING
  TODAY           14                        14      0       18
  MONTH TO DATE  188                       420   -232      393
  SINCE DEC 1    854                      1583   -729     1247
  SINCE JUL 1   1125                      2005   -880     1534

 COOLING
  TODAY            0                         0      0        0
  MONTH TO DATE   15                         0     15        3
  SINCE DEC 1     36                         4     32       50
  SINCE JAN 1     29                         1     28        3
..................................................................


WIND (MPH)
  HIGHEST WIND SPEED    15   HIGHEST WIND DIRECTION    NW (300)
  HIGHEST GUST SPEED    21   HIGHEST GUST DIRECTION    NW (300)
  AVERAGE WIND SPEED     5.9


SKY COVER
  AVERAGE SKY COVER 0.0


WEATHER CONDITIONS
 THE FOLLOWING WEATHER WAS RECORDED TODAY.
  NO SIGNIFICANT WEATHER WAS OBSERVED.


RELATIVE HUMIDITY (PERCENT)
 HIGHEST    75           700 AM
 LOWEST     14           300 PM
 AVERAGE    45

..........................................................


THE AUGUSTA BUSH FIELD GA CLIMATE NORMALS FOR TOMORROW
                         NORMAL    RECORD    YEAR
 MAXIMUM TEMPERATURE (F)   65        84      2011
 MINIMUM TEMPERATURE (F)   38        19      1974


SUNRISE AND SUNSET
FEBRUARY 26 2017......SUNRISE   659 AM EST   SUNSET   622 PM EST
FEBRUARY 27 2017......SUNRISE   658 AM EST   SUNSET   623 PM EST


-  INDICATES NEGATIVE NUMBERS.
R  INDICATES RECORD WAS SET OR TIED.
MM INDICATES DATA IS MISSING.
T  INDICATES TRACE AMOUNT.




$$
CDUS42 KCAE 262238
CLIAGS


CLIMATE REPORT
NATIONAL WEATHER SERVICE COLUMBIA SC
538 PM EST SUN FEB 26 2017


...................................

...THE AUGUSTA BUSH FIELD GA CLIMATE SUMMARY FOR FEBRUARY 26 2017...
VALID TODAY AS OF 0500 PM LOCAL TIME.

CLIMATE NORMAL PERIOD 1981 TO 2010
CLIMATE RECORD PERIOD 1873 TO 2017


WEATHER ITEM   OBSERVED TIME   RECORD YEAR NORMAL DEPARTURE LAST
                VALUE   (LST)  VALUE       VALUE  FROM      YEAR
                                                  NORMAL
..................................................................
TEMPERATURE (F)
 TODAY
  MAXIMUM         68    356 PM  85    1996  65      3       58
  MINIMUM         33    718 AM  12    1967  38     -5       35
  AVERAGE         51                        52     -1       47

PRECIPITATION (IN)
  TODAY            0.00          2.19 1939   0.14  -0.14     0.00
  MONTH TO DATE    2.05                      3.63  -1.58     3.76
  SINCE DEC 1     16.59                     10.93   5.66    12.34
  SINCE JAN 1     12.18                      7.54   4.64     5.42

SNOWFALL (IN)
  TODAY            0.0           0.4  1952   0.0             0.0
  MONTH TO DATE    0.0                       0.4             0.0
  SINCE DEC 1      T                         0.9             0.5
  SINCE JUL 1      T                         0.9             0.5

DEGREE DAYS
 HEATING
  TODAY           14                        14      0       18
  MONTH TO DATE  188                       420   -232      393
  SINCE DEC 1    854                      1583   -729     1247
  SINCE JUL 1   1125                      2005   -880     1534

 COOLING
  TODAY            0                         0      0        0
  MONTH TO DATE   15                         0     15        3
  SINCE DEC 1     36                         4     32       50
  SINCE JAN 1     29                         1     28        3
..................................................................


WIND (MPH)
  HIGHEST WIND SPEED    15   HIGHEST WIND DIRECTION    NW (300)
  HIGHEST GUST SPEED    21   HIGHEST GUST DIRECTION    NW (300)
  AVERAGE WIND SPEED     5.9


SKY COVER
  AVERAGE SKY COVER 0.0


WEATHER CONDITIONS
 THE FOLLOWING WEATHER WAS RECORDED TODAY.
  NO SIGNIFICANT WEATHER WAS OBSERVED.


RELATIVE HUMIDITY (PERCENT)
 HIGHEST    75           700 AM
 LOWEST     14           300 PM
 AVERAGE    45

..........................................................


THE AUGUSTA BUSH FIELD GA CLIMATE NORMALS FOR TOMORROW
                         NORMAL    RECORD    YEAR
 MAXIMUM TEMPERATURE (F)   65        84      2011
 MINIMUM TEMPERATURE (F)   38        19      1974


SUNRISE AND SUNSET
FEBRUARY 26 2017......SUNRISE   659 AM EST   SUNSET   622 PM EST
FEBRUARY 27 2017......SUNRISE   658 AM EST   SUNSET   623 PM EST


-  INDICATES NEGATIVE NUMBERS.
R  INDICATES RECORD WAS SET OR TIED.
MM INDICATES DATA IS MISSING.
T  INDICATES TRACE AMOUNT.




$$
