000
CDUS42 KCAE 230626
CLIAGS


CLIMATE REPORT
NATIONAL WEATHER SERVICE COLUMBIA SC
124 AM EST MON JAN 23 2017


...................................

...THE AUGUSTA REGIONAL BUSH FIELD GA CLIMATE SUMMARY FOR JANUARY 22 2017...

CLIMATE NORMAL PERIOD 1981 TO 2010
CLIMATE RECORD PERIOD 1873 TO 2017


WEATHER ITEM   OBSERVED TIME   RECORD YEAR NORMAL DEPARTURE LAST
                VALUE   (LST)  VALUE       VALUE  FROM      YEAR
                                                  NORMAL
..................................................................
TEMPERATURE (F)
 YESTERDAY
  MAXIMUM         66   1253 PM  79    1937  58      8       45
                                      1929
  MINIMUM         57   1159 PM  10    1961  33     24       32
  AVERAGE         62                        46     16       39

PRECIPITATION (IN)
  YESTERDAY        2.47R         1.74 1998   0.13   2.34     0.40
  MONTH TO DATE    9.81                      2.73   7.08     1.34
  SINCE DEC 1     14.22                      6.12   8.10     8.26
  SINCE JAN 1      9.81                      2.73   7.08     1.34

SNOWFALL (IN)
  YESTERDAY        0.0          MM      MM   0.0             0.0
  MONTH TO DATE    T                         0.3             0.0
  SINCE DEC 1      T                         0.4             0.0
  SINCE JUL 1      T                         0.4             0.0

DEGREE DAYS
 HEATING
  YESTERDAY        3                        19    -16       26
  MONTH TO DATE  189                       439   -250      462
  SINCE DEC 1    555                       992   -437      679
  SINCE JUL 1    826                      1414   -588      966

 COOLING
  YESTERDAY        0                         0      0        0
  MONTH TO DATE   14                         0     14        0
  SINCE DEC 1     21                         3     18       47
  SINCE JAN 1     14                         0     14        0
..................................................................


WIND (MPH)
  HIGHEST WIND SPEED    25   HIGHEST WIND DIRECTION    SW (240)
  HIGHEST GUST SPEED    36   HIGHEST GUST DIRECTION    SW (240)
  AVERAGE WIND SPEED     7.7


SKY COVER
  AVERAGE SKY COVER 0.9


WEATHER CONDITIONS
 THE FOLLOWING WEATHER WAS RECORDED YESTERDAY.
  THUNDERSTORM
  HEAVY RAIN
  RAIN
  LIGHT RAIN
  FOG


RELATIVE HUMIDITY (PERCENT)
 HIGHEST    97           500 AM
 LOWEST     75          1100 PM
 AVERAGE    86

..........................................................


THE AUGUSTA REGIONAL BUSH FIELD GA CLIMATE NORMALS FOR TODAY
                         NORMAL    RECORD    YEAR
 MAXIMUM TEMPERATURE (F)   58        78      1932
                                             1927
                                             1920
 MINIMUM TEMPERATURE (F)   33        16      1985
                                             1960


SUNRISE AND SUNSET
JANUARY 23 2017.......SUNRISE   729 AM EST   SUNSET   551 PM EST
JANUARY 24 2017.......SUNRISE   728 AM EST   SUNSET   552 PM EST


-  INDICATES NEGATIVE NUMBERS.
R  INDICATES RECORD WAS SET OR TIED.
MM INDICATES DATA IS MISSING.
T  INDICATES TRACE AMOUNT.




$$
