000
CDUS42 KFFC 220918
CLIAHN


CLIMATE REPORT
NATIONAL WEATHER SERVICE PEACHTREE CITY GA
418 AM EST WED FEB 22 2017


...................................

...THE ATHENS CLIMATE SUMMARY FOR FEBRUARY 21 2017...

CLIMATE NORMAL PERIOD 1981 TO 2010
CLIMATE RECORD PERIOD 1898 TO 2017


WEATHER ITEM   OBSERVED TIME   RECORD YEAR NORMAL DEPARTURE LAST
                VALUE   (LST)  VALUE       VALUE  FROM      YEAR
                                                  NORMAL
..................................................................
TEMPERATURE (F)
 YESTERDAY
  MAXIMUM         71    255 PM  76    1981  60     11       70
                                      1925
  MINIMUM         49    513 AM  13    1885  38     11       48
  AVERAGE         60                        49     11       59

PRECIPITATION (IN)
  YESTERDAY        T             2.04 1929   0.16  -0.16     0.07
  MONTH TO DATE    1.15                      3.36  -2.21     2.38
  SINCE DEC 1     10.08                     11.14  -1.06    18.43
  SINCE JAN 1      7.66                      7.41   0.25     6.06

SNOWFALL (IN)
  YESTERDAY        0.0           0.0  2002   0.1   -0.1      0.0
  MONTH TO DATE    0.0                       0.5   -0.5       T
  SINCE DEC 1      0.0                       2.0   -2.0      0.1
  SINCE JUL 1      0.0                       2.0   -2.0      0.1
  SNOW DEPTH       0

DEGREE DAYS
 HEATING
  YESTERDAY        5                        16    -11        6
  MONTH TO DATE  234                       389   -155      396
  SINCE DEC 1   1195                      1666   -471     1381
  SINCE JUL 1   1481                      2146   -665     1741
..................................................................


WIND (MPH)
  RESULTANT WIND SPEED   6   RESULTANT WIND DIRECTION   E (100)
  HIGHEST WIND SPEED    13   HIGHEST WIND DIRECTION     E (100)
  HIGHEST GUST SPEED    17   HIGHEST GUST DIRECTION     E (110)
  AVERAGE WIND SPEED     6.2


SKY COVER
  POSSIBLE SUNSHINE  MM
  AVERAGE SKY COVER 0.6


WEATHER CONDITIONS
 THE FOLLOWING WEATHER WAS RECORDED YESTERDAY.
  FOG


RELATIVE HUMIDITY (PERCENT)
 HIGHEST    86           500 AM
 LOWEST     53           200 PM
 AVERAGE    70

..........................................................


THE ATHENS CLIMATE NORMALS FOR TODAY
                         NORMAL    RECORD    YEAR
 MAXIMUM TEMPERATURE (F)   60        78      1922
 MINIMUM TEMPERATURE (F)   38        11      1963


SUNRISE AND SUNSET
FEBRUARY 22 2017......SUNRISE   710 AM EST   SUNSET   624 PM EST
FEBRUARY 23 2017......SUNRISE   709 AM EST   SUNSET   625 PM EST


-  INDICATES NEGATIVE NUMBERS.
R  INDICATES RECORD WAS SET OR TIED.
MM INDICATES DATA IS MISSING.
T  INDICATES TRACE AMOUNT.




$$
