000
CDUS42 KFFC 220817
CLIAHN


CLIMATE REPORT
NATIONAL WEATHER SERVICE PEACHTREE CITY GA
417 AM EDT FRI SEP 22 2017


...................................

...THE ATHENS CLIMATE SUMMARY FOR SEPTEMBER 21 2017...

CLIMATE NORMAL PERIOD 1981 TO 2010
CLIMATE RECORD PERIOD 1898 TO 2017


WEATHER ITEM   OBSERVED TIME   RECORD YEAR NORMAL DEPARTURE LAST
                VALUE   (LST)  VALUE       VALUE  FROM      YEAR
                                                  NORMAL
..................................................................
TEMPERATURE (F)
 YESTERDAY
  MAXIMUM         91    326 PM 102    1925  82      9       91
  MINIMUM         64    619 AM  40    1918  61      3       65
  AVERAGE         78                        72      6       78

PRECIPITATION (IN)
  YESTERDAY        0.00          5.15 1885   0.14  -0.14     0.00
  MONTH TO DATE    4.19                      2.60   1.59     1.08
  SINCE SEP 1      4.19                      2.60   1.59     1.08
  SINCE JAN 1     46.18                     33.89  12.29    32.05

DEGREE DAYS
 HEATING
  YESTERDAY        0                         0      0        0
  MONTH TO DATE    9                         0      9        0
  SINCE SEP 1      9                         0      9        0
  SINCE JUL 1      9                         0      9        0

 COOLING
  YESTERDAY       13                         7      6       13
  MONTH TO DATE  139                       209    -70      289
  SINCE SEP 1    139                       209    -70      289
  SINCE JAN 1   1778                      1764     14     2203
..................................................................


WIND (MPH)
  RESULTANT WIND SPEED   1   RESULTANT WIND DIRECTION   E (70)
  HIGHEST WIND SPEED     9   HIGHEST WIND DIRECTION     N (20)
  HIGHEST GUST SPEED    14   HIGHEST GUST DIRECTION    NE (30)
  AVERAGE WIND SPEED     1.4


SKY COVER
  POSSIBLE SUNSHINE  MM
  AVERAGE SKY COVER 0.0


WEATHER CONDITIONS
 THE FOLLOWING WEATHER WAS RECORDED YESTERDAY.
  NO SIGNIFICANT WEATHER WAS OBSERVED.


RELATIVE HUMIDITY (PERCENT)
 HIGHEST   100          1200 AM
 LOWEST     46           300 PM
 AVERAGE    73

..........................................................


THE ATHENS CLIMATE NORMALS FOR TODAY
                         NORMAL    RECORD    YEAR
 MAXIMUM TEMPERATURE (F)   82       101      1925
 MINIMUM TEMPERATURE (F)   60        41      1918
                                             1913


SUNRISE AND SUNSET
SEPTEMBER 22 2017.....SUNRISE   721 AM EDT   SUNSET   730 PM EDT
SEPTEMBER 23 2017.....SUNRISE   722 AM EDT   SUNSET   728 PM EDT


-  INDICATES NEGATIVE NUMBERS.
R  INDICATES RECORD WAS SET OR TIED.
MM INDICATES DATA IS MISSING.
T  INDICATES TRACE AMOUNT.




$$
