000
CDUS42 KFFC 300918
CLIAHN


CLIMATE REPORT
NATIONAL WEATHER SERVICE PEACHTREE CITY GA
418 AM EST FRI JAN 30 2015


...................................

...THE ATHENS CLIMATE SUMMARY FOR JANUARY 29 2015...

CLIMATE NORMAL PERIOD 1981 TO 2010
CLIMATE RECORD PERIOD 1898 TO 2015


WEATHER ITEM   OBSERVED TIME   RECORD YEAR NORMAL DEPARTURE LAST
                VALUE   (LST)  VALUE       VALUE  FROM      YEAR
                                                  NORMAL
..................................................................
TEMPERATURE (F)
 YESTERDAY
  MAXIMUM         58    239 PM  78    2002  55      3       32
                                      1975
  MINIMUM         28    730 AM   8    1966  34     -6       19
  AVERAGE         43                        44     -1       26

PRECIPITATION (IN)
  YESTERDAY        T             1.80 1891   0.15  -0.15     0.00
  MONTH TO DATE    2.98                      3.76  -0.78     4.68
  SINCE DEC 1      7.67                      7.49   0.18    12.30
  SINCE JAN 1      2.98                      3.76  -0.78     4.68

SNOWFALL (IN)
  YESTERDAY        0.0           0.0  2002   0.0    0.0      0.0
  MONTH TO DATE    0.0                       1.3   -1.3      1.8
  SINCE DEC 1      0.0                       1.4   -1.4      1.8
  SINCE JUL 1      0.0                       1.4   -1.4      1.8
  SNOW DEPTH       0

DEGREE DAYS
 HEATING
  YESTERDAY       22                        21      1       39
  MONTH TO DATE  661                       628     33      798
  SINCE DEC 1   1164                      1238    -74     1337
  SINCE JUL 1   1777                      1718     59     1899
..................................................................


WIND (MPH)
  RESULTANT WIND SPEED   3   RESULTANT WIND DIRECTION   S (200)
  HIGHEST WIND SPEED    13   HIGHEST WIND DIRECTION    SW (220)
  HIGHEST GUST SPEED    20   HIGHEST GUST DIRECTION    SW (210)
  AVERAGE WIND SPEED     4.0


SKY COVER
  POSSIBLE SUNSHINE  MM
  AVERAGE SKY COVER 0.2


WEATHER CONDITIONS
 THE FOLLOWING WEATHER WAS RECORDED YESTERDAY.
  HAZE


RELATIVE HUMIDITY (PERCENT)
 HIGHEST    85           400 AM
 LOWEST     25           300 PM
 AVERAGE    55

..........................................................


THE ATHENS CLIMATE NORMALS FOR TODAY
                         NORMAL    RECORD    YEAR
 MAXIMUM TEMPERATURE (F)   55        80      1975
 MINIMUM TEMPERATURE (F)   34        -1      1966


SUNRISE AND SUNSET
JANUARY 30 2015.......SUNRISE   732 AM EST   SUNSET   602 PM EST
JANUARY 31 2015.......SUNRISE   731 AM EST   SUNSET   603 PM EST


-  INDICATES NEGATIVE NUMBERS.
R  INDICATES RECORD WAS SET OR TIED.
MM INDICATES DATA IS MISSING.
T  INDICATES TRACE AMOUNT.




$$
