000
CDUS42 KFFC 250816
CLIAHN


CLIMATE REPORT
NATIONAL WEATHER SERVICE PEACHTREE CITY GA
415 AM EDT TUE APR 25 2017


...................................

...THE ATHENS CLIMATE SUMMARY FOR APRIL 24 2017...

CLIMATE NORMAL PERIOD 1981 TO 2010
CLIMATE RECORD PERIOD 1898 TO 2017


WEATHER ITEM   OBSERVED TIME   RECORD YEAR NORMAL DEPARTURE LAST
                VALUE   (LST)  VALUE       VALUE  FROM      YEAR
                                                  NORMAL
..................................................................
TEMPERATURE (F)
 YESTERDAY
  MAXIMUM         65    342 PM  97    1925  76    -11       81
  MINIMUM         51    628 AM  36    2005  52     -1       52
                                      1986
  AVERAGE         58                        64     -6       67

PRECIPITATION (IN)
  YESTERDAY        0.03          3.15 1945   0.10  -0.07     0.00
  MONTH TO DATE    6.86                      2.54   4.32     1.98
  SINCE MAR 1     11.17                      6.97   4.20     3.93
  SINCE JAN 1     18.87                     15.50   3.37    12.10

SNOWFALL (IN)
  YESTERDAY        0.0           0.0  2002   0.0    0.0      0.0
                                      2001
                                      2000
  MONTH TO DATE    0.0                       0.1   -0.1      0.0
  SINCE MAR 1      0.0                       0.9   -0.9      0.0
  SINCE JUL 1      0.0                       3.0   -3.0      0.1
  SNOW DEPTH       0

DEGREE DAYS
 HEATING
  YESTERDAY        7                         3      4        0
  MONTH TO DATE   60                       130    -70      110
  SINCE MAR 1    341                       470   -129      297
  SINCE JUL 1   1865                      2725   -860     2140

 COOLING
  YESTERDAY        0                         2     -2        2
  MONTH TO DATE   78                        32     46       20
  SINCE MAR 1    116                        42     74       57
  SINCE JAN 1    125                        43     82       57
..................................................................


WIND (MPH)
  RESULTANT WIND SPEED   5   RESULTANT WIND DIRECTION  NE (50)
  HIGHEST WIND SPEED    14   HIGHEST WIND DIRECTION     E (70)
  HIGHEST GUST SPEED    24   HIGHEST GUST DIRECTION     W (270)
  AVERAGE WIND SPEED     6.3


SKY COVER
  POSSIBLE SUNSHINE  MM
  AVERAGE SKY COVER 0.9


WEATHER CONDITIONS
 THE FOLLOWING WEATHER WAS RECORDED YESTERDAY.
  LIGHT RAIN


RELATIVE HUMIDITY (PERCENT)
 HIGHEST   100           200 AM
 LOWEST     78           300 PM
 AVERAGE    89

..........................................................


THE ATHENS CLIMATE NORMALS FOR TODAY
                         NORMAL    RECORD    YEAR
 MAXIMUM TEMPERATURE (F)   76        92      1925
 MINIMUM TEMPERATURE (F)   52        36      2005
                                             1974


SUNRISE AND SUNSET
APRIL 25 2017.........SUNRISE   650 AM EDT   SUNSET   813 PM EDT
APRIL 26 2017.........SUNRISE   649 AM EDT   SUNSET   813 PM EDT


-  INDICATES NEGATIVE NUMBERS.
R  INDICATES RECORD WAS SET OR TIED.
MM INDICATES DATA IS MISSING.
T  INDICATES TRACE AMOUNT.




$$
