000
CDUS42 KFFC 040823
CLIAHN


CLIMATE REPORT
NATIONAL WEATHER SERVICE PEACHTREE CITY GA
422 AM EDT SAT JUL 4 2015


...................................

...THE ATHENS CLIMATE SUMMARY FOR JULY 3 2015...

CLIMATE NORMAL PERIOD 1981 TO 2010
CLIMATE RECORD PERIOD 1898 TO 2015


WEATHER ITEM   OBSERVED TIME   RECORD YEAR NORMAL DEPARTURE LAST
                VALUE   (LST)  VALUE       VALUE  FROM      YEAR
                                                  NORMAL
..................................................................
TEMPERATURE (F)
 YESTERDAY
  MAXIMUM         82    233 PM 102    1925  91     -9       95
  MINIMUM         68    614 AM  58    1932  69     -1       70
  AVERAGE         75                        80     -5       83

PRECIPITATION (IN)
  YESTERDAY        1.41          2.00 1968   0.15   1.26     0.00
  MONTH TO DATE    3.07                      0.44   2.63     0.00
  SINCE JUN 1      5.83                      4.62   1.21     3.74
  SINCE JAN 1     26.23                     23.73   2.50    23.38

DEGREE DAYS
 COOLING
  YESTERDAY       10                        15     -5       18
  MONTH TO DATE   34                        45    -11       54
  SINCE JUN 1    504                       423     81      472
  SINCE JAN 1    829                       663    166      742
..................................................................


WIND (MPH)
  RESULTANT WIND SPEED   4   RESULTANT WIND DIRECTION  SW (240)
  HIGHEST WIND SPEED    15   HIGHEST WIND DIRECTION     W (260)
  HIGHEST GUST SPEED    26   HIGHEST GUST DIRECTION     W (270)
  AVERAGE WIND SPEED     5.3


SKY COVER
  POSSIBLE SUNSHINE  MM
  AVERAGE SKY COVER 0.4


WEATHER CONDITIONS
 THE FOLLOWING WEATHER WAS RECORDED YESTERDAY.
  THUNDERSTORM
  HEAVY RAIN
  RAIN
  LIGHT RAIN
  FOG


RELATIVE HUMIDITY (PERCENT)
 HIGHEST   100           200 AM
 LOWEST     69           600 PM
 AVERAGE    85

..........................................................


THE ATHENS CLIMATE NORMALS FOR TODAY
                         NORMAL    RECORD    YEAR
 MAXIMUM TEMPERATURE (F)   91       102      1925
 MINIMUM TEMPERATURE (F)   69        57      1996


SUNRISE AND SUNSET
JULY  4 2015..........SUNRISE   627 AM EDT   SUNSET   848 PM EDT
JULY  5 2015..........SUNRISE   628 AM EDT   SUNSET   848 PM EDT


-  INDICATES NEGATIVE NUMBERS.
R  INDICATES RECORD WAS SET OR TIED.
MM INDICATES DATA IS MISSING.
T  INDICATES TRACE AMOUNT.




$$
