000
CDUS42 KFFC 220919
CLIAHN


CLIMATE REPORT
NATIONAL WEATHER SERVICE PEACHTREE CITY GA
419 AM EST WED NOV 22 2017


...................................

...THE ATHENS CLIMATE SUMMARY FOR NOVEMBER 21 2017...

CLIMATE NORMAL PERIOD 1981 TO 2010
CLIMATE RECORD PERIOD 1898 TO 2017


WEATHER ITEM   OBSERVED TIME   RECORD YEAR NORMAL DEPARTURE LAST
                VALUE   (LST)  VALUE       VALUE  FROM      YEAR
                                                  NORMAL
..................................................................
TEMPERATURE (F)
 YESTERDAY
  MAXIMUM         63    416 PM  79    1942  63      0       65
  MINIMUM         39   1201 AM  16    1887  41     -2       35
  AVERAGE         51                        52     -1       50

PRECIPITATION (IN)
  YESTERDAY        0.00          2.55 1962   0.14  -0.14     0.00
  MONTH TO DATE    1.20                      2.60  -1.40     0.33
  SINCE SEP 1     11.10                     10.09   1.01     1.58
  SINCE JAN 1     53.09                     41.38  11.71    32.55

SNOWFALL (IN)
  YESTERDAY        0.0           0.0  2001   0.0    0.0      0.0
  MONTH TO DATE    0.0                       0.0    0.0      0.0
  SINCE SEP 1      0.0                       0.0    0.0      0.0
  SINCE JUL 1      0.0                       0.0    0.0      0.0
  SNOW DEPTH       0

DEGREE DAYS
 HEATING
  YESTERDAY       14                        13      1       15
  MONTH TO DATE  208                       213     -5      176
  SINCE SEP 1    342                       348     -6      207
  SINCE JUL 1    342                       348     -6      207
..................................................................


WIND (MPH)
  RESULTANT WIND SPEED   3   RESULTANT WIND DIRECTION   E (80)
  HIGHEST WIND SPEED     8   HIGHEST WIND DIRECTION     E (70)
  HIGHEST GUST SPEED    10   HIGHEST GUST DIRECTION     E (80)
  AVERAGE WIND SPEED     3.4


SKY COVER
  POSSIBLE SUNSHINE  MM
  AVERAGE SKY COVER 0.5


WEATHER CONDITIONS
 THE FOLLOWING WEATHER WAS RECORDED YESTERDAY.
  NO SIGNIFICANT WEATHER WAS OBSERVED.


RELATIVE HUMIDITY (PERCENT)
 HIGHEST    96           800 PM
 LOWEST     65           300 PM
 AVERAGE    81

..........................................................


THE ATHENS CLIMATE NORMALS FOR TODAY
                         NORMAL    RECORD    YEAR
 MAXIMUM TEMPERATURE (F)   63        79      2011
                                             1983
 MINIMUM TEMPERATURE (F)   41        16      2008
                                             1937


SUNRISE AND SUNSET
NOVEMBER 22 2017......SUNRISE   712 AM EST   SUNSET   526 PM EST
NOVEMBER 23 2017......SUNRISE   713 AM EST   SUNSET   526 PM EST


-  INDICATES NEGATIVE NUMBERS.
R  INDICATES RECORD WAS SET OR TIED.
MM INDICATES DATA IS MISSING.
T  INDICATES TRACE AMOUNT.




$$
