000
CDUS42 KFFC 250935
CLIAHN


CLIMATE REPORT
NATIONAL WEATHER SERVICE PEACHTREE CITY GA
435 AM EST SUN FEB 25 2018


...................................

...THE ATHENS CLIMATE SUMMARY FOR FEBRUARY 24 2018...

CLIMATE NORMAL PERIOD 1981 TO 2010
CLIMATE RECORD PERIOD 1898 TO 2018


WEATHER ITEM   OBSERVED TIME   RECORD YEAR NORMAL DEPARTURE LAST
                VALUE   (LST)  VALUE       VALUE  FROM      YEAR
                                                  NORMAL
..................................................................
TEMPERATURE (F)
 YESTERDAY
  MAXIMUM         83R   417 PM  81    1930  60     23       80
  MINIMUM         60    721 AM  19    1989  38     22       50
                                      1967
                                      1947
  AVERAGE         72                        49     23       65

PRECIPITATION (IN)
  YESTERDAY        0.00          4.00 1888   0.16  -0.16     0.00
  MONTH TO DATE    4.87                      3.85   1.02     1.15
  SINCE DEC 1     12.25                     11.63   0.62    10.08
  SINCE JAN 1      9.50                      7.90   1.60     7.66

SNOWFALL (IN)
  YESTERDAY        0.0           0.0  2002   0.0    0.0      0.0
  MONTH TO DATE    0.0                       0.5   -0.5      0.0
  SINCE DEC 1      1.1                       2.0   -0.9      0.0
  SINCE JUL 1      1.1                       2.0   -0.9      0.0
  SNOW DEPTH       0

DEGREE DAYS
 HEATING
  YESTERDAY        0                        16    -16        0
  MONTH TO DATE  211                       437   -226      237
  SINCE DEC 1   1519                      1714   -195     1198
  SINCE JUL 1   1977                      2194   -217     1484
..................................................................


WIND (MPH)
  RESULTANT WIND SPEED   4   RESULTANT WIND DIRECTION   S (160)
  HIGHEST WIND SPEED    13   HIGHEST WIND DIRECTION    SW (220)
  HIGHEST GUST SPEED    21   HIGHEST GUST DIRECTION    SW (210)
  AVERAGE WIND SPEED     4.7


SKY COVER
  POSSIBLE SUNSHINE  MM
  AVERAGE SKY COVER 0.5


WEATHER CONDITIONS
 THE FOLLOWING WEATHER WAS RECORDED YESTERDAY.
  FOG


RELATIVE HUMIDITY (PERCENT)
 HIGHEST   100           500 AM
 LOWEST     40           400 PM
 AVERAGE    70

..........................................................


THE ATHENS CLIMATE NORMALS FOR TODAY
                         NORMAL    RECORD    YEAR
 MAXIMUM TEMPERATURE (F)   61        80      1930
 MINIMUM TEMPERATURE (F)   38         8      1967


SUNRISE AND SUNSET
FEBRUARY 25 2018......SUNRISE   707 AM EST   SUNSET   626 PM EST
FEBRUARY 26 2018......SUNRISE   706 AM EST   SUNSET   627 PM EST


-  INDICATES NEGATIVE NUMBERS.
R  INDICATES RECORD WAS SET OR TIED.
MM INDICATES DATA IS MISSING.
T  INDICATES TRACE AMOUNT.




$$
