000
CDUS42 KFFC 282133
CLIAHN


CLIMATE REPORT
NATIONAL WEATHER SERVICE PEACHTREE CITY GA
433 PM EST SAT FEB 28 2015


...................................

...THE ATHENS CLIMATE SUMMARY FOR FEBRUARY 28 2015...
VALID TODAY AS OF 0400 PM LOCAL TIME.

CLIMATE NORMAL PERIOD 1981 TO 2010
CLIMATE RECORD PERIOD 1898 TO 2015


WEATHER ITEM   OBSERVED TIME   RECORD YEAR NORMAL DEPARTURE LAST
                VALUE   (LST)  VALUE       VALUE  FROM      YEAR
                                                  NORMAL
..................................................................
TEMPERATURE (F)
 TODAY
  MAXIMUM         51    407 PM  79    1981  62    -11       55
  MINIMUM         34    311 AM  15    1935  39     -5       27
                                      1888
  AVERAGE         43                        50     -7       41

PRECIPITATION (IN)
  TODAY            0.00          2.63 1997   0.16  -0.16     0.00
  MONTH TO DATE    3.99                      4.48  -0.49     3.96
  SINCE DEC 1     11.66                     12.26  -0.60    16.26
  SINCE JAN 1      6.97                      8.53  -1.56     8.64

SNOWFALL (IN)
  TODAY            0.0           0.0  2002   0.0    0.0      0.0
  MONTH TO DATE    T                         0.6   -0.6      1.0
  SINCE DEC 1      T                         2.1   -2.1      2.8
  SINCE JUL 1      T                         2.1   -2.1      2.8
  SNOW DEPTH       0

DEGREE DAYS
 HEATING
  TODAY           22                        15      7       24
  MONTH TO DATE  683                       497    186      498
  SINCE DEC 1   1893                      1775    118     1900
  SINCE JUL 1   2506                      2255    251     2462

 COOLING
  TODAY            0                         0      0        0
  MONTH TO DATE    0                         1     -1        1
  SINCE DEC 1      0                         2     -2        7
  SINCE JAN 1      0                         1     -1        1
..................................................................


WIND (MPH)
  HIGHEST WIND SPEED    17   HIGHEST WIND DIRECTION     E (80)
  HIGHEST GUST SPEED    24   HIGHEST GUST DIRECTION     E (90)
  AVERAGE WIND SPEED    10.1


SKY COVER
  AVERAGE SKY COVER 0.1


WEATHER CONDITIONS
 THE FOLLOWING WEATHER WAS RECORDED TODAY.
  NO SIGNIFICANT WEATHER WAS OBSERVED.


RELATIVE HUMIDITY (PERCENT)
 HIGHEST    75           300 AM
 LOWEST     38           300 PM
 AVERAGE    57

..........................................................


THE ATHENS CLIMATE NORMALS FOR TOMORROW
                         NORMAL    RECORD    YEAR
 MAXIMUM TEMPERATURE (F)   62        83      1932
 MINIMUM TEMPERATURE (F)   39        20      1941


SUNRISE AND SUNSET
FEBRUARY 28 2015......SUNRISE   703 AM EST   SUNSET   629 PM EST
MARCH  1 2015.........SUNRISE   702 AM EST   SUNSET   629 PM EST


-  INDICATES NEGATIVE NUMBERS.
R  INDICATES RECORD WAS SET OR TIED.
MM INDICATES DATA IS MISSING.
T  INDICATES TRACE AMOUNT.




$$
