000
CDUS42 KFFC 260818
CLIAHN


CLIMATE REPORT
NATIONAL WEATHER SERVICE PEACHTREE CITY GA
418 AM EDT SAT JUL 26 2014


...................................

...THE ATHENS CLIMATE SUMMARY FOR JULY 25 2014...

CLIMATE NORMAL PERIOD 1981 TO 2010
CLIMATE RECORD PERIOD 1898 TO 2014


WEATHER ITEM   OBSERVED TIME   RECORD YEAR NORMAL DEPARTURE LAST
                VALUE   (LST)  VALUE       VALUE  FROM      YEAR
                                                  NORMAL
..................................................................
TEMPERATURE (F)
 YESTERDAY
  MAXIMUM         91    454 PM 101    1981  91      0       89
  MINIMUM         70    554 AM  61    1947  70      0       68
                                      1911
  AVERAGE         81                        81      0       79

PRECIPITATION (IN)
  YESTERDAY        0.00          6.22 2001   0.15  -0.15     0.00
  MONTH TO DATE    4.20                      3.63   0.57     8.55
  SINCE JUN 1      7.94                      7.81   0.13    16.76
  SINCE JAN 1     27.58                     26.92   0.66    39.84

DEGREE DAYS
 COOLING
  YESTERDAY       16                        16      0       14
  MONTH TO DATE  370                       393    -23      330
  SINCE JUN 1    788                       771     17      697
  SINCE JAN 1   1058                      1011     47      876
..................................................................


WIND (MPH)
  RESULTANT WIND SPEED   1   RESULTANT WIND DIRECTION  NE (40)
  HIGHEST WIND SPEED     8   HIGHEST WIND DIRECTION    NW (310)
  HIGHEST GUST SPEED    12   HIGHEST GUST DIRECTION    NE (60)
  AVERAGE WIND SPEED     1.6


SKY COVER
  POSSIBLE SUNSHINE  MM
  AVERAGE SKY COVER 0.4


WEATHER CONDITIONS
 THE FOLLOWING WEATHER WAS RECORDED YESTERDAY.
  FOG
  HAZE


RELATIVE HUMIDITY (PERCENT)
 HIGHEST   100           500 AM
 LOWEST     44           500 PM
 AVERAGE    72

..........................................................


THE ATHENS CLIMATE NORMALS FOR TODAY
                         NORMAL    RECORD    YEAR
 MAXIMUM TEMPERATURE (F)   91       103      2010
 MINIMUM TEMPERATURE (F)   70        56      1911


SUNRISE AND SUNSET
JULY 26 2014..........SUNRISE   641 AM EDT   SUNSET   839 PM EDT
JULY 27 2014..........SUNRISE   641 AM EDT   SUNSET   838 PM EDT


-  INDICATES NEGATIVE NUMBERS.
R  INDICATES RECORD WAS SET OR TIED.
MM INDICATES DATA IS MISSING.
T  INDICATES TRACE AMOUNT.




$$
