000
CDUS42 KFFC 272048
CLIAHN


CLIMATE REPORT
NATIONAL WEATHER SERVICE PEACHTREE CITY GA
448 PM EDT SAT MAY 27 2017


...................................

...THE ATHENS CLIMATE SUMMARY FOR MAY 27 2017...
VALID TODAY AS OF 0400 PM LOCAL TIME.

CLIMATE NORMAL PERIOD 1981 TO 2010
CLIMATE RECORD PERIOD 1898 TO 2017


WEATHER ITEM   OBSERVED TIME   RECORD YEAR NORMAL DEPARTURE LAST
                VALUE   (LST)  VALUE       VALUE  FROM      YEAR
                                                  NORMAL
..................................................................
TEMPERATURE (F)
 TODAY
  MAXIMUM         87    313 PM  97    1916  85      2       86
  MINIMUM         61    526 AM  40    1961  62     -1       68
  AVERAGE         74                        73      1       77

PRECIPITATION (IN)
  TODAY            0.00          2.24 1963   0.10  -0.10      T
  MONTH TO DATE    5.47                      2.60   2.87     2.33
  SINCE MAR 1     16.64                     10.18   6.46     6.85
  SINCE JAN 1     24.34                     18.71   5.63    15.02

DEGREE DAYS
 HEATING
  TODAY            0                         0      0        0
  MONTH TO DATE   23                        25     -2       23
  SINCE MAR 1    364                       513   -149      320
  SINCE JUL 1   1888                      2768   -880     2163

 COOLING
  TODAY            9                         8      1       12
  MONTH TO DATE  159                       146     13      150
  SINCE MAR 1    315                       203    112      257
  SINCE JAN 1    324                       204    120      257
..................................................................


WIND (MPH)
  HIGHEST WIND SPEED     9   HIGHEST WIND DIRECTION    SW (240)
  HIGHEST GUST SPEED    16   HIGHEST GUST DIRECTION    NW (300)
  AVERAGE WIND SPEED     2.9


SKY COVER
  AVERAGE SKY COVER 0.1


WEATHER CONDITIONS
 THE FOLLOWING WEATHER WAS RECORDED TODAY.
  NO SIGNIFICANT WEATHER WAS OBSERVED.


RELATIVE HUMIDITY (PERCENT)
 HIGHEST   100           300 AM
 LOWEST     55          1100 AM
 AVERAGE    78

..........................................................


THE ATHENS CLIMATE NORMALS FOR TOMORROW
                         NORMAL    RECORD    YEAR
 MAXIMUM TEMPERATURE (F)   85        97      1914
 MINIMUM TEMPERATURE (F)   62        43      1925


SUNRISE AND SUNSET
MAY 27 2017...........SUNRISE   625 AM EDT   SUNSET   836 PM EDT
MAY 28 2017...........SUNRISE   624 AM EDT   SUNSET   837 PM EDT


-  INDICATES NEGATIVE NUMBERS.
R  INDICATES RECORD WAS SET OR TIED.
MM INDICATES DATA IS MISSING.
T  INDICATES TRACE AMOUNT.




$$
