000
CDUS45 KCYS 020729
CLIAIA


CLIMATE REPORT
NATIONAL WEATHER SERVICE CHEYENNE WY
129 AM MDT MON MAY 2 2016


...................................

...THE ALLIANCE NE AIRPORT CLIMATE SUMMARY FOR MAY 1 2016...

CLIMATE NORMAL PERIOD 1981 TO 2010
CLIMATE RECORD PERIOD 1896 TO 2016


WEATHER ITEM   OBSERVED TIME   RECORD YEAR NORMAL DEPARTURE LAST
                VALUE   (LST)  VALUE       VALUE  FROM      YEAR
                                                  NORMAL
..................................................................
TEMPERATURE (F)
 YESTERDAY
  MAXIMUM         47    331 PM  93    1992  65    -18       71
  MINIMUM         23   1159 PM   7    1911  34    -11       36
  AVERAGE         35                        50    -15       54

PRECIPITATION (IN)
  YESTERDAY        0.01          2.28 1942   0.09  -0.08     0.00
  MONTH TO DATE    0.01                      0.09  -0.08     0.00
  SINCE JAN 1      5.13                      2.95   2.18     3.43

DEGREE DAYS
 HEATING
  YESTERDAY       30                        16     14       11
  MONTH TO DATE   30                        16     14       11
  SINCE MAR 1   1411                      1501    -90     1279
  SINCE JUL 1   6486                      6905   -419     6506

 COOLING
  YESTERDAY        0                         0      0        0
  MONTH TO DATE    0                         0      0        0
  SINCE MAR 1      0                         0      0        0
  SINCE JAN 1      0                         0      0        0
..................................................................


WIND (MPH)
  HIGHEST WIND SPEED    16   HIGHEST WIND DIRECTION     N (360)
  HIGHEST GUST SPEED    22   HIGHEST GUST DIRECTION     N (360)
  AVERAGE WIND SPEED     8.2


SKY COVER
  AVERAGE SKY COVER 0.5


WEATHER CONDITIONS
 THE FOLLOWING WEATHER WAS RECORDED YESTERDAY.
  LIGHT RAIN
  LIGHT SNOW
  FOG


RELATIVE HUMIDITY (PERCENT)
 HIGHEST   100           300 AM
 LOWEST     53           200 PM
 AVERAGE    77

..........................................................


THE ALLIANCE NE AIRPORT CLIMATE NORMALS FOR TODAY
                         NORMAL    RECORD    YEAR
 MAXIMUM TEMPERATURE (F)   66        86      1981
 MINIMUM TEMPERATURE (F)   34        12      2005


SUNRISE AND SUNSET
MAY  2 2016...........SUNRISE   545 AM MDT   SUNSET   752 PM MDT
MAY  3 2016...........SUNRISE   544 AM MDT   SUNSET   753 PM MDT


-  INDICATES NEGATIVE NUMBERS.
R  INDICATES RECORD WAS SET OR TIED.
MM INDICATES DATA IS MISSING.
T  INDICATES TRACE AMOUNT.




$$
