000
CDUS45 KCYS 310727
CLIAIA


CLIMATE REPORT
NATIONAL WEATHER SERVICE CHEYENNE WY
127 AM MDT FRI JUL 31 2015


...................................

...THE ALLIANCE NE AIRPORT CLIMATE SUMMARY FOR JULY 30 2015...

CLIMATE NORMAL PERIOD 1981 TO 2010
CLIMATE RECORD PERIOD 1896 TO 2015


WEATHER ITEM   OBSERVED TIME   RECORD YEAR NORMAL DEPARTURE LAST
                VALUE   (LST)  VALUE       VALUE  FROM      YEAR
                                                  NORMAL
..................................................................
TEMPERATURE (F)
 YESTERDAY
  MAXIMUM         90    345 PM 103    2001  89      1       81
  MINIMUM         54    438 AM  40    2009  57     -3       57
  AVERAGE         72                        73     -1       69

PRECIPITATION (IN)
  YESTERDAY        0.00          1.95 1898   0.06  -0.06     0.00
  MONTH TO DATE    2.40                      2.25   0.15     0.17
  SINCE JAN 1     17.60                     10.64   6.96    12.35

DEGREE DAYS
 HEATING
  YESTERDAY        0                         0      0        0
  MONTH TO DATE   15                         5     10       27
  SINCE JUN 1     24                        98    -74      126
  SINCE JUL 1     15                         5     10       27

 COOLING
  YESTERDAY        7                         8     -1        4
  MONTH TO DATE  167                       228    -61      219
  SINCE JUN 1    271                       316    -45      255
  SINCE JAN 1    271                       326    -55      269
..................................................................


WIND (MPH)
  HIGHEST WIND SPEED    14   HIGHEST WIND DIRECTION     E (70)
  HIGHEST GUST SPEED    25   HIGHEST GUST DIRECTION     E (80)
  AVERAGE WIND SPEED     5.8


SKY COVER
  AVERAGE SKY COVER 0.1


WEATHER CONDITIONS
 THE FOLLOWING WEATHER WAS RECORDED YESTERDAY.
  NO SIGNIFICANT WEATHER WAS OBSERVED.


RELATIVE HUMIDITY (PERCENT)
 HIGHEST    83           300 AM
 LOWEST     26           500 PM
 AVERAGE    55

..........................................................


THE ALLIANCE NE AIRPORT CLIMATE NORMALS FOR TODAY
                         NORMAL    RECORD    YEAR
 MAXIMUM TEMPERATURE (F)   89       106      2002
 MINIMUM TEMPERATURE (F)   57        37      1913


SUNRISE AND SUNSET
JULY 31 2015..........SUNRISE   543 AM MDT   SUNSET   811 PM MDT
AUGUST  1 2015........SUNRISE   544 AM MDT   SUNSET   810 PM MDT


-  INDICATES NEGATIVE NUMBERS.
R  INDICATES RECORD WAS SET OR TIED.
MM INDICATES DATA IS MISSING.
T  INDICATES TRACE AMOUNT.




$$
