000
CDUS45 KCYS 230732
CLIAIA


CLIMATE REPORT
NATIONAL WEATHER SERVICE CHEYENNE WY
130 AM MDT SAT MAY 23 2015


...................................

...THE ALLIANCE NE AIRPORT CLIMATE SUMMARY FOR MAY 22 2015...

CLIMATE NORMAL PERIOD 1981 TO 2010
CLIMATE RECORD PERIOD 1896 TO 2015


WEATHER ITEM   OBSERVED TIME   RECORD YEAR NORMAL DEPARTURE LAST
                VALUE   (LST)  VALUE       VALUE  FROM      YEAR
                                                  NORMAL
..................................................................
TEMPERATURE (F)
 YESTERDAY
  MAXIMUM         52   1250 PM  98    2012  72    -20       74
  MINIMUM         45   1131 PM  28    1910  42      3       50
  AVERAGE         49                        57     -8       62

PRECIPITATION (IN)
  YESTERDAY        0.03          1.50 1901   0.09  -0.06     0.00
  MONTH TO DATE    4.76                      1.70   3.06     3.27
  SINCE JAN 1      8.19                      4.56   3.63     6.07

DEGREE DAYS
 HEATING
  YESTERDAY       16                         8      8        3
  MONTH TO DATE  330                       263     67      332
  SINCE MAR 1   1598                      1748   -150     1851
  SINCE JUL 1   6825                      7152   -327     7415

 COOLING
  YESTERDAY        0                         0      0        0
  MONTH TO DATE    0                         0      0        0
  SINCE MAR 1      0                         0      0        0
  SINCE JAN 1      0                         0      0        0
..................................................................


WIND (MPH)
  HIGHEST WIND SPEED    25   HIGHEST WIND DIRECTION    SE (130)
  HIGHEST GUST SPEED    30   HIGHEST GUST DIRECTION    SE (130)
  AVERAGE WIND SPEED    14.7


SKY COVER
  AVERAGE SKY COVER 1.0


WEATHER CONDITIONS
 THE FOLLOWING WEATHER WAS RECORDED YESTERDAY.
  LIGHT RAIN
  FOG


RELATIVE HUMIDITY (PERCENT)
 HIGHEST   100           900 PM
 LOWEST     74          1200 AM
 AVERAGE    87

..........................................................


THE ALLIANCE NE AIRPORT CLIMATE NORMALS FOR TODAY
                         NORMAL    RECORD    YEAR
 MAXIMUM TEMPERATURE (F)   73        94      1926
 MINIMUM TEMPERATURE (F)   42        32      1930


SUNRISE AND SUNSET
MAY 23 2015...........SUNRISE   524 AM MDT   SUNSET   813 PM MDT
MAY 24 2015...........SUNRISE   523 AM MDT   SUNSET   814 PM MDT


-  INDICATES NEGATIVE NUMBERS.
R  INDICATES RECORD WAS SET OR TIED.
MM INDICATES DATA IS MISSING.
T  INDICATES TRACE AMOUNT.




$$
