000
CDAK48 PAFC 071313 RRA
CLIAKN

CLIMATE REPORT
NATIONAL WEATHER SERVICE ANCHORAGE, AK
411 AM AKST WED DEC 7 2016


...................................

...THE KING SALMON CLIMATE SUMMARY FOR DECEMBER 6 2016...

CLIMATE NORMAL PERIOD 1981 TO 2010
CLIMATE RECORD PERIOD 1917 TO 2016


WEATHER ITEM   OBSERVED TIME   RECORD YEAR NORMAL DEPARTURE LAST
                VALUE   (LST)  VALUE       VALUE  FROM      YEAR
                                                  NORMAL
..................................................................
TEMPERATURE (F)
 YESTERDAY
  MAXIMUM         18    126 AM  54    2013  28    -10       28
  MINIMUM         11   1159 PM -24    1975  12     -1       16
  AVERAGE         15                        20     -5       22

PRECIPITATION (IN)
  YESTERDAY        0.01          0.66 1978   0.05  -0.04    MM
  MONTH TO DATE    0.30                      0.27   0.03     0.06
  SINCE DEC 1      0.30                      0.27   0.03     0.06
  SINCE JAN 1     25.16                     18.53   6.63    22.40

SNOWFALL (IN)
  YESTERDAY        T             4.2  1954   0.3   -0.3     MM
  MONTH TO DATE    3.1                       2.1    1.0     MM
  SINCE DEC 1      3.1                       2.1    1.0     MM
  SINCE JUL 1      7.7                      11.9   -4.2     13.1
  SNOW DEPTH       5

DEGREE DAYS
 HEATING
  YESTERDAY       50                        45      5       43
  MONTH TO DATE  386                       270    116      289
  SINCE DEC 1    386                       270    116      289
  SINCE JUL 1   3112                      3647   -535     2886

 COOLING
  YESTERDAY        0                         0      0        0
  MONTH TO DATE    0                         0      0        0
  SINCE DEC 1      0                         0      0        0
  SINCE JAN 1      0                         1     -1        2
..................................................................


WIND (MPH)
  RESULTANT WIND SPEED  10   RESULTANT WIND DIRECTION   N (350)
  HIGHEST WIND SPEED    16   HIGHEST WIND DIRECTION     N (360)
  HIGHEST GUST SPEED    20   HIGHEST GUST DIRECTION     N (360)
  AVERAGE WIND SPEED    10.1



WEATHER CONDITIONS
 THE FOLLOWING WEATHER WAS RECORDED YESTERDAY.
  LIGHT SNOW
  FOG


RELATIVE HUMIDITY (PERCENT)
 HIGHEST    92
 LOWEST     76
 AVERAGE    84

..........................................................


THE KING SALMON CLIMATE NORMALS FOR TODAY
                         NORMAL    RECORD    YEAR
 MAXIMUM TEMPERATURE (F)   27        47      2014
 MINIMUM TEMPERATURE (F)   12       -31      1975


SUNRISE AND SUNSET
DECEMBER  7 2016......SUNRISE  1003 AM AKST  SUNSET   434 PM AKST
DECEMBER  8 2016......SUNRISE  1004 AM AKST  SUNSET   433 PM AKST

CIVIL TWILIGHT
DECEMBER 7 2016         START    911 AM GMT     END    527 PM GMT
DECEMBER 8 2016         START    912 AM GMT     END    526 PM GMT



-  INDICATES NEGATIVE NUMBERS.
R  INDICATES RECORD WAS SET OR TIED.
MM INDICATES DATA IS MISSING.
T  INDICATES TRACE AMOUNT.




$$
&&
------------------------------------------------------
AMOUNT OF DAYLIGHT TODAY  (HOUR:MIN)........ 6:31
GAIN/LOSS SINCE YESTERDAY (HOUR:MIN:SEC)....-0:02:11

$$
