000
CDAK48 PAKN 310919
CLIAKN

CLIMATE REPORT
NATIONAL WEATHER SERVICE KING SALMON, AK
119 AM AKDT TUE MAY 31 2016

...................................
...THE KING SALMON AP CLIMATE SUMMARY FOR MAY 30 2016...

CLIMATE NORMAL PERIOD  1981 TO  2010
CLIMATE RECORD PERIOD  1917 TO  2016

WEATHER ITEM   OBSERVED TIME    RECORD YEAR NORMAL DEPARTURE LAST
               VALUE    (LST)   VALUE       VALUE  FROM      YEAR
                                                   NORMAL
...................................................................
TEMPERATURE
YESTERDAY
 MAXIMUM            60  0232 PM    77  1993     58       2     73
 MINIMUM            47  0535 AM    26  1976     38       9     39
 AVERAGE            54                          48       6     56

PRECIPITATION
(INCHES)
 YESTERDAY        0.12           0.56  1932   0.04    0.08   0.00
 MONTH TO DATE    3.17                        1.20    1.97   3.32
 SINCE MAR 1      5.97                        2.87    3.10   6.45
 SINCE JAN 1      7.41                        4.65    2.76   7.24

SNOWFALL
(INCHES)
 YESTERDAY         0.0              T  1960    0.0     0.0    0.0
 MONTH TO DATE     0.0                         0.8    -0.8    0.0
 SINCE MAR 1       4.2                        11.1    -6.9   12.4
 SINCE JUL 1      38.8                        46.6    -7.8   26.1
 SNOW DEPTH (IN)     0                                          0

DEGREE DAYS
 HEATING
  YESTERDAY         11                          17      -6      9
  MONTH TO DATE    475                         629    -154    515
  SINCE MAR 1     2107                        2834    -727   2440
  SINCE JUL 1     8041                       10452   -2411   8638

 COOLING
  YESTERDAY          0                           0       0      0
  MONTH TO DATE      0                           0       0      0
  SINCE MAR 1        0                           0       0      0
  SINCE JAN 1        0                           0       0      0
...................................................................

WIND (MPH)
 HIGHEST WIND SPEED    26     HIGHEST WIND DIRECTION    100
 HIGHEST GUST SPEED    33     HIGHEST GUST DIRECTION    100
 AVERAGE WIND SPEED  12.6

SKY COVER
  POSSIBLE SUNSHINE    MM          AVERAGE SKY COVER     MM

WEATHER CONDITIONS
 THE FOLLOWING WEATHER WAS RECORDED YESTERDAY.
  FOG
RAIN


RELATIVE HUMIDITY
 HIGHEST RH     MM PERCENT       MM
 LOWEST  RH     MM PERCENT       MM
 AVERAGE RH     MM PERCENT       MM
...................................................................

THE KING SALMON CLIMATE NORMALS FOR TODAY
                           NORMAL    RECORD   YEAR
 MAXIMUM TEMPERATURE (F)     58        79     1993
 MINIMUM TEMPERATURE (F)     38        29     1984

SUNRISE AND SUNSET
 MAY 31 2016..........SUNRISE  5:29 AM      SUNSET 11:22 PM
 JUN 1 2016..........SUNRISE  5:27 AM      SUNSET 11:24 PM

-  INDICATES NEGATIVE NUMBERS.
R  INDICATES RECORD HAS BEEN SET OR TIED.
MM INDICATES DATA IS MISSING.
T  INDICATES TRACE OF PRECIPITATION.

&&
-------------------------------------------------------------------

AMOUNT OF DAYLIGHT TODAY  (HOUR:MIN)........17 HOURS 53 MINUTES
GAIN/LOSS SINCE YESTERDAY (HOUR:MIN:SEC)....+0:02:57

$$
DJH MAY 16
