000
CDAK48 PAFC 201245
CLIAKN


CLIMATE REPORT
NATIONAL WEATHER SERVICE ANCHORAGE, AK
445 AM AKDT FRI OCT 20 2017


...................................

...THE KING SALMON CLIMATE SUMMARY FOR OCTOBER 19 2017...

CLIMATE NORMAL PERIOD 1981 TO 2010
CLIMATE RECORD PERIOD 1917 TO 2017


WEATHER ITEM   OBSERVED TIME   RECORD YEAR NORMAL DEPARTURE LAST
                VALUE   (LST)  VALUE       VALUE  FROM      YEAR
                                                  NORMAL
..................................................................
TEMPERATURE (F)
 YESTERDAY
  MAXIMUM         37        MM  56    1957  40     -3       55
  MINIMUM         15        MM   2    1929  24     -9       30
  AVERAGE         26                        32     -6       43

PRECIPITATION (IN)
  YESTERDAY        0.00          0.46 1949   0.06  -0.06     0.00
  MONTH TO DATE    2.27                      1.43   0.84     0.67
  SINCE SEP 1      6.21                      4.62   1.59     5.50
  SINCE JAN 1     16.90                     16.22   0.68    23.47

SNOWFALL (IN)
  YESTERDAY        0.0           2.1  1994   0.1   -0.1      0.0
  MONTH TO DATE    0.0                       1.1   -1.1       T
  SINCE SEP 1      T                         1.2   -1.2       T
  SINCE JUL 1      T                         1.2   -1.2       T
  SNOW DEPTH       0

DEGREE DAYS
 HEATING
  YESTERDAY       39                        33      6       22
  MONTH TO DATE  441                       546   -105      392
  SINCE SEP 1    935                      1068   -133      795
  SINCE JUL 1   1432                      1684   -252     1112

 COOLING
  YESTERDAY        0                         0      0        0
  MONTH TO DATE    0                         0      0        0
  SINCE SEP 1      0                         0      0        0
  SINCE JAN 1      1                         1      0        0
..................................................................


WIND (MPH)
  RESULTANT WIND SPEED   6   RESULTANT WIND DIRECTION   N (340)
  HIGHEST WIND SPEED    10   HIGHEST WIND DIRECTION     N (340)
  HIGHEST GUST SPEED    MM   HIGHEST GUST DIRECTION    MM
  AVERAGE WIND SPEED     6.2



WEATHER CONDITIONS
 THE FOLLOWING WEATHER WAS RECORDED YESTERDAY.
  NO SIGNIFICANT WEATHER WAS OBSERVED.


RELATIVE HUMIDITY (PERCENT)
 HIGHEST    92
 LOWEST     56
 AVERAGE    74

..........................................................


THE KING SALMON CLIMATE NORMALS FOR TODAY
                         NORMAL    RECORD    YEAR
 MAXIMUM TEMPERATURE (F)   39        57      1957
 MINIMUM TEMPERATURE (F)   24         3      2001


SUNRISE AND SUNSET
OCTOBER 20 2017.......SUNRISE   916 AM AKDT  SUNSET   706 PM AKDT
OCTOBER 21 2017.......SUNRISE   918 AM AKDT  SUNSET   703 PM AKDT


-  INDICATES NEGATIVE NUMBERS.
R  INDICATES RECORD WAS SET OR TIED.
MM INDICATES DATA IS MISSING.
T  INDICATES TRACE AMOUNT.




$$
