920
CDAK48 PAFC 302235
CLIAKN


CLIMATE REPORT
NATIONAL WEATHER SERVICE ANCHORAGE, AK
235 PM AKDT SUN APR 30 2017


...................................

...THE KING SALMON CLIMATE SUMMARY FOR APRIL 30 2017...
VALID TODAY AS OF 0200 PM LOCAL TIME.

CLIMATE NORMAL PERIOD 1981 TO 2010
CLIMATE RECORD PERIOD 1917 TO 2017


WEATHER ITEM   OBSERVED TIME   RECORD YEAR NORMAL DEPARTURE LAST
                VALUE   (LST)  VALUE       VALUE  FROM      YEAR
                                                  NORMAL
..................................................................
TEMPERATURE (F)
 TODAY
  MAXIMUM         49    100 PM  69    2005  48      1       56
  MINIMUM         26        MM  17    1952  30     -4       37
  AVERAGE         38                        39     -1       47

PRECIPITATION (IN)
  TODAY            0.00          0.32 1930   0.04  -0.04      T
  MONTH TO DATE    0.74                      0.97  -0.23     0.85
  SINCE MAR 1      0.79                      1.67  -0.88     2.80
  SINCE JAN 1      1.99                      3.45  -1.46     4.24

SNOWFALL (IN)
  TODAY            0.0          MM      MM   0.1   -0.1     MM
  MONTH TO DATE    2.9                       3.9   -1.0      0.0
  SINCE MAR 1      3.3                      10.3   -7.0      0.0
  SINCE JUL 1     26.0                      45.8  -19.8     13.1
  SNOW DEPTH       0

DEGREE DAYS
 HEATING
  TODAY           27                        26      1       18
  MONTH TO DATE  775                       940   -165      647
  SINCE MAR 1   2399                      2205    194     1596
  SINCE JUL 1   9532                      9825   -293     7287

 COOLING
  TODAY            0                         0      0        0
  MONTH TO DATE    0                         0      0        0
  SINCE MAR 1      0                         0      0        0
  SINCE JAN 1      0                         0      0        0
..................................................................


WIND (MPH)
  RESULTANT WIND SPEED   7   RESULTANT WIND DIRECTION   E (70)
  HIGHEST WIND SPEED    21   HIGHEST WIND DIRECTION     E (90)
  HIGHEST GUST SPEED    31   HIGHEST GUST DIRECTION     E (90)
  AVERAGE WIND SPEED     8.1



WEATHER CONDITIONS
 THE FOLLOWING WEATHER WAS RECORDED TODAY.
  NO SIGNIFICANT WEATHER WAS OBSERVED.


RELATIVE HUMIDITY (PERCENT)
 HIGHEST   100
 LOWEST     54
 AVERAGE    77

..........................................................


THE KING SALMON CLIMATE NORMALS FOR TOMORROW
                         NORMAL    RECORD    YEAR
 MAXIMUM TEMPERATURE (F)   49        75      1953
 MINIMUM TEMPERATURE (F)   31        14      1945


SUNRISE AND SUNSET
APRIL 30 2017.........SUNRISE   632 AM AKDT  SUNSET  1017 PM AKDT
MAY  1 2017...........SUNRISE   630 AM AKDT  SUNSET  1019 PM AKDT


-  INDICATES NEGATIVE NUMBERS.
R  INDICATES RECORD WAS SET OR TIED.
MM INDICATES DATA IS MISSING.
T  INDICATES TRACE AMOUNT.




$$
