000
CDAK48 PAKN 271147
CLIAKN

CLIMATE REPORT
NATIONAL WEATHER SERVICE KING SALMON, AK
347 AM AKDT WED MAY 27 2015

...................................
...THE KING SALMON AP CLIMATE SUMMARY FOR MAY 26 2015...

CLIMATE NORMAL PERIOD  1981 TO  2010
CLIMATE RECORD PERIOD  1917 TO  2015

WEATHER ITEM   OBSERVED TIME    RECORD YEAR NORMAL DEPARTURE LAST
               VALUE    (LST)   VALUE       VALUE  FROM      YEAR
                                                   NORMAL
...................................................................
TEMPERATURE
YESTERDAY
 MAXIMUM            59  0324 PM    85  2006     57       2     56
 MINIMUM            41  0629 AM    20  1931     37       4     32
 AVERAGE            50                          47       3     44

PRECIPITATION
(INCHES)
 YESTERDAY           T           0.53  1962   0.04   -0.04   0.26
 MONTH TO DATE    3.32                        1.02    2.30   0.67
 SINCE MAR 1      6.45                        2.69    3.76   1.95
 SINCE JAN 1      7.24                        4.47    2.77   3.76

SNOWFALL
(INCHES)
 YESTERDAY         0.0            0.2  1971    0.1    -0.1    0.0
 MONTH TO DATE     0.0                         0.8    -0.8    0.0
 SINCE MAR 1      12.4                        11.1     1.3    9.3
 SINCE JUL 1      26.1                        46.6   -20.5   36.0
 SNOW DEPTH (IN)     0                                          0

DEGREE DAYS
 HEATING
  YESTERDAY         15                          18      -3     21
  MONTH TO DATE    468                         558     -90    406
  SINCE MAR 1     2393                        2763    -370   2453
  SINCE JUL 1     8590                       10381   -1791   8813

 COOLING
  YESTERDAY          0                           0       0      0
  MONTH TO DATE      0                           0       0      0
  SINCE MAR 1        0                           0       0      0
  SINCE JAN 1        0                           0       0      0
...................................................................

WIND (MPH)
 HIGHEST WIND SPEED    29     HIGHEST WIND DIRECTION    180
 HIGHEST GUST SPEED    36     HIGHEST GUST DIRECTION    180
 AVERAGE WIND SPEED  15.2

SKY COVER
  POSSIBLE SUNSHINE    MM          AVERAGE SKY COVER     MM

WEATHER CONDITIONS
 THE FOLLOWING WEATHER WAS RECORDED YESTERDAY.
  RAIN


RELATIVE HUMIDITY
 HIGHEST RH     MM PERCENT       MM
 LOWEST  RH     MM PERCENT       MM
 AVERAGE RH     MM PERCENT       MM
...................................................................

THE KING SALMON CLIMATE NORMALS FOR TODAY
                           NORMAL    RECORD   YEAR
 MAXIMUM TEMPERATURE (F)     57        76     2006
 MINIMUM TEMPERATURE (F)     37        27     1976

SUNRISE AND SUNSET
 MAY 27 2015..........SUNRISE  5:36 AM      SUNSET 11:14 PM
 MAY 28 2015..........SUNRISE  5:34 AM      SUNSET 11:16 PM

-  INDICATES NEGATIVE NUMBERS.
R  INDICATES RECORD HAS BEEN SET OR TIED.
MM INDICATES DATA IS MISSING.
T  INDICATES TRACE OF PRECIPITATION.

&&
-------------------------------------------------------------------

AMOUNT OF DAYLIGHT TODAY  (HOUR:MIN)........17 HOURS 38 MINUTES
GAIN SINCE YESTERDAY (HOUR:MIN:SEC).........+0:03:26

$$
AM MAY 15
