000
CDAK48 PAKN 311117
CLIAKN

CLIMATE REPORT
NATIONAL WEATHER SERVICE KING SALMON, AK
318 AM AKDT FRI JUL 31 2015

...................................
...THE KING SALMON AP CLIMATE SUMMARY FOR JULY 30 2015...

CLIMATE NORMAL PERIOD  1981 TO  2010
CLIMATE RECORD PERIOD  1917 TO  2015

WEATHER ITEM   OBSERVED TIME    RECORD YEAR NORMAL DEPARTURE LAST
               VALUE    (LST)   VALUE       VALUE  FROM      YEAR
                                                   NORMAL
...................................................................
TEMPERATURE
YESTERDAY
 MAXIMUM            70  0240 PM    80  2014     64       6     80
 MINIMUM            51  0508 AM    38  1931     48       3     41
 AVERAGE            61                          56       5     61

PRECIPITATION
(INCHES)
 YESTERDAY        0.01           0.83  1928   0.08   -0.07   0.00
 MONTH TO DATE    3.03                        2.21    0.82   2.38
 SINCE JUN 1      3.87                        3.86    0.01   5.63
 SINCE JAN 1     11.11                        8.56    2.55  10.76

SNOWFALL
(INCHES)
 YESTERDAY         0.0            0.0  2015    0.0     0.0    0.0
 MONTH TO DATE     0.0                         0.0     0.0    0.0
 SINCE JUN 1       0.0                         0.0     0.0    0.0
 SINCE JUL 1       0.0                         0.0     0.0    0.0
 SNOW DEPTH (IN)     0                                          0

DEGREE DAYS
 HEATING
  YESTERDAY          4                           9      -5      4
  MONTH TO DATE    228                         281     -53    232
  SINCE JUN 1      477                         688    -211    663
  SINCE JUL 1      228                         281     -53    232

 COOLING
  YESTERDAY          0                           0       0      0
  MONTH TO DATE      0                           0       0      0
  SINCE JUN 1        2                           0       2      0
  SINCE JAN 1        2                           0       2      0
...................................................................

WIND (MPH)
 HIGHEST WIND SPEED    14     HIGHEST WIND DIRECTION    260
 HIGHEST GUST SPEED    18     HIGHEST GUST DIRECTION    260
 AVERAGE WIND SPEED   3.7

SKY COVER
  POSSIBLE SUNSHINE    MM          AVERAGE SKY COVER     MM

WEATHER CONDITIONS
 THE FOLLOWING WEATHER WAS RECORDED YESTERDAY.
  FOG
RAIN


RELATIVE HUMIDITY
 HIGHEST RH     MM PERCENT       MM
 LOWEST  RH     MM PERCENT       MM
 AVERAGE RH     MM PERCENT       MM
...................................................................

THE KING SALMON CLIMATE NORMALS FOR TODAY
                           NORMAL    RECORD   YEAR
 MAXIMUM TEMPERATURE (F)     64        80     2002
 MINIMUM TEMPERATURE (F)     48        38     1982

SUNRISE AND SUNSET
 JUL 31 2015..........SUNRISE  6:14 AM      SUNSET 10:51 PM
 AUG 1 2015..........SUNRISE  6:16 AM      SUNSET 10:49 PM

-  INDICATES NEGATIVE NUMBERS.
R  INDICATES RECORD HAS BEEN SET OR TIED.
MM INDICATES DATA IS MISSING.
T  INDICATES TRACE OF PRECIPITATION.

&&
-------------------------------------------------------------------

AMOUNT OF DAYLIGHT TODAY  (HOUR:MIN)........16 HOURS 37 MINUTES
LOSS SINCE YESTERDAY (HOUR:MIN:SEC).........-0:04:24

$$
AM JUL 15
