000
CDAK48 PAKN 221200
CLIAKN

CLIMATE REPORT
NATIONAL WEATHER SERVICE KING SALMON, AK
400 AM AKDT MON SEP 22 2014

...................................
...THE KING SALMON AP CLIMATE SUMMARY FOR SEPTEMBER 21 2014...

CLIMATE NORMAL PERIOD  1981 TO  2010
CLIMATE RECORD PERIOD  1917 TO  2013

WEATHER ITEM   OBSERVED TIME    RECORD YEAR NORMAL DEPARTURE LAST
               VALUE    (LST)   VALUE       VALUE  FROM      YEAR
                                                   NORMAL
...................................................................
TEMPERATURE
YESTERDAY
 MAXIMUM            53  0320 PM    70  1929     54      -1     48
 MINIMUM            37  1146 PM    19  1992     38      -1     32
 AVERAGE            45                          46      -1     40

PRECIPITATION
(INCHES)
 YESTERDAY        0.00           0.85  1937   0.11   -0.11      T
 MONTH TO DATE    3.37                        2.28    1.09   1.02
 SINCE SEP 1      3.37                        2.28    1.09   1.02
 SINCE JAN 1     17.64                       13.88    3.76  15.11

SNOWFALL
(INCHES)
 YESTERDAY         0.0              T  1956    0.0     0.0    0.0
 MONTH TO DATE     0.0                         0.0     0.0    0.0
 SINCE SEP 1       0.0                         0.0     0.0    0.0
 SINCE JUL 1       0.0                         0.0     0.0    0.0
 SNOW DEPTH (IN)     0                                          0

DEGREE DAYS
 HEATING
  YESTERDAY         20                          19       1     25
  MONTH TO DATE    213                         327    -114    320
  SINCE SEP 1      213                         327    -114    320
  SINCE JUL 1      687                         939    -252    823

 COOLING
  YESTERDAY          0                           0       0      0
  MONTH TO DATE      0                           0       0      0
  SINCE SEP 1        0                           0       0      0
  SINCE JAN 1        0                           0       0      4
...................................................................

WIND (MPH)
 HIGHEST WIND SPEED    24     HIGHEST WIND DIRECTION    350
 HIGHEST GUST SPEED    31     HIGHEST GUST DIRECTION    350
 AVERAGE WIND SPEED  12.6

SKY COVER
  POSSIBLE SUNSHINE    MM          AVERAGE SKY COVER     MM

WEATHER CONDITIONS
 THE FOLLOWING WEATHER WAS RECORDED YESTERDAY.
  NONE.

RELATIVE HUMIDITY
 HIGHEST RH     MM PERCENT       MM
 LOWEST  RH     MM PERCENT       MM
 AVERAGE RH     MM PERCENT       MM
...................................................................

THE KING SALMON CLIMATE NORMALS FOR TODAY
                           NORMAL    RECORD   YEAR
 MAXIMUM TEMPERATURE (F)     53        70     1934
 MINIMUM TEMPERATURE (F)     37        15     2003

SUNRISE AND SUNSET
 SEP 22 2014..........SUNRISE  8:12 AM      SUNSET  8:26 PM
 SEP 23 2014..........SUNRISE  8:14 AM      SUNSET  8:23 PM

-  INDICATES NEGATIVE NUMBERS.
R  INDICATES RECORD HAS BEEN SET OR TIED.
MM INDICATES DATA IS MISSING.
T  INDICATES TRACE OF PRECIPITATION.

&&
-------------------------------------------------------------------

AMOUNT OF DAYLIGHT TODAY  (HOUR:MIN)........12 HOURS 14 MINUTES
LOSS SINCE YESTERDAY (HOUR:MIN:SEC).........-0:05:06

$$

DT SEP 14
