000
CDAK48 PAKN 280915
CLIAKN

CLIMATE REPORT
NATIONAL WEATHER SERVICE KING SALMON, AK
115 AM AKDT SAT MAR 28 2015

...................................
...THE KING SALMON AP CLIMATE SUMMARY FOR MARCH 27 2015...

CLIMATE NORMAL PERIOD  1981 TO  2010
CLIMATE RECORD PERIOD  1917 TO  2015

WEATHER ITEM   OBSERVED TIME    RECORD YEAR NORMAL DEPARTURE LAST
               VALUE    (LST)   VALUE       VALUE  FROM      YEAR
                                                   NORMAL
...................................................................
TEMPERATURE
YESTERDAY
 MAXIMUM            47  0508 PM    57  1934     35      12     38
 MINIMUM            32  1230 AM   -12  1925     18      14     14
 AVERAGE            40                          27      13     26

PRECIPITATION
(INCHES)
 YESTERDAY           T           0.40  1930   0.02   -0.02   0.00
 MONTH TO DATE    0.89                        0.60    0.29   0.76
 SINCE MAR 1      0.89                        0.60    0.29   0.76
 SINCE JAN 1      1.68                        2.38   -0.70   2.57

SNOWFALL
(INCHES)
 YESTERDAY         0.0            2.8  1970    0.2    -0.2    0.0
 MONTH TO DATE     0.3                         5.7    -5.4    8.8
 SINCE MAR 1       0.3                         5.7    -5.4    8.8
 SINCE JUL 1      14.0                        41.2   -27.2   35.5
 SNOW DEPTH (IN)     0                                          0

DEGREE DAYS
 HEATING
  YESTERDAY         25                          38     -13     39
  MONTH TO DATE    954                        1115    -161   1105
  SINCE MAR 1      954                        1115    -161   1105
  SINCE JUL 1     7151                        8733   -1582   7465

 COOLING
  YESTERDAY          0                           0       0      0
  MONTH TO DATE      0                           0       0      0
  SINCE MAR 1        0                           0       0      0
  SINCE JAN 1        0                           0       0      0
...................................................................

WIND (MPH)
 HIGHEST WIND SPEED    23     HIGHEST WIND DIRECTION     90
 HIGHEST GUST SPEED    29     HIGHEST GUST DIRECTION    100
 AVERAGE WIND SPEED  15.4

SKY COVER
  POSSIBLE SUNSHINE    MM          AVERAGE SKY COVER     MM

WEATHER CONDITIONS
 THE FOLLOWING WEATHER WAS RECORDED YESTERDAY.
  RAIN


RELATIVE HUMIDITY
 HIGHEST RH     MM PERCENT       MM
 LOWEST  RH     MM PERCENT       MM
 AVERAGE RH     MM PERCENT       MM
...................................................................

THE KING SALMON CLIMATE NORMALS FOR TODAY
                           NORMAL    RECORD   YEAR
 MAXIMUM TEMPERATURE (F)     36        56     1934
 MINIMUM TEMPERATURE (F)     18       -18     1953

SUNRISE AND SUNSET
 MAR 28 2015..........SUNRISE  8:06 AM      SUNSET  9:00 PM
 MAR 29 2015..........SUNRISE  8:03 AM      SUNSET  9:02 PM

-  INDICATES NEGATIVE NUMBERS.
R  INDICATES RECORD HAS BEEN SET OR TIED.
MM INDICATES DATA IS MISSING.
T  INDICATES TRACE OF PRECIPITATION.

&&
-------------------------------------------------------------------

AMOUNT OF DAYLIGHT TODAY  (HOUR:MIN)........12 HOURS 54 MINUTES
GAIN/LOSS SINCE YESTERDAY (HOUR:MIN:SEC)....+0:05:11

$$
FS MAR 15
