385
CDAK48 PAKN 270937
CLIAKN

CLIMATE REPORT
NATIONAL WEATHER SERVICE KING SALMON, AK
137 AM AKDT WED JUL 27 2016

...................................
...THE KING SALMON AP CLIMATE SUMMARY FOR JULY 26 2016...

CLIMATE NORMAL PERIOD  1981 TO  2010
CLIMATE RECORD PERIOD  1917 TO  2016

WEATHER ITEM   OBSERVED TIME    RECORD YEAR NORMAL DEPARTURE LAST
               VALUE    (LST)   VALUE       VALUE  FROM      YEAR
                                                   NORMAL
...................................................................
TEMPERATURE
YESTERDAY
 MAXIMUM            65  0247 PM    82  2013     64       1     61
 MINIMUM            54  0748 AM    36  1970     48       6     50
 AVERAGE            60                          56       4     56

PRECIPITATION
(INCHES)
 YESTERDAY        0.30           1.02  1977   0.08    0.22   0.42
 MONTH TO DATE    2.75                        1.87    0.88   2.82
 SINCE JUN 1      5.03                        3.52    1.51   3.66
 SINCE JAN 1     12.44                        8.22    4.22  10.90

SNOWFALL
(INCHES)
 YESTERDAY         0.0            0.0  2016    0.0     0.0    0.0
 MONTH TO DATE     0.0                         0.0     0.0    0.0
 SINCE JUN 1       0.0                         0.0     0.0    0.0
 SINCE JUL 1       0.0                         0.0     0.0    0.0
 SNOW DEPTH (IN)     0                                          0

DEGREE DAYS
 HEATING
  YESTERDAY          5                           9      -4      9
  MONTH TO DATE    155                         245     -90    204
  SINCE JUN 1      426                         652    -226    453
  SINCE JUL 1      155                         245     -90    204

 COOLING
  YESTERDAY          0                           0       0      0
  MONTH TO DATE      0                           0       0      0
  SINCE JUN 1        0                           0       0      2
  SINCE JAN 1        0                           0       0      2
...................................................................

WIND (MPH)
 HIGHEST WIND SPEED    12     HIGHEST WIND DIRECTION    220
 HIGHEST GUST SPEED    15     HIGHEST GUST DIRECTION    120
 AVERAGE WIND SPEED   5.0

SKY COVER
  POSSIBLE SUNSHINE    MM          AVERAGE SKY COVER     MM

WEATHER CONDITIONS
 THE FOLLOWING WEATHER WAS RECORDED YESTERDAY.
  FOG
RAIN


RELATIVE HUMIDITY
 HIGHEST RH     MM PERCENT       MM
 LOWEST  RH     MM PERCENT       MM
 AVERAGE RH     MM PERCENT       MM
...................................................................

THE KING SALMON CLIMATE NORMALS FOR TODAY
                           NORMAL    RECORD   YEAR
 MAXIMUM TEMPERATURE (F)     64        82     1987
 MINIMUM TEMPERATURE (F)     48        36     1967

SUNRISE AND SUNSET
 JUL 27 2016..........SUNRISE  6:07 AM      SUNSET 10:59 PM
 JUL 28 2016..........SUNRISE  6:09 AM      SUNSET 10:56 PM

-  INDICATES NEGATIVE NUMBERS.
R  INDICATES RECORD HAS BEEN SET OR TIED.
MM INDICATES DATA IS MISSING.
T  INDICATES TRACE OF PRECIPITATION.

&&
-------------------------------------------------------------------

AMOUNT OF DAYLIGHT TODAY  (HOUR:MIN)........16 HOURS 52 MINUTES
GAIN/LOSS SINCE YESTERDAY (HOUR:MIN:SEC)....-0:04:14

$$
DJH JUL 16
