000
CDUS45 KBOU 220725
CLIAKO


CLIMATE REPORT
NATIONAL WEATHER SERVICE BOULDER, CO
125 AM MDT FRI AUG 22 2014


...................................

...THE AKRON CO CLIMATE SUMMARY FOR AUGUST 21 2014...

CLIMATE NORMAL PERIOD 1981 TO 2010
CLIMATE RECORD PERIOD 9999 TO 9999


WEATHER ITEM   OBSERVED TIME   RECORD YEAR NORMAL DEPARTURE LAST
                VALUE   (LST)  VALUE       VALUE  FROM      YEAR
                                                  NORMAL
..................................................................
TEMPERATURE (F)
 YESTERDAY
  MAXIMUM         87    243 PM  99    1960  85      2
  MINIMUM         62    514 AM  40    1964  58      4
  AVERAGE         75                        72      3

PRECIPITATION (IN)
  YESTERDAY        0.05          0.29 1993   0.06  -0.01     0.00
  MONTH TO DATE    1.30                      1.70  -0.40     2.40
  SINCE JUN 1      7.39                      6.71   0.68     7.52
  SINCE JAN 1     12.09                     12.89  -0.80    11.41

DEGREE DAYS
 HEATING
  YESTERDAY        0
  MONTH TO DATE    0

 COOLING
  YESTERDAY       10
  MONTH TO DATE  188
..................................................................


WIND (MPH)
  HIGHEST WIND SPEED    23   HIGHEST WIND DIRECTION    NW (300)
  HIGHEST GUST SPEED    30   HIGHEST GUST DIRECTION    NW (300)




RELATIVE HUMIDITY (PERCENT)
 HIGHEST    90
 LOWEST     23
 AVERAGE    57

..........................................................


THE AKRON CO CLIMATE NORMALS FOR TODAY
                         NORMAL    RECORD    YEAR
 MAXIMUM TEMPERATURE (F)   85        98      2003
 MINIMUM TEMPERATURE (F)   58        44      1966


SUNRISE AND SUNSET
AUGUST 22 2014........SUNRISE   611 AM MDT   SUNSET   740 PM MDT
AUGUST 23 2014........SUNRISE   612 AM MDT   SUNSET   738 PM MDT


-  INDICATES NEGATIVE NUMBERS.
R  INDICATES RECORD WAS SET OR TIED.
MM INDICATES DATA IS MISSING.
T  INDICATES TRACE AMOUNT.




$$
