000
CDUS45 KBOU 110725
CLIAKO


CLIMATE REPORT
NATIONAL WEATHER SERVICE DENVER/BOULDER CO
1225 AM MST THU FEB 11 2016


...................................

...THE AKRON CO CLIMATE SUMMARY FOR FEBRUARY 10 2016...

CLIMATE NORMAL PERIOD 1981 TO 2010
CLIMATE RECORD PERIOD 9999 TO 9999


WEATHER ITEM   OBSERVED TIME   RECORD YEAR NORMAL DEPARTURE LAST
                VALUE   (LST)  VALUE       VALUE  FROM      YEAR
                                                  NORMAL
..................................................................
TEMPERATURE (F)
 YESTERDAY
  MAXIMUM         55    238 PM  73    1962  42     13
  MINIMUM         31   1237 AM -15    1981  18     13
  AVERAGE         43                        30     13

PRECIPITATION (IN)
  YESTERDAY        0.00          0.52 1993   0.01  -0.01     0.00
  MONTH TO DATE    T                         0.14  -0.14     0.01
  SINCE DEC 1      0.11                      0.84  -0.73     0.44
  SINCE JAN 1      0.09                      0.44  -0.35     0.20

DEGREE DAYS
 HEATING
  YESTERDAY       22
  MONTH TO DATE  392

 COOLING
  YESTERDAY        0
  MONTH TO DATE    0
..................................................................


WIND (MPH)
  HIGHEST WIND SPEED    23   HIGHEST WIND DIRECTION    SW (240)
  HIGHEST GUST SPEED    29   HIGHEST GUST DIRECTION    NW (330)




RELATIVE HUMIDITY (PERCENT)
 HIGHEST    64
 LOWEST     38
 AVERAGE    51

..........................................................


THE AKRON CO CLIMATE NORMALS FOR TODAY
                         NORMAL    RECORD    YEAR
 MAXIMUM TEMPERATURE (F)   42        77      1962
 MINIMUM TEMPERATURE (F)   19        -9      1981


SUNRISE AND SUNSET
FEBRUARY 11 2016......SUNRISE   651 AM MST   SUNSET   523 PM MST
FEBRUARY 12 2016......SUNRISE   650 AM MST   SUNSET   524 PM MST


-  INDICATES NEGATIVE NUMBERS.
R  INDICATES RECORD WAS SET OR TIED.
MM INDICATES DATA IS MISSING.
T  INDICATES TRACE AMOUNT.




$$
