000
CDUS45 KBOU 190741
CLIAKO


CLIMATE REPORT
NATIONAL WEATHER SERVICE DENVER/BOULDER CO
1239 AM MST MON FEB 19 2018


...................................

...THE AKRON CO CLIMATE SUMMARY FOR FEBRUARY 18 2018...

CLIMATE NORMAL PERIOD 1981 TO 2010
CLIMATE RECORD PERIOD 9999 TO 9999


WEATHER ITEM   OBSERVED TIME   RECORD YEAR NORMAL DEPARTURE LAST
                VALUE   (LST)  VALUE       VALUE  FROM      YEAR
                                                  NORMAL
..................................................................
TEMPERATURE (F)
 YESTERDAY
  MAXIMUM         69    304 PM  73    2016  44     25
  MINIMUM         14   1159 PM -24    1942  20     -6
  AVERAGE         42                        32     10

PRECIPITATION (IN)
  YESTERDAY        T             0.16 1984   0.01  -0.01     0.00
  MONTH TO DATE    0.38                      0.25   0.13      T
  SINCE DEC 1      1.11                      0.95   0.16     0.25
  SINCE JAN 1      1.09                      0.55   0.54     0.11

SNOWFALL (IN)
  YESTERDAY       MM
  SNOW DEPTH       0

DEGREE DAYS
 HEATING
  YESTERDAY       23
  MONTH TO DATE  635

 COOLING
  YESTERDAY        0
  MONTH TO DATE    0
..................................................................


WIND (MPH)
  HIGHEST WIND SPEED    32   HIGHEST WIND DIRECTION    NE (50)
  HIGHEST GUST SPEED    44   HIGHEST GUST DIRECTION    NE (50)




RELATIVE HUMIDITY (PERCENT)
 HIGHEST   100
 LOWEST     11
 AVERAGE    56

..........................................................


THE AKRON CO CLIMATE NORMALS FOR TODAY
                         NORMAL    RECORD    YEAR
 MAXIMUM TEMPERATURE (F)   44        70      1986
 MINIMUM TEMPERATURE (F)   20       -11      1942


SUNRISE AND SUNSET
FEBRUARY 19 2018......SUNRISE   641 AM MST   SUNSET   533 PM MST
FEBRUARY 20 2018......SUNRISE   639 AM MST   SUNSET   534 PM MST


-  INDICATES NEGATIVE NUMBERS.
R  INDICATES RECORD WAS SET OR TIED.
MM INDICATES DATA IS MISSING.
T  INDICATES TRACE AMOUNT.




$$
