000
CDUS45 KBOU 050725
CLIAKO


CLIMATE REPORT
NATIONAL WEATHER SERVICE BOULDER, CO
125 AM MDT WED AUG 5 2015


...................................

...THE AKRON CO CLIMATE SUMMARY FOR AUGUST 4 2015...

CLIMATE NORMAL PERIOD 1981 TO 2010
CLIMATE RECORD PERIOD 9999 TO 9999


WEATHER ITEM   OBSERVED TIME   RECORD YEAR NORMAL DEPARTURE LAST
                VALUE   (LST)  VALUE       VALUE  FROM      YEAR
                                                  NORMAL
..................................................................
TEMPERATURE (F)
 YESTERDAY
  MAXIMUM         87   1206 PM 102    1940  88     -1
  MINIMUM         58    456 AM  42    1987  60     -2
  AVERAGE         73                        74     -1

PRECIPITATION (IN)
  YESTERDAY        0.00          1.26 1987   0.09  -0.09     0.00
  MONTH TO DATE    T                         0.38  -0.38      T
  SINCE JUN 1      2.87                      5.39  -2.52     6.09
  SINCE JAN 1     10.88                     11.57  -0.69    10.79

DEGREE DAYS
 HEATING
  YESTERDAY        0
  MONTH TO DATE    0

 COOLING
  YESTERDAY        8
  MONTH TO DATE   40
..................................................................


WIND (MPH)
  HIGHEST WIND SPEED    24   HIGHEST WIND DIRECTION     N (10)
  HIGHEST GUST SPEED    29   HIGHEST GUST DIRECTION     N (20)




RELATIVE HUMIDITY (PERCENT)
 HIGHEST    80
 LOWEST     25
 AVERAGE    53

..........................................................


THE AKRON CO CLIMATE NORMALS FOR TODAY
                         NORMAL    RECORD    YEAR
 MAXIMUM TEMPERATURE (F)   87       103      1938
 MINIMUM TEMPERATURE (F)   60        49      1952


SUNRISE AND SUNSET
AUGUST  5 2015........SUNRISE   554 AM MDT   SUNSET   803 PM MDT
AUGUST  6 2015........SUNRISE   555 AM MDT   SUNSET   802 PM MDT


-  INDICATES NEGATIVE NUMBERS.
R  INDICATES RECORD WAS SET OR TIED.
MM INDICATES DATA IS MISSING.
T  INDICATES TRACE AMOUNT.




$$
