000
CDUS45 KBOU 260725
CLIAKO


CLIMATE REPORT
NATIONAL WEATHER SERVICE DENVER/BOULDER CO
125 AM MDT TUE SEP 26 2017


...................................

...THE AKRON CO CLIMATE SUMMARY FOR SEPTEMBER 25 2017...

CLIMATE NORMAL PERIOD 1981 TO 2010
CLIMATE RECORD PERIOD 9999 TO 9999


WEATHER ITEM   OBSERVED TIME   RECORD YEAR NORMAL DEPARTURE LAST
                VALUE   (LST)  VALUE       VALUE  FROM      YEAR
                                                  NORMAL
..................................................................
TEMPERATURE (F)
 YESTERDAY
  MAXIMUM         52    251 PM  90    1964  73    -21
  MINIMUM         43    738 AM  26    1942  45     -2
  AVERAGE         48                        59    -11

PRECIPITATION (IN)
  YESTERDAY        0.02          0.50 1973   0.03  -0.01     0.00
  MONTH TO DATE    1.20                      0.97   0.23     1.37
  SINCE SEP 1      1.20                      0.97   0.23     1.37
  SINCE JAN 1     12.99                     14.46  -1.47    16.10

DEGREE DAYS
 HEATING
  YESTERDAY       17
  MONTH TO DATE   77

 COOLING
  YESTERDAY        0
  MONTH TO DATE  126
..................................................................


WIND (MPH)
  HIGHEST WIND SPEED    17   HIGHEST WIND DIRECTION     N (20)
  HIGHEST GUST SPEED    22   HIGHEST GUST DIRECTION     N (20)




RELATIVE HUMIDITY (PERCENT)
 HIGHEST   100
 LOWEST     68
 AVERAGE    84

..........................................................


THE AKRON CO CLIMATE NORMALS FOR TODAY
                         NORMAL    RECORD    YEAR
 MAXIMUM TEMPERATURE (F)   72        90      2008
 MINIMUM TEMPERATURE (F)   44        17      1942


SUNRISE AND SUNSET
SEPTEMBER 26 2017.....SUNRISE   645 AM MDT   SUNSET   643 PM MDT
SEPTEMBER 27 2017.....SUNRISE   646 AM MDT   SUNSET   641 PM MDT


-  INDICATES NEGATIVE NUMBERS.
R  INDICATES RECORD WAS SET OR TIED.
MM INDICATES DATA IS MISSING.
T  INDICATES TRACE AMOUNT.




$$
