000
CDUS45 KBOU 190725
CLIAKO


CLIMATE REPORT
NATIONAL WEATHER SERVICE DENVER/BOULDER CO
1225 AM MST THU JAN 19 2017


...................................

...THE AKRON CO CLIMATE SUMMARY FOR JANUARY 18 2017...

CLIMATE NORMAL PERIOD 1981 TO 2010
CLIMATE RECORD PERIOD 9999 TO 9999


WEATHER ITEM   OBSERVED TIME   RECORD YEAR NORMAL DEPARTURE LAST
                VALUE   (LST)  VALUE       VALUE  FROM      YEAR
                                                  NORMAL
..................................................................
TEMPERATURE (F)
 YESTERDAY
  MAXIMUM         47    301 PM  63    1975  40      7
  MINIMUM         21    612 AM -19    1943  17      4
  AVERAGE         34                        29      5

PRECIPITATION (IN)
  YESTERDAY        0.00          0.44 1988   0.01  -0.01     0.00
  MONTH TO DATE    0.11                      0.15  -0.04      T
  SINCE DEC 1      0.25                      0.55  -0.30     0.02
  SINCE JAN 1      0.11                      0.15  -0.04      T

DEGREE DAYS
 HEATING
  YESTERDAY       31
  MONTH TO DATE  761

 COOLING
  YESTERDAY        0
  MONTH TO DATE    0
..................................................................


WIND (MPH)
  HIGHEST WIND SPEED    18   HIGHEST WIND DIRECTION     W (260)
  HIGHEST GUST SPEED    22   HIGHEST GUST DIRECTION     W (270)




RELATIVE HUMIDITY (PERCENT)
 HIGHEST    88
 LOWEST     37
 AVERAGE    63

..........................................................


THE AKRON CO CLIMATE NORMALS FOR TODAY
                         NORMAL    RECORD    YEAR
 MAXIMUM TEMPERATURE (F)   40        62      2014
 MINIMUM TEMPERATURE (F)   17       -18      1943


SUNRISE AND SUNSET
JANUARY 19 2017.......SUNRISE   711 AM MST   SUNSET   457 PM MST
JANUARY 20 2017.......SUNRISE   711 AM MST   SUNSET   458 PM MST


-  INDICATES NEGATIVE NUMBERS.
R  INDICATES RECORD WAS SET OR TIED.
MM INDICATES DATA IS MISSING.
T  INDICATES TRACE AMOUNT.




$$
