000
CDUS45 KBOU 010730
CLIAKO


CLIMATE REPORT
NATIONAL WEATHER SERVICE DENVER/BOULDER CO
130 AM MDT SUN MAY 1 2016


...................................

...THE AKRON CO CLIMATE SUMMARY FOR APRIL 30 2016...

CLIMATE NORMAL PERIOD 1981 TO 2010
CLIMATE RECORD PERIOD 9999 TO 9999


WEATHER ITEM   OBSERVED TIME   RECORD YEAR NORMAL DEPARTURE LAST
                VALUE   (LST)  VALUE       VALUE  FROM      YEAR
                                                  NORMAL
..................................................................
TEMPERATURE (F)
 YESTERDAY
  MAXIMUM         33   1020 PM  91    1992  66    -33
  MINIMUM         30    606 AM  19    1950  38     -8
  AVERAGE         32                        52    -20

PRECIPITATION (IN)
  YESTERDAY        0.88          1.09 1983   0.08   0.80     0.22
  MONTH TO DATE    2.98                      1.65   1.33     1.49
  SINCE MAR 1      3.28                      2.52   0.76     1.71
  SINCE JAN 1      3.39                      3.26   0.13     1.99

DEGREE DAYS
 HEATING
  YESTERDAY       33
  MONTH TO DATE  533

 COOLING
  YESTERDAY        0
  MONTH TO DATE    0
..................................................................


WIND (MPH)
  HIGHEST WIND SPEED    30   HIGHEST WIND DIRECTION     N (340)
  HIGHEST GUST SPEED    37   HIGHEST GUST DIRECTION    NW (330)




RELATIVE HUMIDITY (PERCENT)
 HIGHEST   100
 LOWEST     89
 AVERAGE    95

..........................................................


THE AKRON CO CLIMATE NORMALS FOR TODAY
                         NORMAL    RECORD    YEAR
 MAXIMUM TEMPERATURE (F)   66        89      1959
 MINIMUM TEMPERATURE (F)   39        21      1972


SUNRISE AND SUNSET
MAY  1 2016...........SUNRISE   552 AM MDT   SUNSET   748 PM MDT
MAY  2 2016...........SUNRISE   551 AM MDT   SUNSET   749 PM MDT


-  INDICATES NEGATIVE NUMBERS.
R  INDICATES RECORD WAS SET OR TIED.
MM INDICATES DATA IS MISSING.
T  INDICATES TRACE AMOUNT.




$$
