000
CDUS41 KALY 290622
CLIALB


CLIMATE REPORT
NATIONAL WEATHER SERVICE ALBANY NY
222 AM EDT WED JUL 29 2015


...................................

...THE ALBANY NY CLIMATE SUMMARY FOR JULY 28 2015...

CLIMATE NORMAL PERIOD 1981 TO 2010
CLIMATE RECORD PERIOD 1874 TO 2015


WEATHER ITEM   OBSERVED TIME   RECORD YEAR NORMAL DEPARTURE LAST
                VALUE   (LST)  VALUE       VALUE  FROM      YEAR
                                                  NORMAL
..................................................................
TEMPERATURE (F)
 YESTERDAY
  MAXIMUM         93    248 PM  99    1929  82     11       75
  MINIMUM         68    411 AM  44    1971  62      6       62
  AVERAGE         81                        72      9       69

PRECIPITATION (IN)
  YESTERDAY        T             1.55 1982   0.14  -0.14     1.29
  MONTH TO DATE    3.12                      3.73  -0.61     6.85
  SINCE JUN 1      9.82                      7.52   2.30    11.62
  SINCE JAN 1     18.54                     22.30  -3.76    25.18

DEGREE DAYS
 HEATING
  YESTERDAY        0                         0      0        0
  MONTH TO DATE    1                         0      1        0
  SINCE JUN 1     52                        52      0       12
  SINCE JUL 1      1                         0      1        0

 COOLING
  YESTERDAY       16                         7      9        4
  MONTH TO DATE  214                       193     21      227
  SINCE JUN 1    325                       311     14      375
  SINCE JAN 1    448                       341    107      410
..................................................................


WIND (MPH)
  HIGHEST WIND SPEED    17   HIGHEST WIND DIRECTION    NE (50)
  HIGHEST GUST SPEED    22   HIGHEST GUST DIRECTION    NE (50)
  AVERAGE WIND SPEED     4.3


SKY COVER
  AVERAGE SKY COVER 0.5



RELATIVE HUMIDITY (PERCENT)
 HIGHEST    97
 LOWEST     38
 AVERAGE    68

..........................................................


THE ALBANY NY CLIMATE NORMALS FOR TODAY
                         NORMAL    RECORD    YEAR
 MAXIMUM TEMPERATURE (F)   82        97      1894
 MINIMUM TEMPERATURE (F)   62        47      1987


SUNRISE AND SUNSET
JULY 29 2015..........SUNRISE   543 AM EDT   SUNSET   819 PM EDT
JULY 30 2015..........SUNRISE   544 AM EDT   SUNSET   818 PM EDT


-  INDICATES NEGATIVE NUMBERS.
R  INDICATES RECORD WAS SET OR TIED.
MM INDICATES DATA IS MISSING.
T  INDICATES TRACE AMOUNT.




$$
