000
CDUS41 KALY 270635
CLIALB


CLIMATE REPORT
NATIONAL WEATHER SERVICE ALBANY NY
128 AM EST THU NOV 27 2014


...................................

...THE ALBANY NY CLIMATE SUMMARY FOR NOVEMBER 26 2014...

CLIMATE NORMAL PERIOD 1981 TO 2010
CLIMATE RECORD PERIOD 1874 TO 2014


WEATHER ITEM   OBSERVED TIME   RECORD YEAR NORMAL DEPARTURE LAST
                VALUE   (LST)  VALUE       VALUE  FROM      YEAR
                                                  NORMAL
..................................................................
TEMPERATURE (F)
 YESTERDAY
  MAXIMUM         41    123 AM  67    1979  44     -3       34
  MINIMUM         31   1159 PM -11    1938  29      2       27
  AVERAGE         36                        36      0       31

PRECIPITATION (IN)
  YESTERDAY        0.69          1.75 1895   0.10   0.59     0.35
  MONTH TO DATE    2.35                      2.86  -0.51     0.95
  SINCE SEP 1      7.46                      9.84  -2.38     8.05
  SINCE JAN 1     34.24                     35.99  -1.75    39.56

SNOWFALL (IN)
  YESTERDAY        9.6 R         4.9  1888   0.2    9.4      1.7
  MONTH TO DATE   10.7                       2.1    8.6      2.1
  SINCE SEP 1     10.7                       2.1    8.6      2.1
  SINCE JUL 1     10.7                       2.1    8.6      2.1
  SNOW DEPTH       0

DEGREE DAYS
 HEATING
  YESTERDAY       29                        29      0       34
  MONTH TO DATE  651                       640     11      671
  SINCE SEP 1   1123                      1262   -139     1212
  SINCE JUL 1   1131                      1285   -154     1218

 COOLING
  YESTERDAY        0                         0      0        0
  MONTH TO DATE    0                         0      0        0
  SINCE SEP 1     92                        55     37       65
  SINCE JAN 1    659                       598     61      763
..................................................................


WIND (MPH)
  HIGHEST WIND SPEED    18   HIGHEST WIND DIRECTION     N (360)
  HIGHEST GUST SPEED    24   HIGHEST GUST DIRECTION     N (360)
  AVERAGE WIND SPEED     8.3


SKY COVER
  AVERAGE SKY COVER 1.0



RELATIVE HUMIDITY (PERCENT)
 HIGHEST    92
 LOWEST     59
 AVERAGE    76

..........................................................


THE ALBANY NY CLIMATE NORMALS FOR TODAY
                         NORMAL    RECORD    YEAR
 MAXIMUM TEMPERATURE (F)   43        66      1896
 MINIMUM TEMPERATURE (F)   28         8      1957


SUNRISE AND SUNSET
NOVEMBER 27 2014......SUNRISE   701 AM EST   SUNSET   424 PM EST
NOVEMBER 28 2014......SUNRISE   703 AM EST   SUNSET   424 PM EST


-  INDICATES NEGATIVE NUMBERS.
R  INDICATES RECORD WAS SET OR TIED.
MM INDICATES DATA IS MISSING.
T  INDICATES TRACE AMOUNT.




$$
