000
CDUS41 KALY 300630
CLIALB


CLIMATE REPORT
NATIONAL WEATHER SERVICE ALBANY NY
226 AM EDT FRI SEP 30 2016


...................................

...THE ALBANY NY CLIMATE SUMMARY FOR SEPTEMBER 29 2016...

CLIMATE NORMAL PERIOD 1981 TO 2010
CLIMATE RECORD PERIOD 1874 TO 2016


WEATHER ITEM   OBSERVED TIME   RECORD YEAR NORMAL DEPARTURE LAST
                VALUE   (LST)  VALUE       VALUE  FROM      YEAR
                                                  NORMAL
..................................................................
TEMPERATURE (F)
 YESTERDAY
  MAXIMUM         69    301 PM  86    1921  67      2       79
  MINIMUM         48    445 AM  29    2000  46      2       68
  AVERAGE         59                        56      3       74

PRECIPITATION (IN)
  YESTERDAY        0.00          1.83 2006   0.12  -0.12     1.11
  MONTH TO DATE    2.12                      3.18  -1.06     4.15
  SINCE SEP 1      2.12                      3.18  -1.06     4.15
  SINCE JAN 1     25.57                     29.33  -3.76    27.29

DEGREE DAYS
 HEATING
  YESTERDAY        6                         9     -3        0
  MONTH TO DATE   59                       133    -74       38
  SINCE SEP 1     59                       133    -74       38
  SINCE JUL 1     60                       156    -96       39

 COOLING
  YESTERDAY        0                         1     -1        9
  MONTH TO DATE  108                        53     55      158
  SINCE SEP 1    108                        53     55      158
  SINCE JAN 1    896                       596    300      906
..................................................................


WIND (MPH)
  HIGHEST WIND SPEED    15   HIGHEST WIND DIRECTION     E (70)
  HIGHEST GUST SPEED    20   HIGHEST GUST DIRECTION     E (70)
  AVERAGE WIND SPEED     4.8


SKY COVER
  AVERAGE SKY COVER 0.7



RELATIVE HUMIDITY (PERCENT)
 HIGHEST    93
 LOWEST     40
 AVERAGE    67

..........................................................


THE ALBANY NY CLIMATE NORMALS FOR TODAY
                         NORMAL    RECORD    YEAR
 MAXIMUM TEMPERATURE (F)   66        88      1905
 MINIMUM TEMPERATURE (F)   45        28      1991


SUNRISE AND SUNSET
SEPTEMBER 30 2016.....SUNRISE   652 AM EDT   SUNSET   637 PM EDT
OCTOBER  1 2016.......SUNRISE   653 AM EDT   SUNSET   636 PM EDT


-  INDICATES NEGATIVE NUMBERS.
R  INDICATES RECORD WAS SET OR TIED.
MM INDICATES DATA IS MISSING.
T  INDICATES TRACE AMOUNT.




$$
