000
CDUS41 KALY 040622
CLIALB


CLIMATE REPORT
NATIONAL WEATHER SERVICE ALBANY NY
222 AM EDT SAT JUL 4 2015


...................................

...THE ALBANY NY CLIMATE SUMMARY FOR JULY 3 2015...

CLIMATE NORMAL PERIOD 1981 TO 2010
CLIMATE RECORD PERIOD 1874 TO 2015


WEATHER ITEM   OBSERVED TIME   RECORD YEAR NORMAL DEPARTURE LAST
                VALUE   (LST)  VALUE       VALUE  FROM      YEAR
                                                  NORMAL
..................................................................
TEMPERATURE (F)
 YESTERDAY
  MAXIMUM         78    452 PM 102    1911  82     -4       88
  MINIMUM         52    459 AM  44    1978  61     -9       67
  AVERAGE         65                        71     -6       78

PRECIPITATION (IN)
  YESTERDAY        0.00          1.66 1974   0.12  -0.12     0.63
  MONTH TO DATE    0.09                      0.38  -0.29     1.48
  SINCE JUN 1      6.79                      4.17   2.62     6.25
  SINCE JAN 1     15.51                     18.95  -3.44    19.81

DEGREE DAYS
 HEATING
  YESTERDAY        0                         0      0        0
  MONTH TO DATE    0                         0      0        0
  SINCE JUN 1     51                        52     -1       12
  SINCE JUL 1      0                         0      0        0

 COOLING
  YESTERDAY        0                         6     -6       13
  MONTH TO DATE   10                        18     -8       44
  SINCE JUN 1    121                       136    -15      192
  SINCE JAN 1    244                       166     78      227
..................................................................


WIND (MPH)
  HIGHEST WIND SPEED     9   HIGHEST WIND DIRECTION     N (340)
  HIGHEST GUST SPEED    14   HIGHEST GUST DIRECTION     N (350)
  AVERAGE WIND SPEED     1.5


SKY COVER
  AVERAGE SKY COVER 0.3



RELATIVE HUMIDITY (PERCENT)
 HIGHEST    83
 LOWEST     31
 AVERAGE    57

..........................................................


THE ALBANY NY CLIMATE NORMALS FOR TODAY
                         NORMAL    RECORD    YEAR
 MAXIMUM TEMPERATURE (F)   82       104      1911
 MINIMUM TEMPERATURE (F)   61        44      1971


SUNRISE AND SUNSET
JULY  4 2015..........SUNRISE   522 AM EDT   SUNSET   837 PM EDT
JULY  5 2015..........SUNRISE   523 AM EDT   SUNSET   836 PM EDT


-  INDICATES NEGATIVE NUMBERS.
R  INDICATES RECORD WAS SET OR TIED.
MM INDICATES DATA IS MISSING.
T  INDICATES TRACE AMOUNT.




$$
