000
CDUS43 KDMX 230640
CLIALO

CLIMATE REPORT
NATIONAL WEATHER SERVICE DES MOINES IA
1239 AM CST THU FEB 23 2017

...................................

...THE WATERLOO IA CLIMATE SUMMARY FOR FEBRUARY 22 2017...

CLIMATE NORMAL PERIOD 1981 TO 2010
CLIMATE RECORD PERIOD 1895 TO 2017


WEATHER ITEM   OBSERVED TIME   RECORD YEAR NORMAL DEPARTURE LAST
                VALUE   (LST)  VALUE       VALUE  FROM      YEAR
                                                  NORMAL
..................................................................
TEMPERATURE (F)
 YESTERDAY
  MAXIMUM         69R   244 PM  61    1984  35     34       40
  MINIMUM         39    627 AM -16    1929  17     22       29
  AVERAGE         54                        26     28       35

PRECIPITATION (IN)
  YESTERDAY        0.00          1.42 1922   0.04  -0.04     0.00
  MONTH TO DATE    0.43                      0.73  -0.30     0.86
  SINCE DEC 1      5.19                      2.76   2.43     7.56
  SINCE JAN 1      3.32                      1.56   1.76     1.64

SNOWFALL (IN)
  YESTERDAY        0.0           8.4  1981   0.2   -0.2      0.0
  MONTH TO DATE    0.2                       6.1   -5.9     11.3
  SINCE DEC 1     14.4                      24.2   -9.8     28.8
  SINCE JUL 1     14.4                      27.6  -13.2     41.5
  SNOW DEPTH       0

DEGREE DAYS
 HEATING
  YESTERDAY       11                        39    -28       30
  MONTH TO DATE  685                       938   -253      913
  SINCE DEC 1   3285                      3709   -424     3295
  SINCE JUL 1   4274                      5192   -918     4510

 COOLING
  YESTERDAY        0                         0      0        0
  MONTH TO DATE    0                         0      0        0
  SINCE DEC 1      0                         0      0        0
  SINCE JAN 1      0                         0      0        0
..................................................................


WIND (MPH)
  HIGHEST WIND SPEED    21   HIGHEST WIND DIRECTION    NW (310)
  HIGHEST GUST SPEED    27   HIGHEST GUST DIRECTION    NW (310)
  AVERAGE WIND SPEED    10.4


SKY COVER
  POSSIBLE SUNSHINE  MM
  AVERAGE SKY COVER 0.0


WEATHER CONDITIONS
 THE FOLLOWING WEATHER WAS RECORDED YESTERDAY.
  NO SIGNIFICANT WEATHER WAS OBSERVED.


RELATIVE HUMIDITY (PERCENT)
 HIGHEST    83          1100 PM
 LOWEST     37           100 PM
 AVERAGE    60

..........................................................


THE WATERLOO IA CLIMATE NORMALS FOR TODAY
                         NORMAL    RECORD    YEAR
 MAXIMUM TEMPERATURE (F)   35        63      1930
 MINIMUM TEMPERATURE (F)   18       -12      1989
                                             1910


SUNRISE AND SUNSET
FEBRUARY 23 2017......SUNRISE   654 AM CST   SUNSET   552 PM CST
FEBRUARY 24 2017......SUNRISE   653 AM CST   SUNSET   553 PM CST


-  INDICATES NEGATIVE NUMBERS.
R  INDICATES RECORD WAS SET OR TIED.
MM INDICATES DATA IS MISSING.
T  INDICATES TRACE AMOUNT.

$$

SMALL
