000
CDUS43 KDMX 300713 RRA
CLIALO

CLIMATE REPORT
NATIONAL WEATHER SERVICE DES MOINES IA
212 AM CDT FRI SEP 30 2016


...................................

...THE WATERLOO IA CLIMATE SUMMARY FOR SEPTEMBER 29 2016...

CLIMATE NORMAL PERIOD 1981 TO 2010
CLIMATE RECORD PERIOD 1895 TO 2016


WEATHER ITEM   OBSERVED TIME   RECORD YEAR NORMAL DEPARTURE LAST
                VALUE   (LST)  VALUE       VALUE  FROM      YEAR
                                                  NORMAL
..................................................................
TEMPERATURE (F)
 YESTERDAY
  MAXIMUM         74    257 PM  93    1904  70      4       70
  MINIMUM         48    619 AM  22    1967  45      3       44
  AVERAGE         61                        57      4       57

PRECIPITATION (IN)
  YESTERDAY        0.00          1.94 1973   0.09  -0.09     0.95
  MONTH TO DATE    7.32                      2.55   4.77     2.59
  SINCE SEP 1      7.32                      2.55   4.77     2.59
  SINCE JAN 1     36.01                     28.83   7.18    27.82

SNOWFALL (IN)
  YESTERDAY        0.0          MM      MM   0.0    0.0      0.0
  MONTH TO DATE    0.0                       0.0    0.0      0.0
  SINCE SEP 1      0.0                       0.0    0.0      0.0
  SINCE JUL 1      0.0                       0.0    0.0      0.0
  SNOW DEPTH       0

DEGREE DAYS
 HEATING
  YESTERDAY        4                         9     -5        8
  MONTH TO DATE   36                       130    -94       51
  SINCE SEP 1     36                       130    -94       51
  SINCE JUL 1     41                       150   -109       82

 COOLING
  YESTERDAY        0                         1     -1        0
  MONTH TO DATE  104                        77     27      169
  SINCE SEP 1    104                        77     27      169
  SINCE JAN 1    857                       789     68      743
..................................................................


WIND (MPH)
  HIGHEST WIND SPEED    20   HIGHEST WIND DIRECTION     N (20)
  HIGHEST GUST SPEED    25   HIGHEST GUST DIRECTION     N (10)
  AVERAGE WIND SPEED    10.0


SKY COVER
  POSSIBLE SUNSHINE  MM
  AVERAGE SKY COVER 0.0


WEATHER CONDITIONS
 THE FOLLOWING WEATHER WAS RECORDED YESTERDAY.
  NO SIGNIFICANT WEATHER WAS OBSERVED.


RELATIVE HUMIDITY (PERCENT)
 HIGHEST    93           200 AM
 LOWEST     38           300 PM
 AVERAGE    66

..........................................................


THE WATERLOO IA CLIMATE NORMALS FOR TODAY
                         NORMAL    RECORD    YEAR
 MAXIMUM TEMPERATURE (F)   69        92      1897
 MINIMUM TEMPERATURE (F)   44        19      1899


SUNRISE AND SUNSET
SEPTEMBER 30 2016.....SUNRISE   706 AM CDT   SUNSET   652 PM CDT
OCTOBER  1 2016.......SUNRISE   707 AM CDT   SUNSET   650 PM CDT


-  INDICATES NEGATIVE NUMBERS.
R  INDICATES RECORD WAS SET OR TIED.
MM INDICATES DATA IS MISSING.
T  INDICATES TRACE AMOUNT.




$$
