000
CDUS43 KDMX 210646
CLIALO

CLIMATE REPORT
NATIONAL WEATHER SERVICE DES MOINES IA
146 AM CDT TUE OCT 21 2014


...................................

...THE WATERLOO IA CLIMATE SUMMARY FOR OCTOBER 20 2014...

CLIMATE NORMAL PERIOD 1981 TO 2010
CLIMATE RECORD PERIOD 1895 TO 2014


WEATHER ITEM   OBSERVED TIME   RECORD YEAR NORMAL DEPARTURE LAST
                VALUE   (LST)  VALUE       VALUE  FROM      YEAR
                                                  NORMAL
..................................................................
TEMPERATURE (F)
 YESTERDAY
  MAXIMUM         68    256 PM  87    2003  60      8       59
  MINIMUM         38   1110 PM  17    1952  38      0       29
                                      1930
  AVERAGE         53                        49      4       44

PRECIPITATION (IN)
  YESTERDAY        0.00          1.21 1965   0.08  -0.08      T
  MONTH TO DATE    3.14                      1.64   1.50     1.33
  SINCE SEP 1      4.80                      4.27   0.53     2.81
  SINCE JAN 1     32.09                     30.55   1.54    37.03

SNOWFALL (IN)
  YESTERDAY        0.0           1.2  1982   0.0    0.0      0.0
  MONTH TO DATE    T                         0.1   -0.1      0.0
  SINCE SEP 1      T                         0.1   -0.1      0.0
  SINCE JUL 1      T                         0.1   -0.1      0.0
  SNOW DEPTH       0

DEGREE DAYS
 HEATING
  YESTERDAY       12                        16     -4       21
  MONTH TO DATE  299                       262     37      209
  SINCE SEP 1    450                       400     50      311
  SINCE JUL 1    467                       420     47      331

 COOLING
  YESTERDAY        0                         0      0        0
  MONTH TO DATE    0                         8     -8        8
  SINCE SEP 1     51                        86    -35      141
  SINCE JAN 1    658                       798   -140      837
..................................................................


WIND (MPH)
  HIGHEST WIND SPEED    24   HIGHEST WIND DIRECTION     N (340)
  HIGHEST GUST SPEED    29   HIGHEST GUST DIRECTION    NW (330)
  AVERAGE WIND SPEED     8.4


SKY COVER
  POSSIBLE SUNSHINE  MM
  AVERAGE SKY COVER 0.0


WEATHER CONDITIONS
 THE FOLLOWING WEATHER WAS RECORDED YESTERDAY.
  NO SIGNIFICANT WEATHER WAS OBSERVED.


RELATIVE HUMIDITY (PERCENT)
 HIGHEST    92          1100 PM
 LOWEST     35           300 PM
 AVERAGE    64

..........................................................


THE WATERLOO IA CLIMATE NORMALS FOR TODAY
                         NORMAL    RECORD    YEAR
 MAXIMUM TEMPERATURE (F)   60        86      1947
 MINIMUM TEMPERATURE (F)   37        13      1930


SUNRISE AND SUNSET
OCTOBER 21 2014.......SUNRISE   730 AM CDT   SUNSET   618 PM CDT
OCTOBER 22 2014.......SUNRISE   731 AM CDT   SUNSET   616 PM CDT


-  INDICATES NEGATIVE NUMBERS.
R  INDICATES RECORD WAS SET OR TIED.
MM INDICATES DATA IS MISSING.
T  INDICATES TRACE AMOUNT.




$$
