632
CDUS43 KDMX 110648 RRB
CLIALO

CLIMATE REPORT
NATIONAL WEATHER SERVICE DES MOINES IA
1245 AM CST SUN DEC 11 2016


...................................

...THE WATERLOO IA CLIMATE SUMMARY FOR DECEMBER 10 2016...

CLIMATE NORMAL PERIOD 1981 TO 2010
CLIMATE RECORD PERIOD 1895 TO 2016


WEATHER ITEM   OBSERVED TIME   RECORD YEAR NORMAL DEPARTURE LAST
                VALUE   (LST)  VALUE       VALUE  FROM      YEAR
                                                  NORMAL
..................................................................
TEMPERATURE (F)
 YESTERDAY
  MAXIMUM         22   1159 PM  58    1979  32    -10       51
  MINIMUM         14    413 AM -29    1919  15     -1       39
  AVERAGE         18                        24     -6       45

PRECIPITATION (IN)
  YESTERDAY        0.20          1.28 1964   0.04   0.16     0.01
  MONTH TO DATE    0.74                      0.47   0.27     0.07
  SINCE DEC 1      0.74                      0.47   0.27     0.07
  SINCE JAN 1     40.71                     33.87   6.84    33.12

SNOWFALL (IN)
  YESTERDAY        2.8           3.5  1909   0.3    2.5      0.0
  MONTH TO DATE    5.4                       3.1    2.3      0.2
  SINCE DEC 1      5.4                       3.1    2.3      0.2
  SINCE JUL 1      5.4                       6.5   -1.1     12.9
  SNOW DEPTH       T

DEGREE DAYS
 HEATING
  YESTERDAY       47                        41      6       20
  MONTH TO DATE  385                       394     -9      272
  SINCE DEC 1    385                       394     -9      272
  SINCE JUL 1   1374                      1877   -503     1487

 COOLING
  YESTERDAY        0                         0      0        0
  MONTH TO DATE    0                         0      0        0
  SINCE DEC 1      0                         0      0        0
  SINCE JAN 1    869                       799     70      746
..................................................................


WIND (MPH)
  HIGHEST WIND SPEED    16   HIGHEST WIND DIRECTION    SE (120)
  HIGHEST GUST SPEED    20   HIGHEST GUST DIRECTION     E (110)
  AVERAGE WIND SPEED     7.5


SKY COVER
  POSSIBLE SUNSHINE  MM
  AVERAGE SKY COVER 1.0


WEATHER CONDITIONS
 THE FOLLOWING WEATHER WAS RECORDED YESTERDAY.
  SNOW
  LIGHT SNOW
  FOG
  HAZE


RELATIVE HUMIDITY (PERCENT)
 HIGHEST    92          1100 PM
 LOWEST     73          1200 AM
 AVERAGE    83

..........................................................


THE WATERLOO IA CLIMATE NORMALS FOR TODAY
                         NORMAL    RECORD    YEAR
 MAXIMUM TEMPERATURE (F)   32        61      1965
 MINIMUM TEMPERATURE (F)   15       -18      1976


SUNRISE AND SUNSET
DECEMBER 11 2016......SUNRISE   730 AM CST   SUNSET   436 PM CST
DECEMBER 12 2016......SUNRISE   731 AM CST   SUNSET   437 PM CST


-  INDICATES NEGATIVE NUMBERS.
R  INDICATES RECORD WAS SET OR TIED.
MM INDICATES DATA IS MISSING.
T  INDICATES TRACE AMOUNT.




$$
