899
CDUS43 KDMX 232237 RRA
CLIALO

CLIMATE REPORT
NATIONAL WEATHER SERVICE DES MOINES IA
535 PM CDT TUE MAY 23 2017


...................................

...THE WATERLOO IA CLIMATE SUMMARY FOR MAY 23 2017...
VALID TODAY AS OF 0500 PM LOCAL TIME.

CLIMATE NORMAL PERIOD 1981 TO 2010
CLIMATE RECORD PERIOD 1895 TO 2017


WEATHER ITEM   OBSERVED TIME   RECORD YEAR NORMAL DEPARTURE LAST
                VALUE   (LST)  VALUE       VALUE  FROM      YEAR
                                                  NORMAL
..................................................................
TEMPERATURE (F)
 TODAY
  MAXIMUM         61   1148 AM  93    1921  74    -13       86
  MINIMUM         48    333 AM  31    1963  52     -4       59
                                      1931
                                      1917
  AVERAGE         55                        63     -8       73

PRECIPITATION (IN)
  TODAY            0.01          1.54 2007   0.15  -0.14     0.00
  MONTH TO DATE    3.31                      3.31   0.00     0.84
  SINCE MAR 1      8.88                      9.08  -0.20     6.32
  SINCE JAN 1     12.81                     10.90   1.91     8.09

SNOWFALL (IN)
  TODAY            0.0          MM      MM   0.0    0.0      0.0
  MONTH TO DATE    0.0                       0.0    0.0      0.0
  SINCE MAR 1     10.6                       6.4    4.2      2.9
  SINCE JUL 1     26.2                      35.3   -9.1     46.0
  SNOW DEPTH       0

DEGREE DAYS
 HEATING
  TODAY           10                         4      6        0
  MONTH TO DATE  201                       161     40      210
  SINCE MAR 1   1530                      1558    -28     1429
  SINCE JUL 1   5992                      6977   -985     6129

 COOLING
  TODAY            0                         2     -2        8
  MONTH TO DATE   30                        30      0       12
  SINCE MAR 1     36                        38     -2       15
  SINCE JAN 1     36                        38     -2       15
..................................................................


WIND (MPH)
  HIGHEST WIND SPEED    17   HIGHEST WIND DIRECTION     W (290)
  HIGHEST GUST SPEED    22   HIGHEST GUST DIRECTION     W (280)
  AVERAGE WIND SPEED     9.1


SKY COVER
  POSSIBLE SUNSHINE  MM
  AVERAGE SKY COVER 0.8


WEATHER CONDITIONS
 THE FOLLOWING WEATHER WAS RECORDED TODAY.
  LIGHT RAIN
  FOG


RELATIVE HUMIDITY (PERCENT)
 HIGHEST   100           300 AM
 LOWEST     62          1200 PM
 AVERAGE    81

..........................................................


THE WATERLOO IA CLIMATE NORMALS FOR TOMORROW
                         NORMAL    RECORD    YEAR
 MAXIMUM TEMPERATURE (F)   75        94      1926
 MINIMUM TEMPERATURE (F)   52        34      1924


SUNRISE AND SUNSET
MAY 23 2017...........SUNRISE   540 AM CDT   SUNSET   833 PM CDT
MAY 24 2017...........SUNRISE   539 AM CDT   SUNSET   834 PM CDT


-  INDICATES NEGATIVE NUMBERS.
R  INDICATES RECORD WAS SET OR TIED.
MM INDICATES DATA IS MISSING.
T  INDICATES TRACE AMOUNT.




$$
