000
CDUS43 KDMX 020646
CLIALO

CLIMATE REPORT
NATIONAL WEATHER SERVICE DES MOINES IA
141 AM CDT TUE SEP 2 2014

...................................

...THE WATERLOO IA CLIMATE SUMMARY FOR SEPTEMBER 1 2014...

CLIMATE NORMAL PERIOD 1981 TO 2010
CLIMATE RECORD PERIOD 1895 TO 2014

WEATHER ITEM   OBSERVED TIME   RECORD YEAR NORMAL DEPARTURE LAST
                VALUE   (LST)  VALUE       VALUE  FROM      YEAR
                                                  NORMAL
..................................................................
TEMPERATURE (F)
 YESTERDAY
  MAXIMUM         79    232 PM  97    1984  80     -1       83
                                      1922
  MINIMUM         62   1159 PM  36    1967  57      5       60
                                      1949
  AVERAGE         71                        69      2       72

PRECIPITATION (IN)
  YESTERDAY        0.09          2.50 1931   0.11  -0.02     0.00
  MONTH TO DATE    0.09                      0.11  -0.02     0.00
  SINCE SEP 1      0.09                      0.11  -0.02     0.00
  SINCE JAN 1     27.38                     26.39   0.99    34.22

SNOWFALL (IN)
  YESTERDAY        0.0          MM      MM   0.0    0.0      0.0
  MONTH TO DATE    0.0                       0.0    0.0      0.0
  SINCE SEP 1      0.0                       0.0    0.0      0.0
  SINCE JUL 1      0.0                       0.0    0.0      0.0
  SNOW DEPTH       0

DEGREE DAYS
 HEATING
  YESTERDAY        0                         1     -1        0
  MONTH TO DATE    0                         1     -1        0
  SINCE SEP 1      0                         1     -1        0
  SINCE JUL 1     17                        21     -4       20

 COOLING
  YESTERDAY        6                         5      1        7
  MONTH TO DATE    6                         5      1        7
  SINCE SEP 1      6                         5      1        7
  SINCE JAN 1    613                       717   -104      703
..................................................................

WIND (MPH)
  HIGHEST WIND SPEED    30   HIGHEST WIND DIRECTION    SE (120)
  HIGHEST GUST SPEED    36   HIGHEST GUST DIRECTION    SE (120)
  AVERAGE WIND SPEED    10.5

SKY COVER
  POSSIBLE SUNSHINE  MM
  AVERAGE SKY COVER 0.6

WEATHER CONDITIONS
 THE FOLLOWING WEATHER WAS RECORDED YESTERDAY.
  THUNDERSTORM
  RAIN
  FOG

RELATIVE HUMIDITY (PERCENT)
 HIGHEST    93          1200 AM
 LOWEST     48           500 PM
 AVERAGE    71
..........................................................

THE WATERLOO IA CLIMATE NORMALS FOR TODAY
                         NORMAL    RECORD    YEAR
 MAXIMUM TEMPERATURE (F)   80       100      1925
                                             1913
 MINIMUM TEMPERATURE (F)   57        38      1967
                                             1946

SUNRISE AND SUNSET
SEPTEMBER  2 2014.....SUNRISE   636 AM CDT   SUNSET   742 PM CDT
SEPTEMBER  3 2014.....SUNRISE   637 AM CDT   SUNSET   740 PM CDT

-  INDICATES NEGATIVE NUMBERS.
R  INDICATES RECORD WAS SET OR TIED.
MM INDICATES DATA IS MISSING.
T  INDICATES TRACE AMOUNT.

$$

FAB
