000
CDUS43 KDMX 281227
CLIALO

CLIMATE REPORT
NATIONAL WEATHER SERVICE DES MOINES IA
1227 AM CST FRI NOV 28 2014


...................................

...THE WATERLOO IA CLIMATE SUMMARY FOR NOVEMBER 27 2014...

CLIMATE NORMAL PERIOD 1981 TO 2010
CLIMATE RECORD PERIOD 1895 TO 2014


WEATHER ITEM   OBSERVED TIME   RECORD YEAR NORMAL DEPARTURE LAST
                VALUE   (LST)  VALUE       VALUE  FROM      YEAR
                                                  NORMAL
..................................................................
TEMPERATURE (F)
 YESTERDAY
  MAXIMUM         24   1205 AM  67    1998  39    -15       21
                                      1914
  MINIMUM          2    951 AM  -6    1898  21    -19        0
  AVERAGE         13                        30    -17       11

PRECIPITATION (IN)
  YESTERDAY        T             0.79 1983   0.06  -0.06     0.00
  MONTH TO DATE    0.65                      1.84  -1.19     2.03
  SINCE SEP 1      5.96                      6.95  -0.99     5.65
  SINCE JAN 1     33.25                     33.23   0.02    39.87

SNOWFALL (IN)
  YESTERDAY        T             4.5  1995   0.2   -0.2      0.0
  MONTH TO DATE    5.4                       2.5    2.9      4.9
  SINCE SEP 1      5.4                       2.8    2.6      5.9
  SINCE JUL 1      5.4                       2.8    2.6      5.9
  SNOW DEPTH       2

DEGREE DAYS
 HEATING
  YESTERDAY       52                        35     17       54
  MONTH TO DATE  974                       750    224      877
  SINCE SEP 1   1617                      1353    264     1457
  SINCE JUL 1   1634                      1373    261     1477

 COOLING
  YESTERDAY        0                         0      0        0
  MONTH TO DATE    0                         0      0        0
  SINCE SEP 1     51                        87    -36      141
  SINCE JAN 1    658                       799   -141      837
..................................................................


WIND (MPH)
  HIGHEST WIND SPEED    21   HIGHEST WIND DIRECTION    NW (320)
  HIGHEST GUST SPEED    25   HIGHEST GUST DIRECTION    NW (330)
  AVERAGE WIND SPEED     9.1


SKY COVER
  POSSIBLE SUNSHINE  MM
  AVERAGE SKY COVER 0.3


WEATHER CONDITIONS
 THE FOLLOWING WEATHER WAS RECORDED YESTERDAY.
  LIGHT SNOW


RELATIVE HUMIDITY (PERCENT)
 HIGHEST    86           600 PM
 LOWEST     63           100 PM
 AVERAGE    75

..........................................................


THE WATERLOO IA CLIMATE NORMALS FOR TODAY
                         NORMAL    RECORD    YEAR
 MAXIMUM TEMPERATURE (F)   38        66      1909
 MINIMUM TEMPERATURE (F)   20        -9      1977


SUNRISE AND SUNSET
NOVEMBER 28 2014......SUNRISE   716 AM CST   SUNSET   438 PM CST
NOVEMBER 29 2014......SUNRISE   718 AM CST   SUNSET   438 PM CST


-  INDICATES NEGATIVE NUMBERS.
R  INDICATES RECORD WAS SET OR TIED.
MM INDICATES DATA IS MISSING.
T  INDICATES TRACE AMOUNT.




$$
