000
CDUS43 KDMX 160651 RRA
CLIALO

CLIMATE REPORT
NATIONAL WEATHER SERVICE DES MOINES IA
1249 AM CST MON JAN 16 2017


...................................

...THE WATERLOO IA CLIMATE SUMMARY FOR JANUARY 15 2017...

CLIMATE NORMAL PERIOD 1981 TO 2010
CLIMATE RECORD PERIOD 1895 TO 2017


WEATHER ITEM   OBSERVED TIME   RECORD YEAR NORMAL DEPARTURE LAST
                VALUE   (LST)  VALUE       VALUE  FROM      YEAR
                                                  NORMAL
..................................................................
TEMPERATURE (F)
 YESTERDAY
  MAXIMUM         33    240 PM  55    1990  27      6       32
  MINIMUM         12    253 AM -28    1963   9      3       11
  AVERAGE         23                        18      5       22

PRECIPITATION (IN)
  YESTERDAY        0.00          0.62 1952   0.03  -0.03      T
  MONTH TO DATE    1.30                      0.40   0.90     0.54
  SINCE DEC 1      3.17                      1.60   1.57     6.46
  SINCE JAN 1      1.30                      0.40   0.90     0.54

SNOWFALL (IN)
  YESTERDAY        0.0           3.4  1997   0.2   -0.2       T
  MONTH TO DATE    0.6                       3.7   -3.1      0.8
  SINCE DEC 1     11.1                      13.6   -2.5     14.8
  SINCE JUL 1     11.1                      17.0   -5.9     27.5
  SNOW DEPTH       T

DEGREE DAYS
 HEATING
  YESTERDAY       42                        47     -5       43
  MONTH TO DATE  730                       701     29      682
  SINCE DEC 1   2053                      2029     24     1638
  SINCE JUL 1   3042                      3512   -470     2853

 COOLING
  YESTERDAY        0                         0      0        0
  MONTH TO DATE    0                         0      0        0
  SINCE DEC 1      0                         0      0        0
  SINCE JAN 1      0                         0      0        0
..................................................................


WIND (MPH)
  HIGHEST WIND SPEED     8   HIGHEST WIND DIRECTION    SE (120)
  HIGHEST GUST SPEED     9   HIGHEST GUST DIRECTION    SE (150)
  AVERAGE WIND SPEED     3.2


SKY COVER
  POSSIBLE SUNSHINE  MM
  AVERAGE SKY COVER 0.0


WEATHER CONDITIONS
 THE FOLLOWING WEATHER WAS RECORDED YESTERDAY.
  FOG


RELATIVE HUMIDITY (PERCENT)
 HIGHEST    92          1200 AM
 LOWEST     51           200 PM
 AVERAGE    72

..........................................................


THE WATERLOO IA CLIMATE NORMALS FOR TODAY
                         NORMAL    RECORD    YEAR
 MAXIMUM TEMPERATURE (F)   27        56      1914
 MINIMUM TEMPERATURE (F)    9       -34      2009


SUNRISE AND SUNSET
JANUARY 16 2017.......SUNRISE   736 AM CST   SUNSET   503 PM CST
JANUARY 17 2017.......SUNRISE   735 AM CST   SUNSET   505 PM CST


-  INDICATES NEGATIVE NUMBERS.
R  INDICATES RECORD WAS SET OR TIED.
MM INDICATES DATA IS MISSING.
T  INDICATES TRACE AMOUNT.




$$
