000
CDUS43 KDMX 270629
CLIALO

CLIMATE REPORT
NATIONAL WEATHER SERVICE DES MOINES IA
127 AM CDT WED AUG 27 2014


...................................

...THE WATERLOO IA CLIMATE SUMMARY FOR AUGUST 26 2014...

CLIMATE NORMAL PERIOD 1981 TO 2010
CLIMATE RECORD PERIOD 1895 TO 2014


WEATHER ITEM   OBSERVED TIME   RECORD YEAR NORMAL DEPARTURE LAST
                VALUE   (LST)  VALUE       VALUE  FROM      YEAR
                                                  NORMAL
..................................................................
TEMPERATURE (F)
 YESTERDAY
  MAXIMUM         79    335 PM  97    2003  81     -2       93
                                      1955
  MINIMUM         63    805 AM  40    1934  59      4       70
  AVERAGE         71                        70      1       82

PRECIPITATION (IN)
  YESTERDAY        0.36          2.90 1978   0.12   0.24     0.00
  MONTH TO DATE    1.20                      3.65  -2.45     1.84
  SINCE JUN 1     11.97                     13.54  -1.57    10.55
  SINCE JAN 1     26.00                     25.66   0.34    34.13

SNOWFALL (IN)
  YESTERDAY        0.0          MM      MM   0.0    0.0      0.0
  MONTH TO DATE    0.0                       0.0    0.0      0.0
  SINCE JUN 1      0.0                       0.0    0.0      0.0
  SINCE JUL 1      0.0                       0.0    0.0      0.0
  SNOW DEPTH       0

DEGREE DAYS
 HEATING
  YESTERDAY        0                         1     -1        0
  MONTH TO DATE    0                         9     -9        6
  SINCE JUN 1     24                        39    -15       58
  SINCE JUL 1     17                        13      4       20

 COOLING
  YESTERDAY        6                         6      0       17
  MONTH TO DATE  192                       182     10      137
  SINCE JUN 1    511                       630   -119      560
  SINCE JAN 1    578                       686   -108      613
..................................................................


WIND (MPH)
  HIGHEST WIND SPEED    24   HIGHEST WIND DIRECTION    NE (50)
  HIGHEST GUST SPEED    29   HIGHEST GUST DIRECTION    NE (40)
  AVERAGE WIND SPEED     6.3


SKY COVER
  POSSIBLE SUNSHINE  MM
  AVERAGE SKY COVER 0.2


WEATHER CONDITIONS
 THE FOLLOWING WEATHER WAS RECORDED YESTERDAY.
  THUNDERSTORM
  HEAVY RAIN
  RAIN
  LIGHT RAIN
  FOG


RELATIVE HUMIDITY (PERCENT)
 HIGHEST   100           700 AM
 LOWEST     54           300 PM
 AVERAGE    77

..........................................................


THE WATERLOO IA CLIMATE NORMALS FOR TODAY
                         NORMAL    RECORD    YEAR
 MAXIMUM TEMPERATURE (F)   81        96      1955
 MINIMUM TEMPERATURE (F)   59        41      1971
                                             1916


SUNRISE AND SUNSET
AUGUST 27 2014........SUNRISE   629 AM CDT   SUNSET   752 PM CDT
AUGUST 28 2014........SUNRISE   630 AM CDT   SUNSET   750 PM CDT


-  INDICATES NEGATIVE NUMBERS.
R  INDICATES RECORD WAS SET OR TIED.
MM INDICATES DATA IS MISSING.
T  INDICATES TRACE AMOUNT.




$$
