000
CDUS45 KPUB 271143
CLIALS


CLIMATE REPORT
NATIONAL WEATHER SERVICE PUEBLO
441 AM MST MON FEB 27 2017


...................................

...THE ALAMOSA CO CLIMATE SUMMARY FOR FEBRUARY 26 2017...

CLIMATE NORMAL PERIOD 1981 TO 2010
CLIMATE RECORD PERIOD 1932 TO 2017


WEATHER ITEM   OBSERVED TIME   RECORD YEAR NORMAL DEPARTURE LAST
                VALUE   (LST)  VALUE       VALUE  FROM      YEAR
                                                  NORMAL
..................................................................
TEMPERATURE (F)
 YESTERDAY
  MAXIMUM         38    231 PM  65    1986  44     -6       54
  MINIMUM         12    650 AM -16    1977  11      1       15
  AVERAGE         25                        27     -2       35

PRECIPITATION (IN)
  YESTERDAY        0.00          0.41 1967   0.01  -0.01     0.00
  MONTH TO DATE    0.27                      0.24   0.03     0.40
  SINCE DEC 1      2.71                      0.85   1.86     1.23
  SINCE JAN 1      1.63                      0.50   1.13     0.98

SNOWFALL (IN)
  YESTERDAY        0.0           4.4  1967   0.1   -0.1      0.0
  MONTH TO DATE    2.1                       3.5   -1.4      4.1
  SINCE DEC 1     34.2                      12.0   22.2     14.5
  SINCE JUL 1     35.2                      17.8   17.4     18.8
  SNOW DEPTH       0

DEGREE DAYS
 HEATING
  YESTERDAY       40                        38      2       30
  MONTH TO DATE  921                      1107   -186      970
  SINCE DEC 1   3858                      4079   -221     3906
  SINCE JUL 1   5722                      6254   -532     5684

 COOLING
  YESTERDAY        0                         0      0        0
  MONTH TO DATE    0                         0      0        0
  SINCE DEC 1      0                         0      0        0
  SINCE JAN 1      0                         0      0        0
..................................................................


WIND (MPH)
  HIGHEST WIND SPEED    24   HIGHEST WIND DIRECTION     W (250)
  HIGHEST GUST SPEED    27   HIGHEST GUST DIRECTION    SW (240)
  AVERAGE WIND SPEED     7.2


SKY COVER
  POSSIBLE SUNSHINE  MM
  AVERAGE SKY COVER 0.3


WEATHER CONDITIONS
 THE FOLLOWING WEATHER WAS RECORDED YESTERDAY.
  NO SIGNIFICANT WEATHER WAS OBSERVED.


RELATIVE HUMIDITY (PERCENT)
 HIGHEST    76           600 AM
 LOWEST     26           200 PM
 AVERAGE    51

..........................................................


THE ALAMOSA CO CLIMATE NORMALS FOR TODAY
                         NORMAL    RECORD    YEAR
 MAXIMUM TEMPERATURE (F)   44        60      2006
 MINIMUM TEMPERATURE (F)   11       -17      1984


SUNRISE AND SUNSET
FEBRUARY 27 2017......SUNRISE   637 AM MST   SUNSET   556 PM MST
FEBRUARY 28 2017......SUNRISE   636 AM MST   SUNSET   557 PM MST


-  INDICATES NEGATIVE NUMBERS.
R  INDICATES RECORD WAS SET OR TIED.
MM INDICATES DATA IS MISSING.
T  INDICATES TRACE AMOUNT.




$$
