000
CDUS45 KPUB 171146 CCA
CLIALS

CLIMATE REPORT...CORRECTION
NATIONAL WEATHER SERVICE PUEBLO
513 AM MDT THU APR 17 2014


...................................

...THE ALAMOSA CO CLIMATE SUMMARY FOR APRIL 16 2014...

CLIMATE NORMAL PERIOD 1981 TO 2010
CLIMATE RECORD PERIOD 1932 TO 2014


WEATHER ITEM   OBSERVED TIME   RECORD YEAR NORMAL DEPARTURE LAST
                VALUE   (LST)  VALUE       VALUE  FROM      YEAR
                                                  NORMAL
..................................................................
TEMPERATURE (F)
 YESTERDAY
  MAXIMUM         62    101 PM  75    1962  59      3       69
  MINIMUM         24    554 AM   4    1999  24      0       35
  AVERAGE         43                        42      1       52

PRECIPITATION (IN)
  YESTERDAY        0.34R         0.34 2014   0.02   0.32     0.00
  MONTH TO DATE    0.98                      0.29   0.69     0.27
  SINCE MAR 1      1.38                      0.82   0.56     0.61
  SINCE JAN 1      1.50                      1.34   0.16     0.83

SNOWFALL (IN)
  YESTERDAY        1.0           1.1  1999   0.2    0.8      0.0
  MONTH TO DATE    6.6                       2.2    4.4      1.5
  SINCE MAR 1     10.0                       7.2    2.8      4.9
  SINCE JUL 1     38.1                      25.3   12.8     20.4
  SNOW DEPTH       0

DEGREE DAYS
 HEATING
  YESTERDAY       22                        23     -1       13
  MONTH TO DATE  393                       403    -10      363
  SINCE MAR 1   1268                      1380   -112     1322
  SINCE JUL 1   7836                      7709    127     8109

 COOLING
  YESTERDAY        0                         0      0        0
  MONTH TO DATE    0                         0      0        0
  SINCE MAR 1      0                         0      0        0
  SINCE JAN 1      0                         0      0        0
..................................................................


WIND (MPH)
  HIGHEST WIND SPEED    24   HIGHEST WIND DIRECTION     E (80)
  HIGHEST GUST SPEED    35   HIGHEST GUST DIRECTION     E (80)
  AVERAGE WIND SPEED     7.9


SKY COVER
  POSSIBLE SUNSHINE  MM
  AVERAGE SKY COVER 0.4


WEATHER CONDITIONS
 THE FOLLOWING WEATHER WAS RECORDED YESTERDAY.
  LIGHT RAIN
  SNOW
  LIGHT SNOW
  FOG


RELATIVE HUMIDITY (PERCENT)
 HIGHEST   100          1000 PM
 LOWEST     14           100 PM
 AVERAGE    57

..........................................................


THE ALAMOSA CO CLIMATE NORMALS FOR TODAY
                         NORMAL    RECORD    YEAR
 MAXIMUM TEMPERATURE (F)   60        74      1954
                                             1948
 MINIMUM TEMPERATURE (F)   25         3      1999


SUNRISE AND SUNSET
APRIL 17 2014.........SUNRISE   626 AM MDT   SUNSET   741 PM MDT
APRIL 18 2014.........SUNRISE   625 AM MDT   SUNSET   742 PM MDT


-  INDICATES NEGATIVE NUMBERS.
R  INDICATES RECORD WAS SET OR TIED.
MM INDICATES DATA IS MISSING.
T  INDICATES TRACE AMOUNT.




$$
