000
CDUS45 KPUB 231043
CLIALS


CLIMATE REPORT
NATIONAL WEATHER SERVICE PUEBLO
443 AM MDT TUE MAY 23 2017


...................................

...THE ALAMOSA CO CLIMATE SUMMARY FOR MAY 22 2017...

CLIMATE NORMAL PERIOD 1981 TO 2010
CLIMATE RECORD PERIOD 1932 TO 2017


WEATHER ITEM   OBSERVED TIME   RECORD YEAR NORMAL DEPARTURE LAST
                VALUE   (LST)  VALUE       VALUE  FROM      YEAR
                                                  NORMAL
..................................................................
TEMPERATURE (F)
 YESTERDAY
  MAXIMUM         66    432 PM  87    2005  71     -5       72
  MINIMUM         36    500 AM  22    1974  35      1       41
  AVERAGE         51                        53     -2       57

PRECIPITATION (IN)
  YESTERDAY        T             0.27 2009   0.01  -0.01     0.00
  MONTH TO DATE    1.23                      0.42   0.81     0.59
  SINCE MAR 1      2.59                      1.54   1.05     2.86
  SINCE JAN 1      4.24                      2.06   2.18     3.84

SNOWFALL (IN)
  YESTERDAY        0.0           T    1957   0.0    0.0      0.0
  MONTH TO DATE    1.1                       0.9    0.2      0.8
  SINCE MAR 1      6.7                       9.5   -2.8     24.2
  SINCE JUL 1     42.2                      27.6   14.6     43.0
  SNOW DEPTH       0

DEGREE DAYS
 HEATING
  YESTERDAY       14                        12      2        8
  MONTH TO DATE  350                       331     19      331
  SINCE MAR 1   1725                      2002   -277     1933
  SINCE JUL 1   7514                      8331   -817     7699

 COOLING
  YESTERDAY        0                         0      0        0
  MONTH TO DATE    0                         0      0        0
  SINCE MAR 1      0                         0      0        0
  SINCE JAN 1      0                         0      0        0
..................................................................


WIND (MPH)
  HIGHEST WIND SPEED    26   HIGHEST WIND DIRECTION     N (350)
  HIGHEST GUST SPEED    34   HIGHEST GUST DIRECTION     N (350)
  AVERAGE WIND SPEED     6.7


SKY COVER
  POSSIBLE SUNSHINE  MM
  AVERAGE SKY COVER 0.3


WEATHER CONDITIONS
 THE FOLLOWING WEATHER WAS RECORDED YESTERDAY.
  LIGHT RAIN
  HAZE


RELATIVE HUMIDITY (PERCENT)
 HIGHEST    82           500 AM
 LOWEST     20           500 PM
 AVERAGE    51

..........................................................


THE ALAMOSA CO CLIMATE NORMALS FOR TODAY
                         NORMAL    RECORD    YEAR
 MAXIMUM TEMPERATURE (F)   71        87      2005
 MINIMUM TEMPERATURE (F)   35        23      1975
                                             1972


SUNRISE AND SUNSET
MAY 23 2017...........SUNRISE   548 AM MDT   SUNSET   813 PM MDT
MAY 24 2017...........SUNRISE   548 AM MDT   SUNSET   813 PM MDT


-  INDICATES NEGATIVE NUMBERS.
R  INDICATES RECORD WAS SET OR TIED.
MM INDICATES DATA IS MISSING.
T  INDICATES TRACE AMOUNT.




$$
