000
CDUS45 KPUB 290041
CLIALS


CLIMATE REPORT
NATIONAL WEATHER SERVICE PUEBLO
541 PM MST SUN DEC 28 2014


...................................

...THE ALAMOSA CO CLIMATE SUMMARY FOR DECEMBER 28 2014...
VALID TODAY AS OF 0500 PM LOCAL TIME.

CLIMATE NORMAL PERIOD 1981 TO 2010
CLIMATE RECORD PERIOD 1932 TO 2014


WEATHER ITEM   OBSERVED TIME   RECORD YEAR NORMAL DEPARTURE LAST
                VALUE   (LST)  VALUE       VALUE  FROM      YEAR
                                                  NORMAL
..................................................................
TEMPERATURE (F)
 TODAY
  MAXIMUM         24    314 PM  51    1980  34    -10       22
  MINIMUM        -11    524 AM -29    2007  -2     -9       -8
  AVERAGE          7                        16     -9        7

PRECIPITATION (IN)
  TODAY            0.00          0.27 1983   0.01  -0.01     0.00
  MONTH TO DATE    0.21                      0.32  -0.11     0.04
  SINCE DEC 1      0.21                      0.32  -0.11     0.04
  SINCE JAN 1      5.54                      7.28  -1.74    10.05

SNOWFALL (IN)
  TODAY            0.0           3.4  1972   0.1   -0.1      0.0
  MONTH TO DATE    1.5                       4.1   -2.6      1.0
  SINCE DEC 1      1.5                       4.1   -2.6      1.0
  SINCE JUL 1      3.1                       9.9   -6.8     22.6
  SNOW DEPTH       T

DEGREE DAYS
 HEATING
  TODAY           58                        49      9       58
  MONTH TO DATE 1137                      1315   -178     1604
  SINCE DEC 1   1137                      1315   -178     1604
  SINCE JUL 1   2980                      3490   -510     3704

 COOLING
  TODAY            0                         0      0        0
  MONTH TO DATE    0                         0      0        0
  SINCE DEC 1      0                         0      0        0
  SINCE JAN 1     60                        51      9      113
..................................................................


WIND (MPH)
  HIGHEST WIND SPEED    14   HIGHEST WIND DIRECTION     N (10)
  HIGHEST GUST SPEED    17   HIGHEST GUST DIRECTION     N (10)
  AVERAGE WIND SPEED     3.4


SKY COVER
  POSSIBLE SUNSHINE  MM
  AVERAGE SKY COVER 0.1


WEATHER CONDITIONS
 THE FOLLOWING WEATHER WAS RECORDED TODAY.
  FOG
  HAZE


RELATIVE HUMIDITY (PERCENT)
 HIGHEST    83           100 AM
 LOWEST     45           200 PM
 AVERAGE    64

..........................................................


THE ALAMOSA CO CLIMATE NORMALS FOR TOMORROW
                         NORMAL    RECORD    YEAR
 MAXIMUM TEMPERATURE (F)   34        51      2004
                                             1980
                                             1973
 MINIMUM TEMPERATURE (F)   -2       -33      2007


SUNRISE AND SUNSET
DECEMBER 28 2014......SUNRISE   717 AM MST   SUNSET   453 PM MST
DECEMBER 29 2014......SUNRISE   717 AM MST   SUNSET   454 PM MST


-  INDICATES NEGATIVE NUMBERS.
R  INDICATES RECORD WAS SET OR TIED.
MM INDICATES DATA IS MISSING.
T  INDICATES TRACE AMOUNT.




$$
