000
CDUS45 KPUB 240021
CLIALS


CLIMATE REPORT
NATIONAL WEATHER SERVICE PUEBLO
621 PM MDT TUE SEP 23 2014


...................................

...THE ALAMOSA CO CLIMATE SUMMARY FOR SEPTEMBER 23 2014...
VALID TODAY AS OF 0500 PM LOCAL TIME.

CLIMATE NORMAL PERIOD 1981 TO 2010
CLIMATE RECORD PERIOD 1932 TO 2014


WEATHER ITEM   OBSERVED TIME   RECORD YEAR NORMAL DEPARTURE LAST
                VALUE   (LST)  VALUE       VALUE  FROM      YEAR
                                                  NORMAL
..................................................................
TEMPERATURE (F)
 TODAY
  MAXIMUM         76    358 PM  84    1944  71      5       62
  MINIMUM         35    513 AM  19    1946  34      1       37
  AVERAGE         56                        52      4       50

PRECIPITATION (IN)
  TODAY            0.00          0.81 1941   0.03  -0.03     0.00
  MONTH TO DATE    0.09                      0.75  -0.66     2.98
  SINCE SEP 1      0.09                      0.75  -0.66     2.98
  SINCE JAN 1      3.97                      5.70  -1.73     7.85

SNOWFALL (IN)
  TODAY            0.0           0.0  2002   0.0    0.0      0.0
  MONTH TO DATE    0.0                       0.0    0.0      0.0
  SINCE SEP 1      0.0                       0.0    0.0      0.0
  SINCE JUL 1      0.0                       0.0    0.0      0.0
  SNOW DEPTH       0

DEGREE DAYS
 HEATING
  TODAY            9                        13     -4       15
  MONTH TO DATE  121                       201    -80      112
  SINCE SEP 1    121                       201    -80      112
  SINCE JUL 1    242                       330    -88      187

 COOLING
  TODAY            0                         0      0        0
  MONTH TO DATE    0                         0      0       14
  SINCE SEP 1      0                         0      0       14
  SINCE JAN 1     60                        51      9      113
..................................................................


WIND (MPH)
  HIGHEST WIND SPEED    14   HIGHEST WIND DIRECTION    NE (40)
  HIGHEST GUST SPEED    18   HIGHEST GUST DIRECTION     N (20)
  AVERAGE WIND SPEED     3.5


SKY COVER
  POSSIBLE SUNSHINE  MM
  AVERAGE SKY COVER 0.1


WEATHER CONDITIONS
 THE FOLLOWING WEATHER WAS RECORDED TODAY.
  FOG
  FOG W/VISIBILITY <= 1/4 MILE


RELATIVE HUMIDITY (PERCENT)
 HIGHEST   100           500 AM
 LOWEST     23           100 PM
 AVERAGE    62

..........................................................


THE ALAMOSA CO CLIMATE NORMALS FOR TOMORROW
                         NORMAL    RECORD    YEAR
 MAXIMUM TEMPERATURE (F)   70        81      1947
 MINIMUM TEMPERATURE (F)   33        21      2006
                                             1946


SUNRISE AND SUNSET
SEPTEMBER 23 2014.....SUNRISE   652 AM MDT   SUNSET   659 PM MDT
SEPTEMBER 24 2014.....SUNRISE   653 AM MDT   SUNSET   657 PM MDT


-  INDICATES NEGATIVE NUMBERS.
R  INDICATES RECORD WAS SET OR TIED.
MM INDICATES DATA IS MISSING.
T  INDICATES TRACE AMOUNT.




$$
