000
CDUS45 KPUB 211030
CLIALS


CLIMATE REPORT
NATIONAL WEATHER SERVICE PUEBLO
429 AM MDT THU AUG 21 2014


...................................

...THE ALAMOSA CO CLIMATE SUMMARY FOR AUGUST 20 2014...

CLIMATE NORMAL PERIOD 1981 TO 2010
CLIMATE RECORD PERIOD 1932 TO 2014


WEATHER ITEM   OBSERVED TIME   RECORD YEAR NORMAL DEPARTURE LAST
                VALUE   (LST)  VALUE       VALUE  FROM      YEAR
                                                  NORMAL
..................................................................
TEMPERATURE (F)
 YESTERDAY
  MAXIMUM         81    414 PM  87    1987  79      2       86
                                      1986
  MINIMUM         51   1116 PM  31    1938  46      5       45
  AVERAGE         66                        62      4       66

PRECIPITATION (IN)
  YESTERDAY        0.00          0.84 1990   0.04  -0.04     0.00
  MONTH TO DATE    T                         0.82  -0.82     2.16
  SINCE JUN 1      1.54                      2.28  -0.74     3.50
  SINCE JAN 1      3.35                      4.50  -1.15     4.56

SNOWFALL (IN)
  YESTERDAY        0.0           0.0  2002   0.0    0.0      0.0
  MONTH TO DATE    0.0                       0.0    0.0      0.0
  SINCE JUN 1      0.0                       0.0    0.0      0.0
  SINCE JUL 1      0.0                       0.0    0.0      0.0
  SNOW DEPTH       0

DEGREE DAYS
 HEATING
  YESTERDAY        0                         3     -3        0
  MONTH TO DATE   39                        41     -2       47
  SINCE JUN 1    187                       254    -67      177
  SINCE JUL 1     61                        86    -25       75

 COOLING
  YESTERDAY        1                         0      1        1
  MONTH TO DATE    3                        12     -9       14
  SINCE JUN 1     60                        50     10       79
  SINCE JAN 1     60                        50     10       79
..................................................................


WIND (MPH)
  HIGHEST WIND SPEED    22   HIGHEST WIND DIRECTION     N (340)
  HIGHEST GUST SPEED    27   HIGHEST GUST DIRECTION     N (340)
  AVERAGE WIND SPEED     7.9


SKY COVER
  POSSIBLE SUNSHINE  MM
  AVERAGE SKY COVER 0.4


WEATHER CONDITIONS
 THE FOLLOWING WEATHER WAS RECORDED YESTERDAY.
  NO SIGNIFICANT WEATHER WAS OBSERVED.


RELATIVE HUMIDITY (PERCENT)
 HIGHEST    67           400 AM
 LOWEST     21           400 PM
 AVERAGE    44

..........................................................


THE ALAMOSA CO CLIMATE NORMALS FOR TODAY
                         NORMAL    RECORD    YEAR
 MAXIMUM TEMPERATURE (F)   79        88      2013
                                             2007
 MINIMUM TEMPERATURE (F)   45        29      1964


SUNRISE AND SUNSET
AUGUST 21 2014........SUNRISE   625 AM MDT   SUNSET   748 PM MDT
AUGUST 22 2014........SUNRISE   626 AM MDT   SUNSET   746 PM MDT


-  INDICATES NEGATIVE NUMBERS.
R  INDICATES RECORD WAS SET OR TIED.
MM INDICATES DATA IS MISSING.
T  INDICATES TRACE AMOUNT.




$$
