000
CDUS45 KPUB 230037
CLIALS


CLIMATE REPORT
NATIONAL WEATHER SERVICE PUEBLO
537 PM MST SUN JAN 22 2017


...................................

...THE ALAMOSA CO CLIMATE SUMMARY FOR JANUARY 22 2017...
VALID TODAY AS OF 0500 PM LOCAL TIME.

CLIMATE NORMAL PERIOD 1981 TO 2010
CLIMATE RECORD PERIOD 1932 TO 2017


WEATHER ITEM   OBSERVED TIME   RECORD YEAR NORMAL DEPARTURE LAST
                VALUE   (LST)  VALUE       VALUE  FROM      YEAR
                                                  NORMAL
..................................................................
TEMPERATURE (F)
 TODAY
  MAXIMUM         30    320 PM  58    1951  35     -5       32
  MINIMUM         -8    704 AM -31    1959  -2     -6       -8
  AVERAGE         11                        16     -5       12

PRECIPITATION (IN)
  TODAY            0.00          0.22 1939   0.01  -0.01     0.00
  MONTH TO DATE    1.28                      0.18   1.10     0.57
  SINCE DEC 1      2.36                      0.53   1.83     0.82
  SINCE JAN 1      1.28                      0.18   1.10     0.57

SNOWFALL (IN)
  TODAY            0.0           4.0  1939   0.2   -0.2      0.0
  MONTH TO DATE   17.8                       2.7   15.1      6.7
  SINCE DEC 1     28.0                       7.2   20.8     10.1
  SINCE JUL 1     29.0                      13.0   16.0     14.4
  SNOW DEPTH       4

DEGREE DAYS
 HEATING
  TODAY           54                        48      6       53
  MONTH TO DATE  993                      1077    -84     1185
  SINCE DEC 1   2437                      2539   -102     2518
  SINCE JUL 1   4301                      4714   -413     4296

 COOLING
  TODAY            0                         0      0        0
  MONTH TO DATE    0                         0      0        0
  SINCE DEC 1      0                         0      0        0
  SINCE JAN 1      0                         0      0        0
..................................................................


WIND (MPH)
  HIGHEST WIND SPEED    15   HIGHEST WIND DIRECTION    SE (130)
  HIGHEST GUST SPEED    18   HIGHEST GUST DIRECTION    SE (130)
  AVERAGE WIND SPEED     5.0


SKY COVER
  POSSIBLE SUNSHINE  MM
  AVERAGE SKY COVER 0.2


WEATHER CONDITIONS
 THE FOLLOWING WEATHER WAS RECORDED TODAY.
  FOG
  FOG W/VISIBILITY <= 1/4 MILE


RELATIVE HUMIDITY (PERCENT)
 HIGHEST   100           900 AM
 LOWEST     63           100 PM
 AVERAGE    82

..........................................................


THE ALAMOSA CO CLIMATE NORMALS FOR TOMORROW
                         NORMAL    RECORD    YEAR
 MAXIMUM TEMPERATURE (F)   35        55      1950
 MINIMUM TEMPERATURE (F)   -1       -29      1984
                                             1940


SUNRISE AND SUNSET
JANUARY 22 2017.......SUNRISE   714 AM MST   SUNSET   517 PM MST
JANUARY 23 2017.......SUNRISE   713 AM MST   SUNSET   518 PM MST


-  INDICATES NEGATIVE NUMBERS.
R  INDICATES RECORD WAS SET OR TIED.
MM INDICATES DATA IS MISSING.
T  INDICATES TRACE AMOUNT.




$$
