000
CDUS45 KPUB 171053
CLIALS


CLIMATE REPORT
NATIONAL WEATHER SERVICE PUEBLO
452 AM MDT TUE OCT 17 2017


...................................

...THE ALAMOSA CO CLIMATE SUMMARY FOR OCTOBER 16 2017...

CLIMATE NORMAL PERIOD 1981 TO 2010
CLIMATE RECORD PERIOD 1932 TO 2017


WEATHER ITEM   OBSERVED TIME   RECORD YEAR NORMAL DEPARTURE LAST
                VALUE   (LST)  VALUE       VALUE  FROM      YEAR
                                                  NORMAL
..................................................................
TEMPERATURE (F)
 YESTERDAY
  MAXIMUM         68    422 PM  77    1991  62      6       74
  MINIMUM         15    528 AM   9    1967  24     -9       37
  AVERAGE         42                        43     -1       56

PRECIPITATION (IN)
  YESTERDAY        0.00          0.64 1960   0.02  -0.02     0.00
  MONTH TO DATE    0.05                      0.35  -0.30     0.02
  SINCE SEP 1      1.80                      1.26   0.54     0.30
  SINCE JAN 1     10.49                      6.21   4.28     7.65

SNOWFALL (IN)
  YESTERDAY        0.0           3.2  1960   0.1   -0.1      0.0
  MONTH TO DATE    T                         0.6   -0.6      0.0
  SINCE SEP 1      T                         0.6   -0.6      0.0
  SINCE JUL 1      T                         0.6   -0.6      0.0
  SNOW DEPTH       0

DEGREE DAYS
 HEATING
  YESTERDAY       23                        22      1        9
  MONTH TO DATE  286                       303    -17      268
  SINCE SEP 1    531                       605    -74      519
  SINCE JUL 1    630                       734   -104      663

 COOLING
  YESTERDAY        0                         0      0        0
  MONTH TO DATE    0                         0      0        0
  SINCE SEP 1      0                         0      0        0
  SINCE JAN 1     76                        51     25      115
..................................................................


WIND (MPH)
  HIGHEST WIND SPEED    10   HIGHEST WIND DIRECTION    NW (300)
  HIGHEST GUST SPEED    13   HIGHEST GUST DIRECTION    SE (140)
  AVERAGE WIND SPEED     3.8


SKY COVER
  POSSIBLE SUNSHINE  MM
  AVERAGE SKY COVER 0.0


WEATHER CONDITIONS
 THE FOLLOWING WEATHER WAS RECORDED YESTERDAY.
  NO SIGNIFICANT WEATHER WAS OBSERVED.


RELATIVE HUMIDITY (PERCENT)
 HIGHEST    80           500 AM
 LOWEST      8           200 PM
 AVERAGE    44

..........................................................


THE ALAMOSA CO CLIMATE NORMALS FOR TODAY
                         NORMAL    RECORD    YEAR
 MAXIMUM TEMPERATURE (F)   62        76      2016
 MINIMUM TEMPERATURE (F)   24         8      1999


SUNRISE AND SUNSET
OCTOBER 17 2017.......SUNRISE   714 AM MDT   SUNSET   623 PM MDT
OCTOBER 18 2017.......SUNRISE   715 AM MDT   SUNSET   622 PM MDT


-  INDICATES NEGATIVE NUMBERS.
R  INDICATES RECORD WAS SET OR TIED.
MM INDICATES DATA IS MISSING.
T  INDICATES TRACE AMOUNT.




$$
