000
CDUS44 KAMA 230728
CLIAMA


CLIMATE REPORT
NATIONAL WEATHER SERVICE AMARILLO TX
126 AM CST SUN NOV 23 2014


...................................

...THE AMARILLO CLIMATE SUMMARY FOR NOVEMBER 22 2014...

CLIMATE NORMAL PERIOD 1981 TO 2010
CLIMATE RECORD PERIOD 1892 TO 2014


WEATHER ITEM   OBSERVED TIME   RECORD YEAR NORMAL DEPARTURE LAST
                VALUE   (LST)  VALUE       VALUE  FROM      YEAR
                                                  NORMAL
..................................................................
TEMPERATURE (F)
 YESTERDAY
  MAXIMUM         70    337 PM  83    1998  57     13       24
  MINIMUM         38   1226 AM   7    1929  30      8       20
  AVERAGE         54                        43     11       22

PRECIPITATION (IN)
  YESTERDAY        0.00          0.59 1902   0.02  -0.02     0.01
  MONTH TO DATE    0.26                      0.64  -0.38     0.01
  SINCE SEP 1      5.50                      4.22   1.28     2.01
  SINCE JAN 1     19.19                     19.49  -0.30    14.38

SNOWFALL (IN)
  YESTERDAY        0.0           3.1  1941   0.1   -0.1       T
  MONTH TO DATE    2.5                       1.6    0.9       T
  SINCE SEP 1      2.5                       1.8    0.7       T
  SINCE JUL 1      2.5                       1.8    0.7       T
  SNOW DEPTH       0

DEGREE DAYS
 HEATING
  YESTERDAY       11                        22    -11       43
  MONTH TO DATE  489                       374    115      366
  SINCE SEP 1    653                       653      0      610
  SINCE JUL 1    653                       654     -1      610

 COOLING
  YESTERDAY        0                         0      0        0
  MONTH TO DATE    0                         0      0        0
  SINCE SEP 1    204                       206     -2      310
  SINCE JAN 1   1534                      1398    136     1806
..................................................................


WIND (MPH)
  RESULTANT WIND SPEED  11   RESULTANT WIND DIRECTION   S (200)
  HIGHEST WIND SPEED    21   HIGHEST WIND DIRECTION    SW (220)
  HIGHEST GUST SPEED    26   HIGHEST GUST DIRECTION     S (200)
  AVERAGE WIND SPEED    12.6


SKY COVER
  AVERAGE SKY COVER 0.0


WEATHER CONDITIONS
 THE FOLLOWING WEATHER WAS RECORDED YESTERDAY.
  NO SIGNIFICANT WEATHER WAS OBSERVED.


RELATIVE HUMIDITY (PERCENT)
 HIGHEST    92          1200 AM
 LOWEST     15           400 PM
 AVERAGE    54

..........................................................


THE AMARILLO CLIMATE NORMALS FOR TODAY
                         NORMAL    RECORD    YEAR
 MAXIMUM TEMPERATURE (F)   56        79      1965
 MINIMUM TEMPERATURE (F)   29         3      1957


SUNRISE AND SUNSET
NOVEMBER 23 2014......SUNRISE   730 AM CST   SUNSET   537 PM CST
NOVEMBER 24 2014......SUNRISE   730 AM CST   SUNSET   536 PM CST


-  INDICATES NEGATIVE NUMBERS.
R  INDICATES RECORD WAS SET OR TIED.
MM INDICATES DATA IS MISSING.
T  INDICATES TRACE AMOUNT.




$$
