000
CDUS44 KAMA 280642
CLIAMA


CLIMATE REPORT
NATIONAL WEATHER SERVICE AMARILLO TX
140 AM CDT THU MAY 28 2015


...THE AMARILLO CLIMATE SUMMARY FOR MAY 27 2015...

CLIMATE NORMAL PERIOD 1981 TO 2010
CLIMATE RECORD PERIOD 1892 TO 2015


WEATHER ITEM   OBSERVED TIME   RECORD YEAR NORMAL DEPARTURE LAST
                VALUE   (LST)  VALUE       VALUE  FROM      YEAR
                                                  NORMAL
..................................................................
TEMPERATURE (F)
 YESTERDAY
  MAXIMUM         85    344 PM  99    1945  82      3       80
  MINIMUM         57    616 AM  38    1907  55      2       56
  AVERAGE         71                        69      2       68

PRECIPITATION (IN)
  YESTERDAY        T             3.52 1902   0.10  -0.10     0.00
  MONTH TO DATE    9.26                      1.87   7.39     3.55
  SINCE MAR 1     12.44                      4.66   7.78     4.32
  SINCE JAN 1     14.52                      5.94   8.58     4.71

SNOWFALL (IN)
  YESTERDAY        0.0           T    2002   0.0    0.0      0.0
  MONTH TO DATE    0.0                       0.2   -0.2      0.0
  SINCE MAR 1      0.1                       3.8   -3.7      0.7
  SINCE JUL 1     23.9                      17.8    6.1     12.8
  SNOW DEPTH       0

DEGREE DAYS
 HEATING
  YESTERDAY        0                         1     -1        0
  MONTH TO DATE  103                        79     24       66
  SINCE MAR 1    731                       890   -159      871
  SINCE JUL 1   3856                      4167   -311     4224

 COOLING
  YESTERDAY        6                         5      1        3
  MONTH TO DATE   24                        81    -57      129
  SINCE MAR 1     46                       102    -56      160
  SINCE JAN 1     46                       102    -56      160
..................................................................


WIND (MPH)
  RESULTANT WIND SPEED  11   RESULTANT WIND DIRECTION   S (160)
  HIGHEST WIND SPEED    32   HIGHEST WIND DIRECTION    SE (150)
  HIGHEST GUST SPEED    43   HIGHEST GUST DIRECTION     S (160)
  AVERAGE WIND SPEED   14.6


SKY COVER
  AVERAGE SKY COVER 0.1


WEATHER CONDITIONS
 THE FOLLOWING WEATHER WAS RECORDED YESTERDAY.
  THUNDERSTORM
  LIGHT RAIN
  HAZE


RELATIVE HUMIDITY (PERCENT)
 HIGHEST   100           300 AM
 LOWEST     40           300 PM
 AVERAGE    70

..................................................................


THE AMARILLO CLIMATE NORMALS FOR TODAY
                         NORMAL    RECORD    YEAR
 MAXIMUM TEMPERATURE (F)   83       100      2011
 MINIMUM TEMPERATURE (F)   56        39      1992
                                             1947


SUNRISE AND SUNSET
MAY 28 2015...........SUNRISE   635 AM CDT   SUNSET   853 PM CDT
MAY 29 2015...........SUNRISE   635 AM CDT   SUNSET   854 PM CDT


-  INDICATES NEGATIVE NUMBERS.
R  INDICATES RECORD WAS SET OR TIED.
MM INDICATES DATA IS MISSING.
T  INDICATES TRACE AMOUNT.


$$
