000
CDUS44 KAMA 280632
CLIAMA


CLIMATE REPORT
NATIONAL WEATHER SERVICE AMARILLO TX
131 AM CDT TUE MAR 28 2017


...................................

...THE AMARILLO CLIMATE SUMMARY FOR MARCH 27 2017...

CLIMATE NORMAL PERIOD 1981 TO 2010
CLIMATE RECORD PERIOD 1892 TO 2017


WEATHER ITEM   OBSERVED TIME   RECORD YEAR NORMAL DEPARTURE LAST
                VALUE   (LST)  VALUE       VALUE  FROM      YEAR
                                                  NORMAL
..................................................................
TEMPERATURE (F)
 YESTERDAY
  MAXIMUM         71    450 PM  94    1971  66      5       57
  MINIMUM         35    702 AM   7    1931  36     -1       26
  AVERAGE         53                        51      2       42

PRECIPITATION (IN)
  YESTERDAY        0.00          1.60 1929   0.05  -0.05     0.14
  MONTH TO DATE    0.11                      1.19  -1.08     0.27
  SINCE MAR 1      0.11                      1.19  -1.08     0.27
  SINCE JAN 1      3.79                      2.47   1.32     0.96

SNOWFALL (IN)
  YESTERDAY        0.0           9.9  2009   0.1   -0.1      0.9
  MONTH TO DATE    0.0                       2.6   -2.6      1.3
  SINCE MAR 1      0.0                       2.6   -2.6      1.3
  SINCE JUL 1      8.0                      16.6   -8.6     13.4
  SNOW DEPTH       0

DEGREE DAYS
 HEATING
  YESTERDAY       12                        14     -2       23
  MONTH TO DATE  290                       478   -188      338
  SINCE MAR 1    290                       478   -188      338
  SINCE JUL 1   2848                      3755   -907     3079

 COOLING
  YESTERDAY        0                         0      0        0
  MONTH TO DATE   12                         0     12        2
  SINCE MAR 1     12                         0     12        2
  SINCE JAN 1     17                         0     17        3
..................................................................


WIND (MPH)
  RESULTANT WIND SPEED   1   RESULTANT WIND DIRECTION  NE (60)
  HIGHEST WIND SPEED    23   HIGHEST WIND DIRECTION    SE (130)
  HIGHEST GUST SPEED    29   HIGHEST GUST DIRECTION    SE (130)
  AVERAGE WIND SPEED    11.5


SKY COVER
  AVERAGE SKY COVER 0.0


WEATHER CONDITIONS
 THE FOLLOWING WEATHER WAS RECORDED YESTERDAY.
  NO SIGNIFICANT WEATHER WAS OBSERVED.


RELATIVE HUMIDITY (PERCENT)
 HIGHEST   100           700 AM
 LOWEST     28           300 PM
 AVERAGE    64

..........................................................


THE AMARILLO CLIMATE NORMALS FOR TODAY
                         NORMAL    RECORD    YEAR
 MAXIMUM TEMPERATURE (F)   66        90      1963
 MINIMUM TEMPERATURE (F)   36         7      1899


SUNRISE AND SUNSET
MARCH 28 2017.........SUNRISE   739 AM CDT   SUNSET   805 PM CDT
MARCH 29 2017.........SUNRISE   737 AM CDT   SUNSET   806 PM CDT


-  INDICATES NEGATIVE NUMBERS.
R  INDICATES RECORD WAS SET OR TIED.
MM INDICATES DATA IS MISSING.
T  INDICATES TRACE AMOUNT.




$$
