000
CDUS44 KAMA 290629
CLIAMA


CLIMATE REPORT
NATIONAL WEATHER SERVICE AMARILLO TX
128 AM CDT SUN MAR 29 2015


...................................

...THE AMARILLO CLIMATE SUMMARY FOR MARCH 28 2015...

CLIMATE NORMAL PERIOD 1981 TO 2010
CLIMATE RECORD PERIOD 1892 TO 2015


WEATHER ITEM   OBSERVED TIME   RECORD YEAR NORMAL DEPARTURE LAST
                VALUE   (LST)  VALUE       VALUE  FROM      YEAR
                                                  NORMAL
..................................................................
TEMPERATURE (F)
 YESTERDAY
  MAXIMUM         84    504 PM  90    1963  66     18       63
  MINIMUM         40    628 AM   7    1899  36      4       41
  AVERAGE         62                        51     11       52

PRECIPITATION (IN)
  YESTERDAY        0.00          0.78 1970   0.05  -0.05     0.00
  MONTH TO DATE    0.21                      1.24  -1.03     0.20
  SINCE MAR 1      0.21                      1.24  -1.03     0.20
  SINCE JAN 1      2.29                      2.52  -0.23     0.59

SNOWFALL (IN)
  YESTERDAY        0.0           5.0  1970   0.1   -0.1      0.0
  MONTH TO DATE    0.1                       2.7   -2.6      0.3
  SINCE MAR 1      0.1                       2.7   -2.6      0.3
  SINCE JUL 1     23.9                      16.7    7.2     12.4
  SNOW DEPTH       0

DEGREE DAYS
 HEATING
  YESTERDAY        3                        14    -11       13
  MONTH TO DATE  433                       492    -59      544
  SINCE MAR 1    433                       492    -59      544
  SINCE JUL 1   3558                      3769   -211     3897

 COOLING
  YESTERDAY        0                         0      0        0
  MONTH TO DATE    0                         0      0        0
  SINCE MAR 1      0                         0      0        0
  SINCE JAN 1      0                         0      0        0
..................................................................


WIND (MPH)
  RESULTANT WIND SPEED   3   RESULTANT WIND DIRECTION   S (190)
  HIGHEST WIND SPEED    18   HIGHEST WIND DIRECTION     S (170)
  HIGHEST GUST SPEED    22   HIGHEST GUST DIRECTION     S (170)
  AVERAGE WIND SPEED     9.0


SKY COVER
  AVERAGE SKY COVER 0.0


WEATHER CONDITIONS
 THE FOLLOWING WEATHER WAS RECORDED YESTERDAY.
  NO SIGNIFICANT WEATHER WAS OBSERVED.


RELATIVE HUMIDITY (PERCENT)
 HIGHEST    79           600 AM
 LOWEST     10           300 PM
 AVERAGE    45

..........................................................


THE AMARILLO CLIMATE NORMALS FOR TODAY
                         NORMAL    RECORD    YEAR
 MAXIMUM TEMPERATURE (F)   66        87      2012
                                             1967
 MINIMUM TEMPERATURE (F)   36        13      1944


SUNRISE AND SUNSET
MARCH 29 2015.........SUNRISE   738 AM CDT   SUNSET   806 PM CDT
MARCH 30 2015.........SUNRISE   737 AM CDT   SUNSET   806 PM CDT


-  INDICATES NEGATIVE NUMBERS.
R  INDICATES RECORD WAS SET OR TIED.
MM INDICATES DATA IS MISSING.
T  INDICATES TRACE AMOUNT.




$$
