527
CDUS44 KAMA 082227
CLIAMA


CLIMATE REPORT
NATIONAL WEATHER SERVICE AMARILLO TX
426 PM CST MON FEB 8 2016


...................................

...THE AMARILLO CLIMATE SUMMARY FOR FEBRUARY 8 2016...
VALID TODAY AS OF 0426 PM LOCAL TIME.

CLIMATE NORMAL PERIOD 1981 TO 2010
CLIMATE RECORD PERIOD 1892 TO 2016


WEATHER ITEM   OBSERVED TIME   RECORD YEAR NORMAL DEPARTURE LAST
                VALUE   (LST)  VALUE       VALUE  FROM      YEAR
                                                  NORMAL
..................................................................
TEMPERATURE (F)
 TODAY
  MAXIMUM         54    257 PM  80    1957  53      1       76
  MINIMUM         23    747 AM  -8    1933  25     -2       43
  AVERAGE         39                        39      0       60

PRECIPITATION (IN)
  TODAY            0.00          0.61 2001   0.03  -0.03     0.00
  MONTH TO DATE    0.11                      0.18  -0.07      T
  SINCE DEC 1      1.08                      1.61  -0.53     1.74
  SINCE JAN 1      0.30                      0.90  -0.60     1.61

SNOWFALL (IN)
  TODAY            0.0           5.0  2011   0.2   -0.2      0.0
  MONTH TO DATE    T                         1.2   -1.2       T
  SINCE DEC 1      7.6                       9.6   -2.0     14.5
  SINCE JUL 1      8.9                      12.3   -3.4     17.0
  SNOW DEPTH       0

DEGREE DAYS
 HEATING
  TODAY           26                        26      0        5
  MONTH TO DATE  231                       213     18      154
  SINCE DEC 1   1773                      1954   -181     1800
  SINCE JUL 1   2432                      2798   -366     2594

 COOLING
  TODAY            0                         0      0        0
  MONTH TO DATE    0                         0      0        0
  SINCE DEC 1      0                         0      0        0
  SINCE JAN 1      0                         0      0        0
..................................................................


WIND (MPH)
  RESULTANT WIND SPEED  14   RESULTANT WIND DIRECTION  NW (320)
  HIGHEST WIND SPEED    23   HIGHEST WIND DIRECTION    NW (330)
  HIGHEST GUST SPEED    29   HIGHEST GUST DIRECTION    NW (330)
  AVERAGE WIND SPEED    14.5


SKY COVER
  AVERAGE SKY COVER 0.0


WEATHER CONDITIONS
 THE FOLLOWING WEATHER WAS RECORDED TODAY.
  NO SIGNIFICANT WEATHER WAS OBSERVED.


RELATIVE HUMIDITY (PERCENT)
 HIGHEST    65           700 AM
 LOWEST     26          1200 PM
 AVERAGE    46

..........................................................


THE AMARILLO CLIMATE NORMALS FOR TOMORROW
                         NORMAL    RECORD    YEAR
 MAXIMUM TEMPERATURE (F)   53        82      1976
 MINIMUM TEMPERATURE (F)   25        -8      1933


SUNRISE AND SUNSET
FEBRUARY  8 2016......SUNRISE   740 AM CST   SUNSET   622 PM CST
FEBRUARY  9 2016......SUNRISE   740 AM CST   SUNSET   623 PM CST


-  INDICATES NEGATIVE NUMBERS.
R  INDICATES RECORD WAS SET OR TIED.
MM INDICATES DATA IS MISSING.
T  INDICATES TRACE AMOUNT.




$$
