000
CDUS44 KAMA 040743
CLIAMA


CLIMATE REPORT
NATIONAL WEATHER SERVICE AMARILLO TX
142 AM CST SUN DEC 4 2016


...................................

...THE AMARILLO CLIMATE SUMMARY FOR DECEMBER 3 2016...

CLIMATE NORMAL PERIOD 1981 TO 2010
CLIMATE RECORD PERIOD 1892 TO 2016


WEATHER ITEM   OBSERVED TIME   RECORD YEAR NORMAL DEPARTURE LAST
                VALUE   (LST)  VALUE       VALUE  FROM      YEAR
                                                  NORMAL
..................................................................
TEMPERATURE (F)
 YESTERDAY
  MAXIMUM         39    804 PM  75    2010  52    -13       59
                                      1926
  MINIMUM         33    804 AM  -1    1897  26      7       29
  AVERAGE         36                        39     -3       44

PRECIPITATION (IN)
  YESTERDAY        0.08          0.78 1947   0.02   0.06     0.00
  MONTH TO DATE    0.15                      0.06   0.09     0.00
  SINCE DEC 1      0.15                      0.06   0.09     0.00
  SINCE JAN 1     17.08                     19.71  -2.63    33.85

SNOWFALL (IN)
  YESTERDAY        T             4.1  2002   0.1   -0.1      0.0
  MONTH TO DATE    T                         0.3   -0.3      0.0
  SINCE DEC 1      T                         0.3   -0.3      0.0
  SINCE JUL 1      T                         3.0   -3.0      1.3
  SNOW DEPTH       0

DEGREE DAYS
 HEATING
  YESTERDAY       29                        26      3       21
  MONTH TO DATE   84                        77      7       71
  SINCE DEC 1     84                        77      7       71
  SINCE JUL 1    549                       921   -372      730

 COOLING
  YESTERDAY        0                         0      0        0
  MONTH TO DATE    0                         0      0        0
  SINCE DEC 1      0                         0      0        0
  SINCE JAN 1   1694                      1399    295     1493
..................................................................


WIND (MPH)
  RESULTANT WIND SPEED   4   RESULTANT WIND DIRECTION   N (20)
  HIGHEST WIND SPEED    18   HIGHEST WIND DIRECTION    NE (60)
  HIGHEST GUST SPEED    24   HIGHEST GUST DIRECTION    NE (60)
  AVERAGE WIND SPEED     5.4


SKY COVER
  AVERAGE SKY COVER 1.0


WEATHER CONDITIONS
 THE FOLLOWING WEATHER WAS RECORDED YESTERDAY.
  LIGHT RAIN
  LIGHT SNOW
  FOG
  FOG W/VISIBILITY <= 1/4 MILE


RELATIVE HUMIDITY (PERCENT)
 HIGHEST   100          1200 AM
 LOWEST     92           100 PM
 AVERAGE    96

..........................................................


THE AMARILLO CLIMATE NORMALS FOR TODAY
                         NORMAL    RECORD    YEAR
 MAXIMUM TEMPERATURE (F)   52        79      1958
 MINIMUM TEMPERATURE (F)   26         7      1897


SUNRISE AND SUNSET
DECEMBER  4 2016......SUNRISE   740 AM CST   SUNSET   534 PM CST
DECEMBER  5 2016......SUNRISE   741 AM CST   SUNSET   534 PM CST


-  INDICATES NEGATIVE NUMBERS.
R  INDICATES RECORD WAS SET OR TIED.
MM INDICATES DATA IS MISSING.
T  INDICATES TRACE AMOUNT.




$$
