000
CDUS44 KAMA 020628
CLIAMA


CLIMATE REPORT
NATIONAL WEATHER SERVICE AMARILLO TX
127 AM CDT MON MAY 2 2016


...................................

...THE AMARILLO CLIMATE SUMMARY FOR MAY 1 2016...

CLIMATE NORMAL PERIOD 1981 TO 2010
CLIMATE RECORD PERIOD 1892 TO 2016


WEATHER ITEM   OBSERVED TIME   RECORD YEAR NORMAL DEPARTURE LAST
                VALUE   (LST)  VALUE       VALUE  FROM      YEAR
                                                  NORMAL
..................................................................
TEMPERATURE (F)
 YESTERDAY
  MAXIMUM         46    910 AM  95    1992  75    -29       80
  MINIMUM         39    124 AM  27    1909  47     -8       47
  AVERAGE         43                        61    -18       64

PRECIPITATION (IN)
  YESTERDAY        0.01          1.49 1999   0.05  -0.04     0.00
  MONTH TO DATE    0.01                      0.05  -0.04     0.00
  SINCE MAR 1      3.61                      2.84   0.77     3.18
  SINCE JAN 1      4.30                      4.12   0.18     5.26

SNOWFALL (IN)
  YESTERDAY        0.0           T    2013   0.0    0.0      0.0
                                      2011
                                      1990
  MONTH TO DATE    0.0                       0.0    0.0      0.0
  SINCE MAR 1      1.3                       3.6   -2.3      0.1
  SINCE JUL 1     13.4                      17.6   -4.2     23.9
  SNOW DEPTH       0

DEGREE DAYS
 HEATING
  YESTERDAY       22                         5     17        1
  MONTH TO DATE   22                         5     17        1
  SINCE MAR 1    616                       816   -200      629
  SINCE JUL 1   3357                      4093   -736     3754

 COOLING
  YESTERDAY        0                         1     -1        0
  MONTH TO DATE    0                         1     -1        0
  SINCE MAR 1     10                        22    -12       22
  SINCE JAN 1     11                        22    -11       22
..................................................................


WIND (MPH)
  RESULTANT WIND SPEED  20   RESULTANT WIND DIRECTION   N (350)
  HIGHEST WIND SPEED    32   HIGHEST WIND DIRECTION     N (350)
  HIGHEST GUST SPEED    40   HIGHEST GUST DIRECTION     N (360)
  AVERAGE WIND SPEED    19.5


SKY COVER
  AVERAGE SKY COVER 0.9


WEATHER CONDITIONS
 THE FOLLOWING WEATHER WAS RECORDED YESTERDAY.
  LIGHT RAIN


RELATIVE HUMIDITY (PERCENT)
 HIGHEST    82           900 PM
 LOWEST     65           800 AM
 AVERAGE    74

..........................................................


THE AMARILLO CLIMATE NORMALS FOR TODAY
                         NORMAL    RECORD    YEAR
 MAXIMUM TEMPERATURE (F)   76        95      2012
 MINIMUM TEMPERATURE (F)   47        28      2013


SUNRISE AND SUNSET
MAY  2 2016...........SUNRISE   654 AM CDT   SUNSET   834 PM CDT
MAY  3 2016...........SUNRISE   653 AM CDT   SUNSET   835 PM CDT


-  INDICATES NEGATIVE NUMBERS.
R  INDICATES RECORD WAS SET OR TIED.
MM INDICATES DATA IS MISSING.
T  INDICATES TRACE AMOUNT.




$$
