000
CDUS44 KAMA 250728
CLIAMA


CLIMATE REPORT
NATIONAL WEATHER SERVICE AMARILLO TX
127 AM CST SAT NOV 25 2017


...................................

...THE AMARILLO CLIMATE SUMMARY FOR NOVEMBER 24 2017...

CLIMATE NORMAL PERIOD 1981 TO 2010
CLIMATE RECORD PERIOD 1892 TO 2017


WEATHER ITEM   OBSERVED TIME   RECORD YEAR NORMAL DEPARTURE LAST
                VALUE   (LST)  VALUE       VALUE  FROM      YEAR
                                                  NORMAL
..................................................................
TEMPERATURE (F)
 YESTERDAY
  MAXIMUM         78R   415 PM  78    1981  56     22       65
  MINIMUM         43    744 AM  11    2003  29     14       34
                                      1950
  AVERAGE         61                        42     19       50

PRECIPITATION (IN)
  YESTERDAY        0.00          2.31 1940   0.02  -0.02     0.00
  MONTH TO DATE    T                         0.68  -0.68     1.10
  SINCE SEP 1      5.60                      4.26   1.34     2.05
  SINCE JAN 1     26.48                     19.53   6.95    16.93

SNOWFALL (IN)
  YESTERDAY        0.0           6.2  1952   0.1   -0.1      0.0
  MONTH TO DATE    T                         1.8   -1.8      0.0
  SINCE SEP 1      T                         2.0   -2.0      0.0
  SINCE JUL 1      T                         2.0   -2.0       T
  SNOW DEPTH       0

DEGREE DAYS
 HEATING
  YESTERDAY        4                        23    -19       15
  MONTH TO DATE  276                       419   -143      259
  SINCE SEP 1    544                       698   -154      345
  SINCE JUL 1    544                       699   -155      345

 COOLING
  YESTERDAY        0                         0      0        0
  MONTH TO DATE    8                         0      8        3
  SINCE SEP 1    240                       206     34      320
  SINCE JAN 1   1487                      1398     89     1694
..................................................................


WIND (MPH)
  RESULTANT WIND SPEED   5   RESULTANT WIND DIRECTION  SW (240)
  HIGHEST WIND SPEED    20   HIGHEST WIND DIRECTION     N (20)
  HIGHEST GUST SPEED    25   HIGHEST GUST DIRECTION     N (20)
  AVERAGE WIND SPEED     8.6


SKY COVER
  AVERAGE SKY COVER 0.0


WEATHER CONDITIONS
 THE FOLLOWING WEATHER WAS RECORDED YESTERDAY.
  NO SIGNIFICANT WEATHER WAS OBSERVED.


RELATIVE HUMIDITY (PERCENT)
 HIGHEST    62           800 AM
 LOWEST     15           400 PM
 AVERAGE    39

..........................................................


THE AMARILLO CLIMATE NORMALS FOR TODAY
                         NORMAL    RECORD    YEAR
 MAXIMUM TEMPERATURE (F)   55        81      1970
                                             1965
 MINIMUM TEMPERATURE (F)   28         8      1993


SUNRISE AND SUNSET
NOVEMBER 25 2017......SUNRISE   732 AM CST   SUNSET   536 PM CST
NOVEMBER 26 2017......SUNRISE   733 AM CST   SUNSET   536 PM CST


-  INDICATES NEGATIVE NUMBERS.
R  INDICATES RECORD WAS SET OR TIED.
MM INDICATES DATA IS MISSING.
T  INDICATES TRACE AMOUNT.




$$
