000
CDUS44 KAMA 030729
CLIAMA


CLIMATE REPORT
NATIONAL WEATHER SERVICE AMARILLO TX
128 AM CST TUE MAR 3 2015


...................................

...THE AMARILLO CLIMATE SUMMARY FOR MARCH 2 2015...

CLIMATE NORMAL PERIOD 1981 TO 2010
CLIMATE RECORD PERIOD 1892 TO 2015


WEATHER ITEM   OBSERVED TIME   RECORD YEAR NORMAL DEPARTURE LAST
                VALUE   (LST)  VALUE       VALUE  FROM      YEAR
                                                  NORMAL
..................................................................
TEMPERATURE (F)
 YESTERDAY
  MAXIMUM         36    338 PM  84    1904  58    -22       15
  MINIMUM         27    929 AM   1    1922  30     -3        5
  AVERAGE         32                        44    -12       10

PRECIPITATION (IN)
  YESTERDAY        0.00          0.53 1988   0.03  -0.03     0.07
  MONTH TO DATE    0.00                      0.06  -0.06     0.07
  SINCE MAR 1      0.00                      0.06  -0.06     0.07
  SINCE JAN 1      2.08                      1.34   0.74     0.46

SNOWFALL (IN)
  YESTERDAY        0.0           2.8  1988   0.1   -0.1      0.3
  MONTH TO DATE    0.0                       0.2   -0.2      0.3
  SINCE MAR 1      0.0                       0.2   -0.2      0.3
  SINCE JUL 1     23.8                      14.2    9.6     12.4
  SNOW DEPTH       T

DEGREE DAYS
 HEATING
  YESTERDAY       33                        21     12       55
  MONTH TO DATE   71                        42     29       82
  SINCE MAR 1     71                        42     29       82
  SINCE JUL 1   3196                      3319   -123     3435

 COOLING
  YESTERDAY        0                         0      0        0
  MONTH TO DATE    0                         0      0        0
  SINCE MAR 1      0                         0      0        0
  SINCE JAN 1      0                         0      0        0
..................................................................


WIND (MPH)
  RESULTANT WIND SPEED  10   RESULTANT WIND DIRECTION   S (180)
  HIGHEST WIND SPEED    24   HIGHEST WIND DIRECTION     S (190)
  HIGHEST GUST SPEED    29   HIGHEST GUST DIRECTION     S (190)
  AVERAGE WIND SPEED    12.4


SKY COVER
  AVERAGE SKY COVER 1.0


WEATHER CONDITIONS
 THE FOLLOWING WEATHER WAS RECORDED YESTERDAY.
  FOG
  FOG W/VISIBILITY <= 1/4 MILE


RELATIVE HUMIDITY (PERCENT)
 HIGHEST   100           600 AM
 LOWEST     75           400 PM
 AVERAGE    88

..........................................................


THE AMARILLO CLIMATE NORMALS FOR TODAY
                         NORMAL    RECORD    YEAR
 MAXIMUM TEMPERATURE (F)   59        80      1972
 MINIMUM TEMPERATURE (F)   30         0      1960


SUNRISE AND SUNSET
MARCH  3 2015.........SUNRISE   714 AM CST   SUNSET   644 PM CST
MARCH  4 2015.........SUNRISE   713 AM CST   SUNSET   645 PM CST


-  INDICATES NEGATIVE NUMBERS.
R  INDICATES RECORD WAS SET OR TIED.
MM INDICATES DATA IS MISSING.
T  INDICATES TRACE AMOUNT.




$$
