000
CDUS44 KAMA 270628
CLIAMA


CLIMATE REPORT
NATIONAL WEATHER SERVICE AMARILLO TX
127 AM CDT SAT MAY 27 2017


...................................

...THE AMARILLO CLIMATE SUMMARY FOR MAY 26 2017...

CLIMATE NORMAL PERIOD 1981 TO 2010
CLIMATE RECORD PERIOD 1892 TO 2017


WEATHER ITEM   OBSERVED TIME   RECORD YEAR NORMAL DEPARTURE LAST
                VALUE   (LST)  VALUE       VALUE  FROM      YEAR
                                                  NORMAL
..................................................................
TEMPERATURE (F)
 YESTERDAY
  MAXIMUM         88    413 PM 100    1953  82      6       89
  MINIMUM         53    604 AM  39    1950  55     -2       55
  AVERAGE         71                        69      2       72

PRECIPITATION (IN)
  YESTERDAY        0.00          3.86 1905   0.10  -0.10     0.00
  MONTH TO DATE    1.14                      1.77  -0.63     0.81
  SINCE MAR 1      4.46                      4.56  -0.10     4.41
  SINCE JAN 1      8.14                      5.84   2.30     5.10

SNOWFALL (IN)
  YESTERDAY        0.0           0.0    MM   0.0    0.0      0.0
  MONTH TO DATE    0.0                       0.2   -0.2       T
  SINCE MAR 1      2.0                       3.8   -1.8      1.3
  SINCE JUL 1     10.0                      17.8   -7.8     13.4
  SNOW DEPTH       0

DEGREE DAYS
 HEATING
  YESTERDAY        0                         1     -1        0
  MONTH TO DATE   93                        78     15      124
  SINCE MAR 1    678                       889   -211      718
  SINCE JUL 1   3236                      4166   -930     3459

 COOLING
  YESTERDAY        6                         5      1        7
  MONTH TO DATE   62                        76    -14       71
  SINCE MAR 1    111                        97     14       81
  SINCE JAN 1    116                        97     19       82
..................................................................


WIND (MPH)
  RESULTANT WIND SPEED   2   RESULTANT WIND DIRECTION   W (290)
  HIGHEST WIND SPEED    22   HIGHEST WIND DIRECTION     W (270)
  HIGHEST GUST SPEED    29   HIGHEST GUST DIRECTION     W (270)
  AVERAGE WIND SPEED    11.8


SKY COVER
  AVERAGE SKY COVER 0.0


WEATHER CONDITIONS
 THE FOLLOWING WEATHER WAS RECORDED YESTERDAY.
  NO SIGNIFICANT WEATHER WAS OBSERVED.


RELATIVE HUMIDITY (PERCENT)
 HIGHEST    83           500 AM
 LOWEST     16           100 AM
 AVERAGE    50

..........................................................


THE AMARILLO CLIMATE NORMALS FOR TODAY
                         NORMAL    RECORD    YEAR
 MAXIMUM TEMPERATURE (F)   82        99      1945
 MINIMUM TEMPERATURE (F)   55        38      1907


SUNRISE AND SUNSET
MAY 27 2017...........SUNRISE   635 AM CDT   SUNSET   853 PM CDT
MAY 28 2017...........SUNRISE   635 AM CDT   SUNSET   854 PM CDT


-  INDICATES NEGATIVE NUMBERS.
R  INDICATES RECORD WAS SET OR TIED.
MM INDICATES DATA IS MISSING.
T  INDICATES TRACE AMOUNT.




$$
