000
CDUS44 KAMA 262151
CLIAMA


CLIMATE REPORT
NATIONAL WEATHER SERVICE AMARILLO TX
449 PM CDT MON SEP 26 2016


...................................

...THE AMARILLO CLIMATE SUMMARY FOR SEPTEMBER 26 2016...
VALID TODAY AS OF 0400 PM LOCAL TIME.

CLIMATE NORMAL PERIOD 1981 TO 2010
CLIMATE RECORD PERIOD 1892 TO 2016


WEATHER ITEM   OBSERVED TIME   RECORD YEAR NORMAL DEPARTURE LAST
                VALUE   (LST)  VALUE       VALUE  FROM      YEAR
                                                  NORMAL
..................................................................
TEMPERATURE (F)
 TODAY
  MAXIMUM         74    257 PM  96    1951  79     -5       80
  MINIMUM         46    652 AM  32    1926  52     -6       53
  AVERAGE         60                        66     -6       67

PRECIPITATION (IN)
  TODAY            0.00          1.25 1976   0.06  -0.06     0.00
  MONTH TO DATE    0.82                      1.68  -0.86     0.16
  SINCE SEP 1      0.82                      1.68  -0.86     0.16
  SINCE JAN 1     15.70                     16.95  -1.25    28.87

SNOWFALL (IN)
  TODAY            0.0           0.0    MM   0.0    0.0      0.0
  MONTH TO DATE    0.0                       0.0    0.0      0.0
  SINCE SEP 1      0.0                       0.0    0.0      0.0
  SINCE JUL 1      T                         0.0    0.0      0.0
  SNOW DEPTH       0

DEGREE DAYS
 HEATING
  TODAY            5                         3      2        0
  MONTH TO DATE    7                        29    -22        0
  SINCE SEP 1      7                        29    -22        0
  SINCE JUL 1      7                        30    -23        0

 COOLING
  TODAY            0                         3     -3        2
  MONTH TO DATE  207                       167     40      283
  SINCE SEP 1    207                       167     40      283
  SINCE JAN 1   1581                      1359    222     1429
..................................................................


WIND (MPH)
  RESULTANT WIND SPEED   5   RESULTANT WIND DIRECTION  NE (30)
  HIGHEST WIND SPEED    14   HIGHEST WIND DIRECTION    NE (60)
  HIGHEST GUST SPEED    20   HIGHEST GUST DIRECTION    NE (60)
  AVERAGE WIND SPEED     7.5


SKY COVER
  AVERAGE SKY COVER 0.0


WEATHER CONDITIONS
 THE FOLLOWING WEATHER WAS RECORDED TODAY.
  NO SIGNIFICANT WEATHER WAS OBSERVED.


RELATIVE HUMIDITY (PERCENT)
 HIGHEST    80           300 AM
 LOWEST     23           300 PM
 AVERAGE    52

..........................................................


THE AMARILLO CLIMATE NORMALS FOR TOMORROW
                         NORMAL    RECORD    YEAR
 MAXIMUM TEMPERATURE (F)   78        98      1953
 MINIMUM TEMPERATURE (F)   52        35      1996


SUNRISE AND SUNSET
SEPTEMBER 26 2016.....SUNRISE   738 AM CDT   SUNSET   737 PM CDT
SEPTEMBER 27 2016.....SUNRISE   739 AM CDT   SUNSET   736 PM CDT


-  INDICATES NEGATIVE NUMBERS.
R  INDICATES RECORD WAS SET OR TIED.
MM INDICATES DATA IS MISSING.
T  INDICATES TRACE AMOUNT.




$$
