909
CDUS42 KJAX 230530
CLIAMG


CLIMATE REPORT
NATIONAL WEATHER SERVICE JACKSONVILLE FL
130 AM EDT THU MAR 23 2017


...................................

...THE ALMA CLIMATE SUMMARY FOR MARCH 22 2017...

CLIMATE NORMAL PERIOD 1981 TO 2010
CLIMATE RECORD PERIOD 1948 TO 2017


WEATHER ITEM   OBSERVED TIME   RECORD YEAR NORMAL DEPARTURE LAST
                VALUE   (LST)  VALUE       VALUE  FROM      YEAR
                                                  NORMAL
..................................................................
TEMPERATURE (F)
 YESTERDAY
  MAXIMUM         86    312 PM  88    2011  74     12       71
  MINIMUM         59    535 AM  27    1958  49     10       35
  AVERAGE         73                        61     12       53

PRECIPITATION (IN)
  YESTERDAY        0.00          1.52 1970   0.13  -0.13     0.00
  MONTH TO DATE    0.54                      3.48  -2.94     0.83
  SINCE MAR 1      0.54                      3.48  -2.94     0.83
  SINCE JAN 1      8.67                     11.54  -2.87    10.08

SNOWFALL (IN)
  YESTERDAY        0.0           0.0    MM   0.0    0.0      0.0
  MONTH TO DATE    0.0                       0.0    0.0      0.0
  SINCE MAR 1      0.0                       0.0    0.0      0.0
  SINCE JUL 1      0.0                       0.1   -0.1      0.0
  SNOW DEPTH       0

DEGREE DAYS
 HEATING
  YESTERDAY        0                         5     -5       12
  MONTH TO DATE  192                       150     42      101
  SINCE MAR 1    192                       150     42      101
  SINCE JUL 1   1048                      1551   -503     1199

 COOLING
  YESTERDAY        8                         1      7        0
  MONTH TO DATE   19                        22     -3       57
  SINCE MAR 1     19                        22     -3       57
  SINCE JAN 1     74                        38     36       70
..................................................................


WIND (MPH)
  HIGHEST WIND SPEED    15   HIGHEST WIND DIRECTION     E (100)
  HIGHEST GUST SPEED    23   HIGHEST GUST DIRECTION     E (110)
  AVERAGE WIND SPEED     7.0


SKY COVER
  POSSIBLE SUNSHINE  MM
  AVERAGE SKY COVER 0.2


WEATHER CONDITIONS
 THE FOLLOWING WEATHER WAS RECORDED YESTERDAY.
  FOG


RELATIVE HUMIDITY (PERCENT)
 HIGHEST   100           400 AM
 LOWEST     34           200 PM
 AVERAGE    67

..........................................................


THE ALMA CLIMATE NORMALS FOR TODAY
                         NORMAL    RECORD    YEAR
 MAXIMUM TEMPERATURE (F)   74        86      2012
 MINIMUM TEMPERATURE (F)   49        27      1955


SUNRISE AND SUNSET
MARCH 23 2017.........SUNRISE   730 AM EDT   SUNSET   744 PM EDT
MARCH 24 2017.........SUNRISE   728 AM EDT   SUNSET   744 PM EDT


-  INDICATES NEGATIVE NUMBERS.
R  INDICATES RECORD WAS SET OR TIED.
MM INDICATES DATA IS MISSING.
T  INDICATES TRACE AMOUNT.




$$
