000
CDUS42 KJAX 300533
CLIAMG


CLIMATE REPORT
NATIONAL WEATHER SERVICE JACKSONVILLE FL
133 AM EDT MON MAR 30 2015


...................................

...THE ALMA CLIMATE SUMMARY FOR MARCH 29 2015...

CLIMATE NORMAL PERIOD 1981 TO 2010
CLIMATE RECORD PERIOD 1948 TO 2015


WEATHER ITEM   OBSERVED TIME   RECORD YEAR NORMAL DEPARTURE LAST
                VALUE   (LST)  VALUE       VALUE  FROM      YEAR
                                                  NORMAL
..................................................................
TEMPERATURE (F)
 YESTERDAY
  MAXIMUM         63        MM  86    1998  75    -12       79
  MINIMUM         35        MM  29    1955  50    -15       57
  AVERAGE         49                        63    -14       68

PRECIPITATION (IN)
  YESTERDAY        0.00          2.44 1951   0.14  -0.14     0.10
  MONTH TO DATE    2.51                      4.46  -1.95     3.22
  SINCE MAR 1      2.51                      4.46  -1.95     3.22
  SINCE JAN 1      8.34                     12.52  -4.18     6.74

SNOWFALL (IN)
  YESTERDAY        0.0           0.0    MM   0.0    0.0      0.0
  MONTH TO DATE    0.0                       0.0    0.0      0.0
  SINCE MAR 1      0.0                       0.0    0.0      0.0
  SINCE JUL 1      0.0                       0.1   -0.1       T
  SNOW DEPTH       0

DEGREE DAYS
 HEATING
  YESTERDAY       16                         4     12        0
  MONTH TO DATE  126                       180    -54      266
  SINCE MAR 1    126                       180    -54      266
  SINCE JUL 1   1801                      1581    220     1733

 COOLING
  YESTERDAY        0                         2     -2        3
  MONTH TO DATE   51                        33     18        4
  SINCE MAR 1     51                        33     18        4
  SINCE JAN 1     54                        49      5       12
..................................................................


WIND (MPH)
  HIGHEST WIND SPEED     8   HIGHEST WIND DIRECTION    SE (130)
  HIGHEST GUST SPEED    17   HIGHEST GUST DIRECTION    NE (60)
  AVERAGE WIND SPEED     4.0


SKY COVER
  POSSIBLE SUNSHINE  MM
  AVERAGE SKY COVER 0.1


WEATHER CONDITIONS
 THE FOLLOWING WEATHER WAS RECORDED YESTERDAY.
  NO SIGNIFICANT WEATHER WAS OBSERVED.


RELATIVE HUMIDITY (PERCENT)
 HIGHEST    92           300 AM
 LOWEST     21           500 PM
 AVERAGE    57

..........................................................


THE ALMA CLIMATE NORMALS FOR TODAY
                         NORMAL    RECORD    YEAR
 MAXIMUM TEMPERATURE (F)   75        86      1998
 MINIMUM TEMPERATURE (F)   51        30      1955


SUNRISE AND SUNSET
MARCH 30 2015.........SUNRISE   721 AM EDT   SUNSET   748 PM EDT
MARCH 31 2015.........SUNRISE   720 AM EDT   SUNSET   749 PM EDT


-  INDICATES NEGATIVE NUMBERS.
R  INDICATES RECORD WAS SET OR TIED.
MM INDICATES DATA IS MISSING.
T  INDICATES TRACE AMOUNT.




$$
