000
CDUS42 KJAX 210717
CLIAMG


CLIMATE REPORT
NATIONAL WEATHER SERVICE JACKSONVILLE FL
217 AM EST SUN DEC 21 2014


...................................

...THE ALMA CLIMATE SUMMARY FOR DECEMBER 20 2014...

CLIMATE NORMAL PERIOD 1981 TO 2010
CLIMATE RECORD PERIOD 1948 TO 2014


WEATHER ITEM   OBSERVED TIME   RECORD YEAR NORMAL DEPARTURE LAST
                VALUE   (LST)  VALUE       VALUE  FROM      YEAR
                                                  NORMAL
..................................................................
TEMPERATURE (F)
 YESTERDAY
  MAXIMUM         60    244 PM  82    1967  62     -2       76
  MINIMUM         50    742 AM  16    1981  41      9       41
  AVERAGE         55                        52      3       59

PRECIPITATION (IN)
  YESTERDAY        0.04          2.97 1971   0.12  -0.08     0.00
  MONTH TO DATE    0.04                      2.02  -1.98     1.79
  SINCE DEC 1      0.04                      2.02  -1.98     1.79
  SINCE JAN 1     37.89                     45.38  -7.49    51.43

SNOWFALL (IN)
  YESTERDAY        0.0           0.0    MM   0.1   -0.1      0.0
  MONTH TO DATE    0.0                       0.1   -0.1      0.0
  SINCE DEC 1      0.0                       0.1   -0.1      0.0
  SINCE JUL 1      0.0                       0.1   -0.1      0.0
  SNOW DEPTH       0

DEGREE DAYS
 HEATING
  YESTERDAY       10                        14     -4        6
  MONTH TO DATE  217                       237    -20      171
  SINCE DEC 1    217                       237    -20      171
  SINCE JUL 1    615                       481    134      446

 COOLING
  YESTERDAY        0                         0      0        0
  MONTH TO DATE    0                         7     -7       18
  SINCE DEC 1      0                         7     -7       18
  SINCE JAN 1   2439                      2472    -33     2338
..................................................................


WIND (MPH)
  HIGHEST WIND SPEED     9   HIGHEST WIND DIRECTION     E (70)
  HIGHEST GUST SPEED    14   HIGHEST GUST DIRECTION    NE (60)
  AVERAGE WIND SPEED     2.9


SKY COVER
  POSSIBLE SUNSHINE  MM
  AVERAGE SKY COVER 1.0


WEATHER CONDITIONS
 THE FOLLOWING WEATHER WAS RECORDED YESTERDAY.
  LIGHT RAIN
  FOG


RELATIVE HUMIDITY (PERCENT)
 HIGHEST    93           500 AM
 LOWEST     72           400 PM
 AVERAGE    83

..........................................................


THE ALMA CLIMATE NORMALS FOR TODAY
                         NORMAL    RECORD    YEAR
 MAXIMUM TEMPERATURE (F)   62        82      2013
 MINIMUM TEMPERATURE (F)   41        18      1981


SUNRISE AND SUNSET
DECEMBER 21 2014......SUNRISE   725 AM EST   SUNSET   531 PM EST
DECEMBER 22 2014......SUNRISE   726 AM EST   SUNSET   531 PM EST


-  INDICATES NEGATIVE NUMBERS.
R  INDICATES RECORD WAS SET OR TIED.
MM INDICATES DATA IS MISSING.
T  INDICATES TRACE AMOUNT.




$$
