000
CDUS42 KJAX 142228
CLIAMG


CLIMATE REPORT
NATIONAL WEATHER SERVICE JACKSONVILLE FL
527 PM EST THU DEC 14 2017


...................................

...THE ALMA CLIMATE SUMMARY FOR DECEMBER 14 2017...
VALID TODAY AS OF 0500 PM LOCAL TIME.

CLIMATE NORMAL PERIOD 1981 TO 2010
CLIMATE RECORD PERIOD 1948 TO 2017


WEATHER ITEM   OBSERVED TIME   RECORD YEAR NORMAL DEPARTURE LAST
                VALUE   (LST)  VALUE       VALUE  FROM      YEAR
                                                  NORMAL
..................................................................
TEMPERATURE (F)
 TODAY
  MAXIMUM         65    325 PM  83    1967  64      1       66
  MINIMUM         35    633 AM  19    1960  42     -7       55
  AVERAGE         50                        53     -3       61

PRECIPITATION (IN)
  TODAY            0.00          1.82 1997   0.10  -0.10     0.12
  MONTH TO DATE    1.66                      1.38   0.28     3.94
  SINCE DEC 1      1.66                      1.38   0.28     3.94
  SINCE JAN 1     40.50                     44.74  -4.24    43.71

SNOWFALL (IN)
  TODAY            0.0           0.0    MM   0.0    0.0      0.0
  MONTH TO DATE    0.0                       0.0    0.0      0.0
  SINCE DEC 1      0.0                       0.0    0.0      0.0
  SINCE JUL 1      0.0                       0.0    0.0      0.0
  SNOW DEPTH       0

DEGREE DAYS
 HEATING
  TODAY           15                        13      2        4
  MONTH TO DATE  170                       158     12      120
  SINCE DEC 1    170                       158     12      120
  SINCE JUL 1    381                       402    -21      308

 COOLING
  TODAY            0                         0      0        0
  MONTH TO DATE   10                         7      3        6
  SINCE DEC 1     10                         7      3        6
  SINCE JAN 1   2864                      2472    392     2706
..................................................................


WIND (MPH)
  HIGHEST WIND SPEED    13   HIGHEST WIND DIRECTION     W (250)
  HIGHEST GUST SPEED    18   HIGHEST GUST DIRECTION     W (250)
  AVERAGE WIND SPEED     4.6


SKY COVER
  POSSIBLE SUNSHINE  MM
  AVERAGE SKY COVER 0.0


WEATHER CONDITIONS
 THE FOLLOWING WEATHER WAS RECORDED TODAY.
  FOG


RELATIVE HUMIDITY (PERCENT)
 HIGHEST    92           500 AM
 LOWEST     34           300 PM
 AVERAGE    63

..........................................................


THE ALMA CLIMATE NORMALS FOR TOMORROW
                         NORMAL    RECORD    YEAR
 MAXIMUM TEMPERATURE (F)   63        80      1972
 MINIMUM TEMPERATURE (F)   42        17      1962


SUNRISE AND SUNSET
DECEMBER 14 2017......SUNRISE   721 AM EST   SUNSET   528 PM EST
DECEMBER 15 2017......SUNRISE   722 AM EST   SUNSET   529 PM EST


-  INDICATES NEGATIVE NUMBERS.
R  INDICATES RECORD WAS SET OR TIED.
MM INDICATES DATA IS MISSING.
T  INDICATES TRACE AMOUNT.




$$
