000
CDUS44 KBMX 280929
CLIANB


CLIMATE REPORT
NATIONAL WEATHER SERVICE BIRMINGHAM, AL
428 AM CDT FRI AUG 28 2015


...................................

...THE ANNISTON CLIMATE SUMMARY FOR AUGUST 27 2015...

CLIMATE NORMAL PERIOD 1981 TO 2010
CLIMATE RECORD PERIOD 1903 TO 2015


WEATHER ITEM   OBSERVED TIME   RECORD YEAR NORMAL DEPARTURE LAST
                VALUE   (LST)  VALUE       VALUE  FROM      YEAR
                                                  NORMAL
..................................................................
TEMPERATURE (F)
 YESTERDAY
  MAXIMUM         88    308 PM 101    1954  89     -1       92
  MINIMUM         62    459 AM  53    1952  69     -7       64
  AVERAGE         75                        79     -4       78

PRECIPITATION (IN)
  YESTERDAY        0.00          2.02 1986   0.10  -0.10     0.00
  MONTH TO DATE    3.79                      2.90   0.89     3.26
  SINCE JUN 1     11.27                     11.60  -0.33     8.94
  SINCE JAN 1     35.79                     34.53   1.26    32.46

..................................................................


WIND (MPH)
  HIGHEST WIND SPEED    12   HIGHEST WIND DIRECTION     E (100)
  HIGHEST GUST SPEED    15   HIGHEST GUST DIRECTION     E (80)
  AVERAGE WIND SPEED     4.6


SKY COVER
  AVERAGE SKY COVER 0.1


WEATHER CONDITIONS
 THE FOLLOWING WEATHER WAS RECORDED YESTERDAY.
  NO SIGNIFICANT WEATHER WAS OBSERVED.


RELATIVE HUMIDITY (PERCENT)
 HIGHEST    90
 LOWEST     37
 AVERAGE    64

..........................................................


THE ANNISTON CLIMATE NORMALS FOR TODAY
                         NORMAL    RECORD    YEAR
 MAXIMUM TEMPERATURE (F)   89       101      1990
 MINIMUM TEMPERATURE (F)   68        50      1952


SUNRISE AND SUNSET
AUGUST 28 2015........SUNRISE   614 AM CDT   SUNSET   714 PM CDT
AUGUST 29 2015........SUNRISE   615 AM CDT   SUNSET   713 PM CDT


-  INDICATES NEGATIVE NUMBERS.
R  INDICATES RECORD WAS SET OR TIED.
MM INDICATES DATA IS MISSING.
T  INDICATES TRACE AMOUNT.




$$
