000
CDUS44 KBMX 240916
CLIANB


CLIMATE REPORT
NATIONAL WEATHER SERVICE BIRMINGHAM, AL
415 AM CDT SUN MAY 24 2015


...................................

...THE ANNISTON CLIMATE SUMMARY FOR MAY 23 2015...

CLIMATE NORMAL PERIOD 1981 TO 2010
CLIMATE RECORD PERIOD 1903 TO 2015


WEATHER ITEM   OBSERVED TIME   RECORD YEAR NORMAL DEPARTURE LAST
                VALUE   (LST)  VALUE       VALUE  FROM      YEAR
                                                  NORMAL
..................................................................
TEMPERATURE (F)
 YESTERDAY
  MAXIMUM         84    309 PM  94    1996  83      1       89
  MINIMUM         54    409 AM  45    1948  61     -7       64
  AVERAGE         69                        72     -3       77

PRECIPITATION (IN)
  YESTERDAY        0.00          1.90 1943   0.13  -0.13     0.00
  MONTH TO DATE    0.89                      3.23  -2.34     2.41
  SINCE MAR 1     14.72                     12.30   2.42    15.67
  SINCE JAN 1     22.88                     21.90   0.98    22.83

..................................................................


WIND (MPH)
  HIGHEST WIND SPEED    13   HIGHEST WIND DIRECTION     S (160)
  HIGHEST GUST SPEED    20   HIGHEST GUST DIRECTION    SE (150)
  AVERAGE WIND SPEED     5.0


SKY COVER
  AVERAGE SKY COVER 0.0


WEATHER CONDITIONS
 THE FOLLOWING WEATHER WAS RECORDED YESTERDAY.
  NO SIGNIFICANT WEATHER WAS OBSERVED.


RELATIVE HUMIDITY (PERCENT)
 HIGHEST    93
 LOWEST     34
 AVERAGE    64

..........................................................


THE ANNISTON CLIMATE NORMALS FOR TODAY
                         NORMAL    RECORD    YEAR
 MAXIMUM TEMPERATURE (F)   83        96      1996
 MINIMUM TEMPERATURE (F)   61        40      1931


SUNRISE AND SUNSET
MAY 24 2015...........SUNRISE   537 AM CDT   SUNSET   743 PM CDT
MAY 25 2015...........SUNRISE   537 AM CDT   SUNSET   744 PM CDT


-  INDICATES NEGATIVE NUMBERS.
R  INDICATES RECORD WAS SET OR TIED.
MM INDICATES DATA IS MISSING.
T  INDICATES TRACE AMOUNT.




$$
