000
CDUS44 KBMX 022241
CLIANB


CLIMATE REPORT
NATIONAL WEATHER SERVICE BIRMINGHAM, AL
440 PM CST FRI DEC 2 2016


...................................

...THE ANNISTON CLIMATE SUMMARY FOR DECEMBER 2 2016...
VALID TODAY AS OF 0400 PM LOCAL TIME.

CLIMATE NORMAL PERIOD 1981 TO 2010
CLIMATE RECORD PERIOD 1903 TO 2016


WEATHER ITEM   OBSERVED RECORD YEAR NORMAL DEPARTURE LAST
                VALUE   VALUE       VALUE  FROM      YEAR
                                           NORMAL
...........................................................
TEMPERATURE (F)
 TODAY
  MAXIMUM         62     76    1991  59      3       63
                               1998
  MINIMUM         28     19    1960  38    -10       45
  AVERAGE         45

PRECIPITATION (IN)
  TODAY            0.00   1.30 1984   0.15  -0.15     0.73
  MONTH TO DATE    0.00               0.31  -0.31     1.79
  SINCE DEC 1      0.00               0.31  -0.31     1.79
  SINCE JAN 1     29.49              45.86 -16.37    52.09

SNOWFALL (IN)
  TODAY            0.0                0.0             0.0
  MONTH TO DATE    0.0                0.0             0.0
  SINCE DEC 1      0.0                0.0             0.0
  SINCE JUL 1      0.0                0.0             0.0

...........................................................


WIND (MPH)
  HIGHEST WIND SPEED    12   HIGHEST WIND DIRECTION    NE (30)
  HIGHEST GUST SPEED    17   HIGHEST GUST DIRECTION    NE (30)
  AVERAGE WIND SPEED     2.0


SKY COVER
  AVERAGE SKY COVER 0.0


WEATHER CONDITIONS
 THE FOLLOWING WEATHER WAS RECORDED TODAY.
  NO SIGNIFICANT WEATHER WAS OBSERVED.


RELATIVE HUMIDITY (PERCENT)
 HIGHEST    96
 LOWEST     27
 AVERAGE    62

..........................................................


THE ANNISTON CLIMATE NORMALS FOR TOMORROW
                         NORMAL    RECORD    YEAR
 MAXIMUM TEMPERATURE (F)   59        77      1961
 MINIMUM TEMPERATURE (F)   37        19      1960


SUNRISE AND SUNSET
DECEMBER  2 2016......SUNRISE   631 AM CST   SUNSET   435 PM CST
DECEMBER  3 2016......SUNRISE   632 AM CST   SUNSET   435 PM CST


-  INDICATES NEGATIVE NUMBERS.
R  INDICATES RECORD WAS SET OR TIED.
MM INDICATES DATA IS MISSING.
T  INDICATES TRACE AMOUNT.




$$
