443
CDUS44 KBMX 140741
CLIANB


CLIMATE REPORT
NATIONAL WEATHER SERVICE BIRMINGHAM, AL
140 AM CST SUN FEB 14 2016


...................................

...THE ANNISTON CLIMATE SUMMARY FOR FEBRUARY 13 2016...

CLIMATE NORMAL PERIOD 1981 TO 2010
CLIMATE RECORD PERIOD 1903 TO 2016


WEATHER ITEM   OBSERVED TIME   RECORD YEAR NORMAL DEPARTURE LAST
                VALUE   (LST)  VALUE       VALUE  FROM      YEAR
                                                  NORMAL
..................................................................
TEMPERATURE (F)
 YESTERDAY
  MAXIMUM         44    245 PM  84    1962  58    -14       45
  MINIMUM         28   1156 PM   9    1905  36     -8       25
  AVERAGE         36                        47    -11       35

PRECIPITATION (IN)
  YESTERDAY        0.00          1.41 2000   0.19  -0.19     0.00
  MONTH TO DATE    0.94                      2.29  -1.35     0.68
  SINCE DEC 1     13.42                     10.93   2.49    12.40
  SINCE JAN 1      4.13                      6.81  -2.68     6.18

SNOWFALL (IN)
  YESTERDAY        0.0                       0.1             0.0
  MONTH TO DATE    T                         0.3             0.0
  SINCE DEC 1      T                         1.0             0.0
  SINCE JUL 1      T                         1.0             0.0

DEGREE DAYS
 HEATING
  YESTERDAY       29
  MONTH TO DATE  255
  SINCE DEC 1   1234
  SINCE JUL 1   1525
..................................................................


WIND (MPH)
  HIGHEST WIND SPEED    16   HIGHEST WIND DIRECTION     N (20)
  HIGHEST GUST SPEED    25   HIGHEST GUST DIRECTION    NW (320)
  AVERAGE WIND SPEED     6.1


SKY COVER
  AVERAGE SKY COVER 0.0


WEATHER CONDITIONS
 THE FOLLOWING WEATHER WAS RECORDED YESTERDAY.
  NO SIGNIFICANT WEATHER WAS OBSERVED.


RELATIVE HUMIDITY (PERCENT)
 HIGHEST    61
 LOWEST     18
 AVERAGE    40

..........................................................


THE ANNISTON CLIMATE NORMALS FOR TODAY
                         NORMAL    RECORD    YEAR
 MAXIMUM TEMPERATURE (F)   58        78      1976
                                             1949
 MINIMUM TEMPERATURE (F)   36        -4      1905


SUNRISE AND SUNSET
FEBRUARY 14 2016......SUNRISE   629 AM CST   SUNSET   527 PM CST
FEBRUARY 15 2016......SUNRISE   628 AM CST   SUNSET   527 PM CST


-  INDICATES NEGATIVE NUMBERS.
R  INDICATES RECORD WAS SET OR TIED.
MM INDICATES DATA IS MISSING.
T  INDICATES TRACE AMOUNT.




$$
