000
CDUS44 KBMX 010940
CLIANB


CLIMATE REPORT
NATIONAL WEATHER SERVICE BIRMINGHAM, AL
439 AM CDT SAT NOV 1 2014


...................................

...THE ANNISTON CLIMATE SUMMARY FOR OCTOBER 31 2014...

CLIMATE NORMAL PERIOD 1981 TO 2010
CLIMATE RECORD PERIOD 1903 TO 2014


WEATHER ITEM   OBSERVED TIME   RECORD YEAR NORMAL DEPARTURE LAST
                VALUE   (LST)  VALUE       VALUE  FROM      YEAR
                                                  NORMAL
..................................................................
TEMPERATURE (F)
 YESTERDAY
  MAXIMUM         62    220 PM  85    1961  71     -9       76
  MINIMUM         38    620 AM  27    1955  46     -8       60
                                      1954
  AVERAGE         50                        58     -8       68

PRECIPITATION (IN)
  YESTERDAY        0.04          0.86 2009   0.11  -0.07     0.09
  MONTH TO DATE    3.82                      3.12   0.70     2.88
  SINCE SEP 1      5.32                      6.05  -0.73     5.59
  SINCE JAN 1     37.96                     40.97  -3.01    63.37

SNOWFALL (IN)
  YESTERDAY        0.0                       0.0             0.0
  MONTH TO DATE    0.0                       0.0             0.0
  SINCE SEP 1      0.0                       0.0             0.0
  SINCE JUL 1      0.0                       0.0             0.0

DEGREE DAYS
 HEATING
  YESTERDAY       15
  MONTH TO DATE  111
  SINCE SEP 1    111
  SINCE JUL 1    111
..................................................................


WIND (MPH)
  HIGHEST WIND SPEED    31   HIGHEST WIND DIRECTION    NW (310)
  HIGHEST GUST SPEED    45   HIGHEST GUST DIRECTION    NW (300)
  AVERAGE WIND SPEED     5.8


SKY COVER
  AVERAGE SKY COVER 0.6


WEATHER CONDITIONS
 THE FOLLOWING WEATHER WAS RECORDED YESTERDAY.
  LIGHT RAIN


RELATIVE HUMIDITY (PERCENT)
 HIGHEST    96
 LOWEST     49
 AVERAGE    73

..........................................................


THE ANNISTON CLIMATE NORMALS FOR TODAY
                         NORMAL    RECORD    YEAR
 MAXIMUM TEMPERATURE (F)   70        85      1982
                                             1974
 MINIMUM TEMPERATURE (F)   46        27      1993


SUNRISE AND SUNSET
NOVEMBER  1 2014......SUNRISE   702 AM CDT   SUNSET   551 PM CDT
NOVEMBER  2 2014......SUNRISE   603 AM CST   SUNSET   450 PM CST


-  INDICATES NEGATIVE NUMBERS.
R  INDICATES RECORD WAS SET OR TIED.
MM INDICATES DATA IS MISSING.
T  INDICATES TRACE AMOUNT.




$$
