000
CDUS44 KBMX 180736
CLIANB


CLIMATE REPORT
NATIONAL WEATHER SERVICE BIRMINGHAM, AL
235 AM CDT WED OCT 18 2017


...................................

...THE ANNISTON CLIMATE SUMMARY FOR OCTOBER 17 2017...

CLIMATE NORMAL PERIOD 1981 TO 2010
CLIMATE RECORD PERIOD 1903 TO 2017


WEATHER ITEM   OBSERVED TIME   RECORD YEAR NORMAL DEPARTURE LAST
                VALUE   (LST)  VALUE       VALUE  FROM      YEAR
                                                  NORMAL
..................................................................
TEMPERATURE (F)
 YESTERDAY
  MAXIMUM         71    328 PM  88    1965  75     -4       87
  MINIMUM         47    613 AM  31    1954  51     -4       58
  AVERAGE         59                        63     -4       73

PRECIPITATION (IN)
  YESTERDAY        0.00          0.61 2013   0.10  -0.10     0.00
  MONTH TO DATE    5.04                      1.65   3.39     0.00
  SINCE SEP 1      9.02                      4.58   4.44     0.61
  SINCE JAN 1     53.32                     39.50  13.82    26.47

SNOWFALL (IN)
  YESTERDAY        0.0                       0.0             0.0
  MONTH TO DATE    0.0                       0.0             0.0
  SINCE SEP 1      0.0                       0.0             0.0
  SINCE JUL 1      0.0                       0.0             0.0

DEGREE DAYS
 HEATING
  YESTERDAY        6
  MONTH TO DATE   10
  SINCE SEP 1     19
  SINCE JUL 1     19
..................................................................


WIND (MPH)
  HIGHEST WIND SPEED    14   HIGHEST WIND DIRECTION     E (70)
  HIGHEST GUST SPEED    20   HIGHEST GUST DIRECTION     E (70)
  AVERAGE WIND SPEED     4.8


SKY COVER
  AVERAGE SKY COVER 0.0


WEATHER CONDITIONS
 THE FOLLOWING WEATHER WAS RECORDED YESTERDAY.
  NO SIGNIFICANT WEATHER WAS OBSERVED.


RELATIVE HUMIDITY (PERCENT)
 HIGHEST    89
 LOWEST     40
 AVERAGE    65

..........................................................


THE ANNISTON CLIMATE NORMALS FOR TODAY
                         NORMAL    RECORD    YEAR
 MAXIMUM TEMPERATURE (F)   74        89      2016
 MINIMUM TEMPERATURE (F)   50        32      1948


SUNRISE AND SUNSET
OCTOBER 18 2017.......SUNRISE   651 AM CDT   SUNSET   606 PM CDT
OCTOBER 19 2017.......SUNRISE   651 AM CDT   SUNSET   605 PM CDT


-  INDICATES NEGATIVE NUMBERS.
R  INDICATES RECORD WAS SET OR TIED.
MM INDICATES DATA IS MISSING.
T  INDICATES TRACE AMOUNT.




$$
