000
CDUS44 KBMX 270734
CLIANB


CLIMATE REPORT
NATIONAL WEATHER SERVICE BIRMINGHAM, AL
234 AM CDT MON MAR 27 2017


...................................

...THE ANNISTON CLIMATE SUMMARY FOR MARCH 26 2017...

CLIMATE NORMAL PERIOD 1981 TO 2010
CLIMATE RECORD PERIOD 1903 TO 2017


WEATHER ITEM   OBSERVED TIME   RECORD YEAR NORMAL DEPARTURE LAST
                VALUE   (LST)  VALUE       VALUE  FROM      YEAR
                                                  NORMAL
..................................................................
TEMPERATURE (F)
 YESTERDAY
  MAXIMUM         78    439 PM  86    2007  69      9       74
  MINIMUM         57    537 AM  21    1955  45     12       48
  AVERAGE         68                        57     11       61

PRECIPITATION (IN)
  YESTERDAY        0.07          2.54 1993   0.15  -0.08      T
  MONTH TO DATE    3.08                      4.21  -1.13     2.52
  SINCE MAR 1      3.08                      4.21  -1.13     2.52
  SINCE JAN 1     13.60                     13.81  -0.21    11.36

SNOWFALL (IN)
  YESTERDAY        0.0                       0.1            MM
  MONTH TO DATE    0.0                       0.7             0.0
  SINCE MAR 1      0.0                       0.7             0.0
  SINCE JUL 1      0.0                       1.8              T

DEGREE DAYS
 HEATING
  YESTERDAY        0
  MONTH TO DATE  272
  SINCE MAR 1    272
  SINCE JUL 1   1745
..................................................................


WIND (MPH)
  HIGHEST WIND SPEED    16   HIGHEST WIND DIRECTION    SW (240)
  HIGHEST GUST SPEED    22   HIGHEST GUST DIRECTION    SW (240)
  AVERAGE WIND SPEED     4.1


SKY COVER
  AVERAGE SKY COVER 0.5


WEATHER CONDITIONS
 THE FOLLOWING WEATHER WAS RECORDED YESTERDAY.
  FOG


RELATIVE HUMIDITY (PERCENT)
 HIGHEST   100
 LOWEST     50
 AVERAGE    75

..........................................................


THE ANNISTON CLIMATE NORMALS FOR TODAY
                         NORMAL    RECORD    YEAR
 MAXIMUM TEMPERATURE (F)   69        84      1994
 MINIMUM TEMPERATURE (F)   45        18      1955


SUNRISE AND SUNSET
MARCH 27 2017.........SUNRISE   637 AM CDT   SUNSET   700 PM CDT
MARCH 28 2017.........SUNRISE   636 AM CDT   SUNSET   701 PM CDT


-  INDICATES NEGATIVE NUMBERS.
R  INDICATES RECORD WAS SET OR TIED.
MM INDICATES DATA IS MISSING.
T  INDICATES TRACE AMOUNT.




$$
