000
CDUS44 KBMX 292235
CLIANB


CLIMATE REPORT
NATIONAL WEATHER SERVICE BIRMINGHAM, AL
426 PM CST THU JAN 29 2015


...................................

...THE ANNISTON CLIMATE SUMMARY FOR JANUARY 29 2015...
VALID AS OF 0400 PM LOCAL TIME.

CLIMATE NORMAL PERIOD 1981 TO 2010
CLIMATE RECORD PERIOD 1903 TO 2015


WEATHER ITEM   OBSERVED TIME   RECORD YEAR NORMAL DEPARTURE LAST
                VALUE   (LST)  VALUE       VALUE  FROM      YEAR
                                                  NORMAL
..................................................................
TEMPERATURE (F)
 TODAY
  MAXIMUM         64    251 PM  78    2002  55      9       28
  MINIMUM         31    652 AM   3    1966  33     -2        8
  AVERAGE         48

PRECIPITATION (IN)
  TODAY            0.00          1.48 2003   0.16  -0.16     0.00
  MONTH TO DATE    5.50                      4.19   1.31     3.21
  SINCE DEC 1     11.72                      8.31   3.41    12.43
  SINCE JAN 1      5.50                      4.19   1.31     3.21

DEGREE DAYS
 HEATING
  TODAY           17
  MONTH TO DATE  646
  SINCE DEC 1   1156
  SINCE JUL 1   1784
..................................................................


WIND (MPH)
  HIGHEST WIND SPEED    20   HIGHEST WIND DIRECTION    SW (220)
  HIGHEST GUST SPEED    25   HIGHEST GUST DIRECTION    SW (220)
  AVERAGE WIND SPEED     4.5


SKY COVER
  AVERAGE SKY COVER 0.1


WEATHER CONDITIONS
 THE FOLLOWING WEATHER WAS RECORDED TODAY.
  NO SIGNIFICANT WEATHER WAS OBSERVED.


RELATIVE HUMIDITY (PERCENT)
 HIGHEST    89
 LOWEST     32
 AVERAGE    61

..........................................................


THE ANNISTON CLIMATE NORMALS FOR TOMORROW
                         NORMAL    RECORD    YEAR
 MAXIMUM TEMPERATURE (F)   55        79      2002
 MINIMUM TEMPERATURE (F)   34         0      1966


SUNRISE AND SUNSET
JANUARY 29 2015.......SUNRISE   642 AM CST   SUNSET   512 PM CST
JANUARY 30 2015.......SUNRISE   641 AM CST   SUNSET   512 PM CST


-  INDICATES NEGATIVE NUMBERS.
R  INDICATES RECORD WAS SET OR TIED.
MM INDICATES DATA IS MISSING.
T  INDICATES TRACE AMOUNT.




$$
