000
CDUS44 KBMX 180738
CLIANB


CLIMATE REPORT
NATIONAL WEATHER SERVICE BIRMINGHAM, AL
137 AM CST THU DEC 18 2014


...................................

...THE ANNISTON CLIMATE SUMMARY FOR DECEMBER 17 2014...

CLIMATE NORMAL PERIOD 1981 TO 2010
CLIMATE RECORD PERIOD 1903 TO 2014


WEATHER ITEM   OBSERVED TIME   RECORD YEAR NORMAL DEPARTURE LAST
                VALUE   (LST)  VALUE       VALUE  FROM      YEAR
                                                  NORMAL
..................................................................
TEMPERATURE (F)
 YESTERDAY
  MAXIMUM         48    141 PM  75    1990  55     -7       62
                                      1984
  MINIMUM         31   1005 PM  14    1945  35     -4       29
  AVERAGE         40                        45     -5       46

PRECIPITATION (IN)
  YESTERDAY        0.00          2.68 1961   0.13  -0.13     0.00
  MONTH TO DATE    1.45                      2.40  -0.95     5.13
  SINCE DEC 1      1.45                      2.40  -0.95     5.13
  SINCE JAN 1     44.72                     47.95  -3.23    71.19

SNOWFALL (IN)
  YESTERDAY        0.0                       0.0             0.0
  MONTH TO DATE    0.0                       0.0             0.0
  SINCE DEC 1      0.0                       0.0             0.0
  SINCE JUL 1      0.0                       0.0             0.0

DEGREE DAYS
 HEATING
  YESTERDAY       25
  MONTH TO DATE  260
  SINCE DEC 1    260
  SINCE JUL 1    888
..................................................................


WIND (MPH)
  HIGHEST WIND SPEED    10   HIGHEST WIND DIRECTION     N (350)
  HIGHEST GUST SPEED    13   HIGHEST GUST DIRECTION     N (340)
  AVERAGE WIND SPEED     2.3


SKY COVER
  AVERAGE SKY COVER 0.5


WEATHER CONDITIONS
 THE FOLLOWING WEATHER WAS RECORDED YESTERDAY.
  FOG


RELATIVE HUMIDITY (PERCENT)
 HIGHEST    96
 LOWEST     65
 AVERAGE    81

..........................................................


THE ANNISTON CLIMATE NORMALS FOR TODAY
                         NORMAL    RECORD    YEAR
 MAXIMUM TEMPERATURE (F)   55        76      1984
 MINIMUM TEMPERATURE (F)   35        16      1953


SUNRISE AND SUNSET
DECEMBER 18 2014......SUNRISE   642 AM CST   SUNSET   438 PM CST
DECEMBER 19 2014......SUNRISE   643 AM CST   SUNSET   438 PM CST


-  INDICATES NEGATIVE NUMBERS.
R  INDICATES RECORD WAS SET OR TIED.
MM INDICATES DATA IS MISSING.
T  INDICATES TRACE AMOUNT.




$$
