000
CDAK48 PAFC 291241
CLIANC

CLIMATE REPORT
NATIONAL WEATHER SERVICE ANCHORAGE, AK
440 AM AKDT MON MAY 29 2017


...................................

...THE ANCHORAGE AK CLIMATE SUMMARY FOR MAY 28 2017...

CLIMATE NORMAL PERIOD 1981 TO 2010
CLIMATE RECORD PERIOD 1952 TO 2017


WEATHER ITEM   OBSERVED TIME   RECORD YEAR NORMAL DEPARTURE LAST
                VALUE   (LST)  VALUE       VALUE  FROM      YEAR
                                                  NORMAL
..................................................................
TEMPERATURE (F)
 YESTERDAY
  MAXIMUM         48    632 PM  74    2013  60    -12       69
                                      1979
  MINIMUM         41    625 AM  33    1958  43     -2       49
  AVERAGE         45                        51     -6       59

PRECIPITATION (IN)
  YESTERDAY        T             0.27 1985   0.03  -0.03
  MONTH TO DATE    0.93                      0.64   0.29
  SINCE MAR 1      2.00                      1.71   0.29
  SINCE JAN 1      4.70                      3.16   1.54

SNOWFALL (IN)
  YESTERDAY        0.0           0.0    MM   0.0    0.0      0.0
  MONTH TO DATE    0.0                       0.3   -0.3      0.0
  SINCE MAR 1     10.3                      14.2   -3.9     10.7
  SINCE JUL 1     82.4                      74.5    7.9     38.3
  SNOW DEPTH       0

DEGREE DAYS
 HEATING
  YESTERDAY       20                                6
  MONTH TO DATE  476                              -18
  SINCE MAR 1   2618                               86
  SINCE JUL 1   9656                             -205

 COOLING
  YESTERDAY        0                                0
  MONTH TO DATE    0                                0
  SINCE MAR 1      0                                0
  SINCE JAN 1      0                                0
..................................................................


WIND (MPH)
  HIGHEST WIND SPEED    10   HIGHEST WIND DIRECTION     S (170)
  HIGHEST GUST SPEED    22   HIGHEST GUST DIRECTION     S (170)
  AVERAGE WIND SPEED     3.8




RELATIVE HUMIDITY (PERCENT)
 HIGHEST    82
 LOWEST     65
 AVERAGE    74

..........................................................


THE ANCHORAGE AK CLIMATE NORMALS FOR TODAY
                         NORMAL    RECORD    YEAR
 MAXIMUM TEMPERATURE (F)   60        76      2013
 MINIMUM TEMPERATURE (F)   44        35      1982
                                             1966


SUNRISE AND SUNSET
MAY 29 2017...........SUNRISE   441 AM AKDT  SUNSET  1115 PM AKDT
MAY 30 2017...........SUNRISE   440 AM AKDT  SUNSET  1117 PM AKDT

CIVIL TWILIGHT
MAY 29 2017             START    306 AM GMT     END   1254 AM GMT
MAY 30 2017             START    302 AM GMT     END   1259 AM GMT



-  INDICATES NEGATIVE NUMBERS.
R  INDICATES RECORD WAS SET OR TIED.
MM INDICATES DATA IS MISSING.
T  INDICATES TRACE AMOUNT.




$$
&&
------------------------------------------------------
AMOUNT OF DAYLIGHT TODAY  (HOUR:MIN)........18:34
GAIN/LOSS SINCE YESTERDAY (HOUR:MIN:SEC)....+0:03:56
