000
CDAK48 PAFC 301235
CLIANC


CLIMATE REPORT
NATIONAL WEATHER SERVICE ANCHORAGE, AK
435 AM AKDT THU JUL 30 2015


...................................

...THE ANCHORAGE AK CLIMATE SUMMARY FOR JULY 29 2015...

CLIMATE NORMAL PERIOD 1981 TO 2010
CLIMATE RECORD PERIOD 1952 TO 2015


WEATHER ITEM   OBSERVED RECORD YEAR NORMAL DEPARTURE LAST
                VALUE   VALUE       VALUE  FROM      YEAR
                                           NORMAL
...........................................................
TEMPERATURE (F)
 YESTERDAY
  MAXIMUM         70     79    1977  66      4       69
  MINIMUM         57     44    1971  53      4       51
  AVERAGE         64                 59      5       60

PRECIPITATION (IN)
  YESTERDAY        0.19   0.75 1995   0.07   0.12
  MONTH TO DATE    2.33               1.67   0.66
  SINCE JUN 1      3.26               2.64   0.62
  SINCE JAN 1      6.32               5.88   0.44

SNOWFALL (IN)
  YESTERDAY        0.0    0.0    MM   0.0    0.0
  MONTH TO DATE    0.0                0.0    0.0
  SINCE JUN 1      0.0                0.0    0.0
  SINCE JUL 1      0.0                0.0    0.0
  SNOW DEPTH       0

DEGREE DAYS
 HEATING
  YESTERDAY        1                        -5
  MONTH TO DATE   88                       -95
  SINCE JUN 1    261                      -215
  SINCE JUL 1     88                       -95

 COOLING
  YESTERDAY        0                         0
  MONTH TO DATE   10                        10
  SINCE JUN 1     26                        26
  SINCE JAN 1     26                        26
...........................................................


WIND (MPH)
  HIGHEST WIND SPEED    13   HIGHEST WIND DIRECTION    SE (150)
  HIGHEST GUST SPEED    17   HIGHEST GUST DIRECTION    SE (150)
  AVERAGE WIND SPEED     5.9




RELATIVE HUMIDITY (PERCENT)
 HIGHEST    80
 LOWEST     58
 AVERAGE    69

..........................................................


THE ANCHORAGE AK CLIMATE NORMALS FOR TODAY
                         NORMAL    RECORD    YEAR
 MAXIMUM TEMPERATURE (F)   66        77      2002
                                             1993
                                             1965
 MINIMUM TEMPERATURE (F)   53        47      1998
                                             1962


SUNRISE AND SUNSET
JULY 30 2015..........SUNRISE   528 AM AKDT  SUNSET  1044 PM AKDT
JULY 31 2015..........SUNRISE   530 AM AKDT  SUNSET  1041 PM AKDT


-  INDICATES NEGATIVE NUMBERS.
R  INDICATES RECORD WAS SET OR TIED.
MM INDICATES DATA IS MISSING.
T  INDICATES TRACE AMOUNT.




$$
