000
CDAK48 PAFC 261255
CLIANC

CLIMATE REPORT
NATIONAL WEATHER SERVICE ANCHORAGE, AK
354 AM AKST FRI DEC 26 2014


...................................

...THE ANCHORAGE AK CLIMATE SUMMARY FOR DECEMBER 25 2014...

CLIMATE NORMAL PERIOD 1981 TO 2010
CLIMATE RECORD PERIOD 1953 TO 2014


WEATHER ITEM   OBSERVED RECORD YEAR NORMAL DEPARTURE LAST
                VALUE   VALUE       VALUE  FROM      YEAR
                                           NORMAL
...........................................................
TEMPERATURE (F)
 YESTERDAY
  MAXIMUM         38     42    1995  24     14        4
  MINIMUM         26    -25    1961  13     13       -6
  AVERAGE         32                 18     14       -1

PRECIPITATION (IN)
  YESTERDAY        0.18   0.78 1990   0.03   0.15
  MONTH TO DATE    0.56               0.92  -0.36
  SINCE DEC 1      0.56               0.92  -0.36
  SINCE JAN 1     18.47              16.39   2.08

SNOWFALL (IN)
  YESTERDAY        1.6    5.8  2008   0.6    1.0
  MONTH TO DATE    7.2               13.8   -6.6
  SINCE DEC 1      7.2               13.8   -6.6
  SINCE JUL 1     13.2               35.2  -22.0
  SNOW DEPTH       7

DEGREE DAYS
 HEATING
  YESTERDAY       33                       -14
  MONTH TO DATE  950                      -194
  SINCE DEC 1    950                      -194
  SINCE JUL 1   3665                      -643

 COOLING
  YESTERDAY        0                         0
  MONTH TO DATE    0                         0
  SINCE DEC 1      0                         0
  SINCE JAN 1      3                         1
...........................................................


WIND (MPH)
  HIGHEST WIND SPEED    16   HIGHEST WIND DIRECTION     S (170)
  HIGHEST GUST SPEED    30   HIGHEST GUST DIRECTION     S (180)
  AVERAGE WIND SPEED     7.9




RELATIVE HUMIDITY (PERCENT)
 HIGHEST    89
 LOWEST     52
 AVERAGE    71

..........................................................


THE ANCHORAGE AK CLIMATE NORMALS FOR TODAY
                         NORMAL    RECORD    YEAR
 MAXIMUM TEMPERATURE (F)   24        48      1999
 MINIMUM TEMPERATURE (F)   12       -29      1954


SUNRISE AND SUNSET
DECEMBER 26 2014......SUNRISE  1015 AM AKST  SUNSET   346 PM AKST
DECEMBER 27 2014......SUNRISE  1015 AM AKST  SUNSET   347 PM AKST

CIVIL TWILIGHT
DECEMBER 26 2014        START   914 AM AKST     END   448 PM AKST
DECEMBER 27 2014        START   914 AM AKST     END   449 PM AKST



-  INDICATES NEGATIVE NUMBERS.
R  INDICATES RECORD WAS SET OR TIED.
MM INDICATES DATA IS MISSING.
T  INDICATES TRACE AMOUNT.




$$
&&
------------------------------------------------------
