000
CDAK48 PAFC 230056
CLIANC

CLIMATE REPORT
NATIONAL WEATHER SERVICE ANCHORAGE, AK
455 PM AKDT TUE JUL 22 2014


...................................

...THE ANCHORAGE AK CLIMATE SUMMARY FOR JULY 22 2014...
VALID TODAY AS OF 0400 PM LOCAL TIME.

CLIMATE NORMAL PERIOD 1981 TO 2010
CLIMATE RECORD PERIOD 1915 TO 2014


WEATHER ITEM   OBSERVED RECORD YEAR NORMAL DEPARTURE LAST
                VALUE   VALUE       VALUE  FROM      YEAR
                                           NORMAL
...........................................................
TEMPERATURE (F)
 TODAY
  MAXIMUM         67     79    1955  66      1       76
  MINIMUM         48     44    1919  53     -5       57
  AVERAGE         58                 59              67

PRECIPITATION (IN)
  TODAY            0.00   0.44 2007   0.07  -0.07     0.00
  MONTH TO DATE    1.33               1.19   0.14     1.05
  SINCE JUN 1      4.66               2.16   2.50     1.51
  SINCE JAN 1      7.89               5.40   2.49     7.89

SNOWFALL (IN)
  TODAY            0.0    0.0    MM   0.0    0.0      0.0
  MONTH TO DATE    0.0                0.0    0.0      0.0
  SINCE JUN 1      0.0                0.0    0.0      0.0
  SINCE JUL 1      0.0                0.0    0.0      0.0
  SNOW DEPTH       0

DEGREE DAYS
 HEATING
  TODAY            7                  6      1        0
  MONTH TO DATE  104                141    -37      106
  SINCE JUN 1    432                434     -2      290
  SINCE JUL 1    104                141    -37      106

 COOLING
  TODAY            0                  0      0        2
  MONTH TO DATE    3                  0      3        8
  SINCE JUN 1      3                  0      3       15
  SINCE JAN 1      3                  0      3       15
...........................................................


WIND (MPH)
  RESULTANT WIND SPEED   2   RESULTANT WIND DIRECTION   W (290)
  HIGHEST WIND SPEED    10   HIGHEST WIND DIRECTION    NW (300)
  HIGHEST GUST SPEED    MM   HIGHEST GUST DIRECTION    MM
  AVERAGE WIND SPEED     3.7


SKY COVER
  POSSIBLE SUNSHINE  MM
  AVERAGE SKY COVER 0.7


WEATHER CONDITIONS
 THE FOLLOWING WEATHER WAS RECORDED TODAY.
  NO SIGNIFICANT WEATHER WAS OBSERVED.


RELATIVE HUMIDITY (PERCENT)
 HIGHEST    86           300 AM
 LOWEST     57          1200 AM
 AVERAGE    72

..........................................................


THE ANCHORAGE AK CLIMATE NORMALS FOR TOMORROW
                         NORMAL    RECORD    YEAR
 MAXIMUM TEMPERATURE (F)   66        79      1936
 MINIMUM TEMPERATURE (F)   53        36      1920


SUNRISE AND SUNSET
JULY 22 2014..........SUNRISE   508 AM AKDT  SUNSET  1103 PM AKDT
JULY 23 2014..........SUNRISE   511 AM AKDT  SUNSET  1101 PM AKDT

CIVIL TWILIGHT
JULY 22 2014            START   350 AM AKDT     END  1220 AM AKDT
JULY 23 2014            START   354 AM AKDT     END  1217 AM AKDT



-  INDICATES NEGATIVE NUMBERS.
R  INDICATES RECORD WAS SET OR TIED.
MM INDICATES DATA IS MISSING.
T  INDICATES TRACE AMOUNT.




$$
&&
------------------------------------------------------
AMOUNT OF DAYLIGHT TODAY  (HOUR:MIN)........17:55
GAIN/LOSS SINCE YESTERDAY (HOUR:MIN:SEC)....-0:04:39

--
