000
CDAK48 PAFC 191337
CLIANC

CLIMATE REPORT
NATIONAL WEATHER SERVICE ANCHORAGE, AK
435 AM AKST THU JAN 19 2017


...................................

...THE ANCHORAGE AK CLIMATE SUMMARY FOR JANUARY 18 2017...

CLIMATE NORMAL PERIOD 1981 TO 2010
CLIMATE RECORD PERIOD 1952 TO 2017


WEATHER ITEM   OBSERVED TIME   RECORD YEAR NORMAL DEPARTURE LAST
                VALUE   (LST)  VALUE       VALUE  FROM      YEAR
                                                  NORMAL
..................................................................
TEMPERATURE (F)
 YESTERDAY
  MAXIMUM         -1    235 PM  46    1981  23    -24       29
  MINIMUM        -15   1057 AM -19    1989  11    -26       15
                                      1972
  AVERAGE         -8                        17    -25       22

PRECIPITATION (IN)
  YESTERDAY        T             0.23 2010   0.03  -0.03
  MONTH TO DATE    0.75                      0.43   0.32
  SINCE DEC 1      2.22                      1.54   0.68
  SINCE JAN 1      0.75                      0.43   0.32

SNOWFALL (IN)
  YESTERDAY        T             3.3  2010   0.3   -0.3      0.0
  MONTH TO DATE   10.8                       6.6    4.2      3.5
  SINCE DEC 1     27.7                      23.3    4.4      6.1
  SINCE JUL 1     31.6                      44.7  -13.1     25.8
  SNOW DEPTH      16

DEGREE DAYS
 HEATING
  YESTERDAY       73                               25
  MONTH TO DATE  996                              135
  SINCE DEC 1   2505                              218
  SINCE JUL 1   5158                             -293

 COOLING
  YESTERDAY        0                                0
  MONTH TO DATE    0                                0
  SINCE DEC 1      0                                0
  SINCE JAN 1      0                                0
..................................................................


WIND (MPH)
  HIGHEST WIND SPEED    14   HIGHEST WIND DIRECTION    NE (30)
  HIGHEST GUST SPEED    16   HIGHEST GUST DIRECTION    NE (40)
  AVERAGE WIND SPEED     4.4




RELATIVE HUMIDITY (PERCENT)
 HIGHEST    87
 LOWEST     64
 AVERAGE    76

..........................................................


THE ANCHORAGE AK CLIMATE NORMALS FOR TODAY
                         NORMAL    RECORD    YEAR
 MAXIMUM TEMPERATURE (F)   23        50      1961
 MINIMUM TEMPERATURE (F)   11       -24      1989


SUNRISE AND SUNSET
JANUARY 19 2017.......SUNRISE   949 AM AKST  SUNSET   434 PM AKST
JANUARY 20 2017.......SUNRISE   947 AM AKST  SUNSET   437 PM AKST

CIVIL TWILIGHT
JANUARY 19 2017         START    855 AM GMT     END    528 PM GMT
JANUARY 20 2017         START    853 AM GMT     END    531 PM GMT



-  INDICATES NEGATIVE NUMBERS.
R  INDICATES RECORD WAS SET OR TIED.
MM INDICATES DATA IS MISSING.
T  INDICATES TRACE AMOUNT.




$$
&&
------------------------------------------------------
AMOUNT OF DAYLIGHT TODAY  (HOUR:MIN)........ 6:45
GAIN/LOSS SINCE YESTERDAY (HOUR:MIN:SEC)....+0:04:32
