000
CDAK48 PAFC 230045
CLIANC

CLIMATE REPORT
NATIONAL WEATHER SERVICE ANCHORAGE, AK
444 PM AKDT MON SEP 22 2014


...................................

...THE ANCHORAGE AK CLIMATE SUMMARY FOR SEPTEMBER 22 2014...
VALID TODAY AS OF 0400 PM LOCAL TIME.

CLIMATE NORMAL PERIOD 1981 TO 2010
CLIMATE RECORD PERIOD 1915 TO 2014


WEATHER ITEM   OBSERVED RECORD YEAR NORMAL DEPARTURE LAST
                VALUE   VALUE       VALUE  FROM      YEAR
                                           NORMAL
...........................................................
TEMPERATURE (F)
 TODAY
  MAXIMUM         49     71    1942  53     -4       43
  MINIMUM         37     20    1932  40     -3       39
  AVERAGE         43                 46              41

PRECIPITATION (IN)
  TODAY            0.00   1.16 2004   0.10  -0.10      T
  MONTH TO DATE    4.01               2.21   1.80     4.64
  SINCE JUN 1     13.09               8.26   4.83    11.62
  SINCE JAN 1     16.32              11.50   4.82    18.00

SNOWFALL (IN)
  TODAY            0.0    T    1983   0.0    0.0      0.0
  MONTH TO DATE    0.0                0.1   -0.1      0.0
  SINCE JUN 1      0.0                0.1   -0.1      0.0
  SINCE JUL 1      0.0                0.1   -0.1      0.0
  SNOW DEPTH       0

DEGREE DAYS
 HEATING
  TODAY           22                 19      3       24
  MONTH TO DATE  270                329    -59      325
  SINCE SEP 1    270                329    -59      325
  SINCE JUL 1    619                779   -160      666

 COOLING
  TODAY            0                  0      0        0
  MONTH TO DATE    0                  0      0        0
  SINCE SEP 1      0                  0      0        0
  SINCE JAN 1      3                  2      1       21
...........................................................


WIND (MPH)
  RESULTANT WIND SPEED   4   RESULTANT WIND DIRECTION   N (10)
  HIGHEST WIND SPEED     8   HIGHEST WIND DIRECTION    NW (320)
  HIGHEST GUST SPEED    MM   HIGHEST GUST DIRECTION    MM
  AVERAGE WIND SPEED     5.2


SKY COVER
  POSSIBLE SUNSHINE  MM
  AVERAGE SKY COVER 0.3


WEATHER CONDITIONS
 THE FOLLOWING WEATHER WAS RECORDED TODAY.
  NO SIGNIFICANT WEATHER WAS OBSERVED.


RELATIVE HUMIDITY (PERCENT)
 HIGHEST    59           300 AM
 LOWEST     42          1200 PM
 AVERAGE    51

..........................................................


THE ANCHORAGE AK CLIMATE NORMALS FOR TOMORROW
                         NORMAL    RECORD    YEAR
 MAXIMUM TEMPERATURE (F)   52        73      1920
 MINIMUM TEMPERATURE (F)   40        19      1935


SUNRISE AND SUNSET
SEPTEMBER 22 2014.....SUNRISE   745 AM AKDT  SUNSET   759 PM AKDT
SEPTEMBER 23 2014.....SUNRISE   747 AM AKDT  SUNSET   756 PM AKDT

CIVIL TWILIGHT
SEPTEMBER 22 2014       START   702 AM AKDT     END   843 PM AKDT
SEPTEMBER 23 2014       START   704 AM AKDT     END   839 PM AKDT



-  INDICATES NEGATIVE NUMBERS.
R  INDICATES RECORD WAS SET OR TIED.
MM INDICATES DATA IS MISSING.
T  INDICATES TRACE AMOUNT.




$$
&&
------------------------------------------------------
AMOUNT OF DAYLIGHT TODAY  (HOUR:MIN)........12:15
GAIN/LOSS SINCE YESTERDAY (HOUR:MIN:SEC)....-0:05:39
