000
CDAK48 PAFC 311301
CLIANC

CLIMATE REPORT
NATIONAL WEATHER SERVICE ANCHORAGE, AK
500 AM AKDT WED AUG 31 2016


...................................

...THE ANCHORAGE AK CLIMATE SUMMARY FOR AUGUST 30 2016...

CLIMATE NORMAL PERIOD 1981 TO 2010
CLIMATE RECORD PERIOD 1952 TO 2016


WEATHER ITEM   OBSERVED TIME   RECORD YEAR NORMAL DEPARTURE LAST
                VALUE   (LST)  VALUE       VALUE  FROM      YEAR
                                                  NORMAL
..................................................................
TEMPERATURE (F)
 YESTERDAY
  MAXIMUM         74R       MM  73    1974  61     13       57
  MINIMUM         51        MM  34    1955  47      4       43
  AVERAGE         63                        54      9       50

PRECIPITATION (IN)
  YESTERDAY        0.00          0.70 1993   0.11  -0.11
  MONTH TO DATE    5.45                      3.14   2.31
  SINCE JUN 1      9.64                      5.94   3.70
  SINCE JAN 1     11.80                      9.18   2.62

SNOWFALL (IN)
  YESTERDAY        0.0           0.0    MM   0.0    0.0      0.0
                                      2000
  MONTH TO DATE    0.0                       0.0    0.0      0.0
  SINCE JUN 1      0.0                       0.0    0.0      0.0
  SINCE JUL 1      0.0                       0.0    0.0      0.0
  SNOW DEPTH       0

DEGREE DAYS
 HEATING
  YESTERDAY        2                               -9
  MONTH TO DATE  121                             -123
  SINCE JUN 1    369                             -362
  SINCE JUL 1    197                             -241

 COOLING
  YESTERDAY        0                                0
  MONTH TO DATE    0                                0
  SINCE JUN 1     13                               11
  SINCE JAN 1     13                               11
..................................................................


WIND (MPH)
  HIGHEST WIND SPEED    13   HIGHEST WIND DIRECTION     N (10)
  HIGHEST GUST SPEED    MM   HIGHEST GUST DIRECTION    MM
  AVERAGE WIND SPEED     6.6




RELATIVE HUMIDITY (PERCENT)
 HIGHEST    77
 LOWEST     23
 AVERAGE    50

..........................................................


THE ANCHORAGE AK CLIMATE NORMALS FOR TODAY
                         NORMAL    RECORD    YEAR
 MAXIMUM TEMPERATURE (F)   61        71      1963
 MINIMUM TEMPERATURE (F)   47        31      1984


SUNRISE AND SUNSET
AUGUST 31 2016........SUNRISE   651 AM AKDT  SUNSET   907 PM AKDT
SEPTEMBER  1 2016.....SUNRISE   654 AM AKDT  SUNSET   904 PM AKDT

CIVIL TWILIGHT
AUGUST 31 2016          START   604 AM AKDT     END   954 PM AKDT
SEPTEMBER 1 2016        START   607 AM AKDT     END   951 PM AKDT



-  INDICATES NEGATIVE NUMBERS.
R  INDICATES RECORD WAS SET OR TIED.
MM INDICATES DATA IS MISSING.
T  INDICATES TRACE AMOUNT.




$$
&&
------------------------------------------------------
AMOUNT OF DAYLIGHT TODAY  (HOUR:MIN)........14:16
GAIN/LOSS SINCE YESTERDAY (HOUR:MIN:SEC)....-0:05:38

$$
