000
CDUS43 KAPX 240529
CLIANJ


CLIMATE REPORT
NATIONAL WEATHER SERVICE GAYLORD MI
127 AM EDT SAT JUN 24 2017


...................................

...THE SAULT STE MARIE MI CLIMATE SUMMARY FOR JUNE 23 2017...

CLIMATE NORMAL PERIOD 1981 TO 2010
CLIMATE RECORD PERIOD 1888 TO 2017


WEATHER ITEM   OBSERVED TIME   RECORD YEAR NORMAL DEPARTURE LAST
                VALUE   (LST)  VALUE       VALUE  FROM      YEAR
                                                  NORMAL
..................................................................
TEMPERATURE (F)
 YESTERDAY
  MAXIMUM         77    303 PM  92    1923  73      4       74
  MINIMUM         52   1159 PM  37    1996  51      1       47
                                      1967
                                      1917
  AVERAGE         65                        62      3       61

PRECIPITATION (IN)
  YESTERDAY        0.00          1.92 1961   0.09  -0.09     0.00
  MONTH TO DATE    1.51                      2.09  -0.58     1.68
  SINCE JUN 1      1.51                      2.09  -0.58     1.68
  SINCE JAN 1     14.95                     12.53   2.42    12.23

DEGREE DAYS
 HEATING
  YESTERDAY        0                         4     -4        4
  MONTH TO DATE   82                       153    -71      147
  SINCE JUN 1     82                       153    -71      147
  SINCE JUL 1   7208                      8636  -1428     7491

 COOLING
  YESTERDAY        0                         1     -1        0
  MONTH TO DATE   18                        16      2       21
  SINCE JUN 1     18                        16      2       21
  SINCE JAN 1     19                        21     -2       32
..................................................................


WIND (MPH)
  HIGHEST WIND SPEED    17   HIGHEST WIND DIRECTION    NW (300)
  HIGHEST GUST SPEED    25   HIGHEST GUST DIRECTION    NW (320)
  AVERAGE WIND SPEED     6.3




RELATIVE HUMIDITY (PERCENT)
 HIGHEST   100
 LOWEST     29
 AVERAGE    65

..........................................................


THE SAULT STE MARIE MI CLIMATE NORMALS FOR TODAY
                         NORMAL    RECORD    YEAR
 MAXIMUM TEMPERATURE (F)   74        89      1966
 MINIMUM TEMPERATURE (F)   51        33      1967


SUNRISE AND SUNSET
JUNE 24 2017..........SUNRISE   546 AM EDT   SUNSET   934 PM EDT
JUNE 25 2017..........SUNRISE   546 AM EDT   SUNSET   934 PM EDT


-  INDICATES NEGATIVE NUMBERS.
R  INDICATES RECORD WAS SET OR TIED.
MM INDICATES DATA IS MISSING.
T  INDICATES TRACE AMOUNT.




$$
