000
CDUS43 KAPX 070554
CLIANJ


CLIMATE REPORT
NATIONAL WEATHER SERVICE GAYLORD MI
154 AM EDT TUE JUL 7 2015


...................................

...THE SAULT STE MARIE MI CLIMATE SUMMARY FOR JULY 6 2015...

CLIMATE NORMAL PERIOD 1981 TO 2010
CLIMATE RECORD PERIOD 1888 TO 2015


WEATHER ITEM   OBSERVED TIME   RECORD YEAR NORMAL DEPARTURE LAST
                VALUE   (LST)  VALUE       VALUE  FROM      YEAR
                                                  NORMAL
..................................................................
TEMPERATURE (F)
 YESTERDAY
  MAXIMUM         81    257 PM  96    1988  76      5       70
  MINIMUM         56   1159 PM  36    1983  53      3       60
                                      1965
  AVERAGE         69                        64      5       65

PRECIPITATION (IN)
  YESTERDAY        1.21          1.54 1977   0.09   1.12     0.02
  MONTH TO DATE    1.21                      0.51   0.70     0.41
  SINCE JUN 1      3.94                      3.21   0.73     3.33
  SINCE JAN 1     12.64                     13.65  -1.01    15.37

DEGREE DAYS
 HEATING
  YESTERDAY        0                         3     -3        0
  MONTH TO DATE   22                        18      4       22
  SINCE JUN 1    210                       198     12      131
  SINCE JUL 1     22                        18      4       22

 COOLING
  YESTERDAY        4                         2      2        0
  MONTH TO DATE    4                        12     -8        4
  SINCE JUN 1     11                        42    -31       41
  SINCE JAN 1     13                        47    -34       43
..................................................................


WIND (MPH)
  HIGHEST WIND SPEED    15   HIGHEST WIND DIRECTION    NW (300)
  HIGHEST GUST SPEED    22   HIGHEST GUST DIRECTION    NW (300)
  AVERAGE WIND SPEED     7.8




RELATIVE HUMIDITY (PERCENT)
 HIGHEST   100
 LOWEST     62
 AVERAGE    81

..........................................................


THE SAULT STE MARIE MI CLIMATE NORMALS FOR TODAY
                         NORMAL    RECORD    YEAR
 MAXIMUM TEMPERATURE (F)   76        97      1988
 MINIMUM TEMPERATURE (F)   54        40      1997


SUNRISE AND SUNSET
JULY  7 2015..........SUNRISE   552 AM EDT   SUNSET   932 PM EDT
JULY  8 2015..........SUNRISE   553 AM EDT   SUNSET   931 PM EDT


-  INDICATES NEGATIVE NUMBERS.
R  INDICATES RECORD WAS SET OR TIED.
MM INDICATES DATA IS MISSING.
T  INDICATES TRACE AMOUNT.




$$
