000
CDUS43 KAPX 240542
CLIANJ


CLIMATE REPORT
NATIONAL WEATHER SERVICE GAYLORD MI
1241 AM EST FRI FEB 24 2017


...................................

...THE SAULT STE MARIE MI CLIMATE SUMMARY FOR FEBRUARY 23 2017...

CLIMATE NORMAL PERIOD 1981 TO 2010
CLIMATE RECORD PERIOD 1888 TO 2017


WEATHER ITEM   OBSERVED TIME   RECORD YEAR NORMAL DEPARTURE LAST
                VALUE   (LST)  VALUE       VALUE  FROM      YEAR
                                                  NORMAL
..................................................................
TEMPERATURE (F)
 YESTERDAY
  MAXIMUM         40    304 AM  47    1984  28     12       35
  MINIMUM         31   1128 PM -24    1934  11     20       20
  AVERAGE         36                        19     17       28

PRECIPITATION (IN)
  YESTERDAY        0.26          0.64 1922   0.05   0.21      T
  MONTH TO DATE    3.00                      1.09   1.91     1.47
  SINCE DEC 1      9.91                      6.07   3.84     8.43
  SINCE JAN 1      5.66                      3.28   2.38     3.02

SNOWFALL (IN)
  YESTERDAY        0.0           9.0  1922   0.5   -0.5      0.1
  MONTH TO DATE   32.7                      15.8   16.9     16.6
  SINCE OCT 1    117.7                      97.4   20.3     55.6
  SINCE JUL 1    117.7                      97.4   20.3     55.6
  SNOW DEPTH      15

DEGREE DAYS
 HEATING
  YESTERDAY       29                        46    -17       37
  MONTH TO DATE  913                      1102   -189     1052
  SINCE DEC 1   3411                      3970   -559     3417
  SINCE JUL 1   4681                      5902  -1221     4908
..................................................................


WIND (MPH)
  HIGHEST WIND SPEED    20   HIGHEST WIND DIRECTION    NW (310)
  HIGHEST GUST SPEED    27   HIGHEST GUST DIRECTION    NW (310)
  AVERAGE WIND SPEED     8.3




RELATIVE HUMIDITY (PERCENT)
 HIGHEST   100
 LOWEST     59
 AVERAGE    80

..........................................................


THE SAULT STE MARIE MI CLIMATE NORMALS FOR TODAY
                         NORMAL    RECORD    YEAR
 MAXIMUM TEMPERATURE (F)   28        49      2000
 MINIMUM TEMPERATURE (F)   11       -26      1894


SUNRISE AND SUNSET
FEBRUARY 24 2017......SUNRISE   725 AM EST   SUNSET   617 PM EST
FEBRUARY 25 2017......SUNRISE   723 AM EST   SUNSET   618 PM EST


-  INDICATES NEGATIVE NUMBERS.
R  INDICATES RECORD WAS SET OR TIED.
MM INDICATES DATA IS MISSING.
T  INDICATES TRACE AMOUNT.




$$
