000
CDUS43 KAPX 220528
CLIANJ


CLIMATE REPORT
NATIONAL WEATHER SERVICE GAYLORD MI
128 AM EDT SUN OCT 22 2017


...................................

...THE SAULT STE MARIE MI CLIMATE SUMMARY FOR OCTOBER 21 2017...

CLIMATE NORMAL PERIOD 1981 TO 2010
CLIMATE RECORD PERIOD 1888 TO 2017


WEATHER ITEM   OBSERVED TIME   RECORD YEAR NORMAL DEPARTURE LAST
                VALUE   (LST)  VALUE       VALUE  FROM      YEAR
                                                  NORMAL
..................................................................
TEMPERATURE (F)
 YESTERDAY
  MAXIMUM         69    106 PM  70    1978  51     18       46
                                      1920
  MINIMUM         50    753 AM  18    1895  36     14       36
  AVERAGE         60                        44     16       41

PRECIPITATION (IN)
  YESTERDAY        0.00          0.97 1993   0.12  -0.12     0.00
  MONTH TO DATE    2.46                      2.63  -0.17     3.11
  SINCE SEP 1      3.51                      6.45  -2.94     7.93
  SINCE JAN 1     31.27                     25.62   5.65    28.01

SNOWFALL (IN)
  YESTERDAY        0.0           3.0  1895   0.0    0.0      0.0
  MONTH TO DATE    0.0                       0.5   -0.5      0.0
  SINCE OCT 1      0.0                       0.5   -0.5      0.0
  SINCE JUL 1      0.0                       0.5   -0.5      0.0
  SNOW DEPTH       0

DEGREE DAYS
 HEATING
  YESTERDAY        5                        21    -16       24
  MONTH TO DATE  201                       371   -170      238
  SINCE SEP 1    338                       625   -287      315
  SINCE JUL 1    421                       772   -351      350

 COOLING
  YESTERDAY        0                         0      0        0
  MONTH TO DATE    4                         0      4        0
  SINCE SEP 1     86                        17     69       35
  SINCE JAN 1    214                       195     19      361
..................................................................


WIND (MPH)
  HIGHEST WIND SPEED    14   HIGHEST WIND DIRECTION    SE (130)
  HIGHEST GUST SPEED    19   HIGHEST GUST DIRECTION    SE (130)
  AVERAGE WIND SPEED     6.3




RELATIVE HUMIDITY (PERCENT)
 HIGHEST    93
 LOWEST     53
 AVERAGE    73

..........................................................


THE SAULT STE MARIE MI CLIMATE NORMALS FOR TODAY
                         NORMAL    RECORD    YEAR
 MAXIMUM TEMPERATURE (F)   51        76      1947
 MINIMUM TEMPERATURE (F)   36        20      1969


SUNRISE AND SUNSET
OCTOBER 22 2017.......SUNRISE   805 AM EDT   SUNSET   638 PM EDT
OCTOBER 23 2017.......SUNRISE   806 AM EDT   SUNSET   636 PM EDT


-  INDICATES NEGATIVE NUMBERS.
R  INDICATES RECORD WAS SET OR TIED.
MM INDICATES DATA IS MISSING.
T  INDICATES TRACE AMOUNT.




$$
