000
CDUS43 KAPX 030538
CLIANJ


CLIMATE REPORT
NATIONAL WEATHER SERVICE GAYLORD MI
138 AM EDT WED JUN 3 2015


...................................

...THE SAULT STE MARIE MI CLIMATE SUMMARY FOR JUNE 2 2015...

CLIMATE NORMAL PERIOD 1981 TO 2010
CLIMATE RECORD PERIOD 1888 TO 2015


WEATHER ITEM   OBSERVED TIME   RECORD YEAR NORMAL DEPARTURE LAST
                VALUE   (LST)  VALUE       VALUE  FROM      YEAR
                                                  NORMAL
..................................................................
TEMPERATURE (F)
 YESTERDAY
  MAXIMUM         71    509 PM  88    1919  68      3       68
  MINIMUM         39    358 AM  28    1964  45     -6       58
  AVERAGE         55                        56     -1       63

PRECIPITATION (IN)
  YESTERDAY        0.00          0.97 1900   0.09  -0.09     0.57
  MONTH TO DATE    0.00                      0.18  -0.18     0.57
  SINCE JUN 1      0.00                      0.18  -0.18     0.57
  SINCE JAN 1      8.70                     10.62  -1.92    12.61

DEGREE DAYS
 HEATING
  YESTERDAY       10                         9      1        2
  MONTH TO DATE   22                        18      4        2
  SINCE JUN 1     22                        18      4        2
  SINCE JUL 1   9292                      8501    791     9619

 COOLING
  YESTERDAY        0                         0      0        0
  MONTH TO DATE    0                         0      0        1
  SINCE JUN 1      0                         0      0        1
  SINCE JAN 1      2                         5     -3        3
..................................................................


WIND (MPH)
  HIGHEST WIND SPEED    14   HIGHEST WIND DIRECTION     S (190)
  HIGHEST GUST SPEED    21   HIGHEST GUST DIRECTION    SE (130)
  AVERAGE WIND SPEED     4.6




RELATIVE HUMIDITY (PERCENT)
 HIGHEST    85
 LOWEST     20
 AVERAGE    53

..........................................................


THE SAULT STE MARIE MI CLIMATE NORMALS FOR TODAY
                         NORMAL    RECORD    YEAR
 MAXIMUM TEMPERATURE (F)   68        88      1948
 MINIMUM TEMPERATURE (F)   45        26      1982


SUNRISE AND SUNSET
JUNE  3 2015..........SUNRISE   547 AM EDT   SUNSET   924 PM EDT
JUNE  4 2015..........SUNRISE   547 AM EDT   SUNSET   925 PM EDT


-  INDICATES NEGATIVE NUMBERS.
R  INDICATES RECORD WAS SET OR TIED.
MM INDICATES DATA IS MISSING.
T  INDICATES TRACE AMOUNT.




$$
