000
CDUS43 KAPX 230535
CLIANJ


CLIMATE REPORT
NATIONAL WEATHER SERVICE GAYLORD MI
1232 AM EST TUE JAN 23 2018


...................................

...THE SAULT STE MARIE MI CLIMATE SUMMARY FOR JANUARY 22 2018...

CLIMATE NORMAL PERIOD 1981 TO 2010
CLIMATE RECORD PERIOD 1888 TO 2018


WEATHER ITEM   OBSERVED TIME   RECORD YEAR NORMAL DEPARTURE LAST
                VALUE   (LST)  VALUE       VALUE  FROM      YEAR
                                                  NORMAL
..................................................................
TEMPERATURE (F)
 YESTERDAY
  MAXIMUM         36    151 AM  43    1916  23     13       38
  MINIMUM         22   1159 PM -22    1975   7     15       36
  AVERAGE         29                        15     14       37

PRECIPITATION (IN)
  YESTERDAY        0.41          0.84 1933   0.06   0.35     0.03
  MONTH TO DATE    1.48                      1.62  -0.14     1.76
  SINCE DEC 1      5.20                      4.41   0.79     6.01
  SINCE JAN 1      1.48                      1.62  -0.14     1.76

SNOWFALL (IN)
  YESTERDAY        3.2           7.0  1895   0.9    2.3      0.0
  MONTH TO DATE   15.0                      22.8   -7.8     20.8
  SINCE OCT 1     70.7                      73.0   -2.3     78.5
  SINCE JUL 1     70.7                      73.0   -2.3     78.5
  SNOW DEPTH      12

DEGREE DAYS
 HEATING
  YESTERDAY       36                        50    -14       28
  MONTH TO DATE 1065                      1088    -23      900
  SINCE DEC 1   2550                      2415    135     2157
  SINCE JUL 1   4135                      4347   -212     3427
..................................................................


WIND (MPH)
  HIGHEST WIND SPEED    18   HIGHEST WIND DIRECTION    NE (60)
  HIGHEST GUST SPEED    27   HIGHEST GUST DIRECTION    NE (60)
  AVERAGE WIND SPEED    10.6




RELATIVE HUMIDITY (PERCENT)
 HIGHEST    85
 LOWEST     66
 AVERAGE    76

..........................................................


THE SAULT STE MARIE MI CLIMATE NORMALS FOR TODAY
                         NORMAL    RECORD    YEAR
 MAXIMUM TEMPERATURE (F)   23        42      1999
 MINIMUM TEMPERATURE (F)    7       -25      1935


SUNRISE AND SUNSET
JANUARY 23 2018.......SUNRISE   811 AM EST   SUNSET   528 PM EST
JANUARY 24 2018.......SUNRISE   810 AM EST   SUNSET   530 PM EST


-  INDICATES NEGATIVE NUMBERS.
R  INDICATES RECORD WAS SET OR TIED.
MM INDICATES DATA IS MISSING.
T  INDICATES TRACE AMOUNT.




$$
