000
CDUS43 KAPX 310545
CLIANJ


CLIMATE REPORT
NATIONAL WEATHER SERVICE GAYLORD MI
145 AM EDT MON AUG 31 2015


...................................

...THE SAULT STE MARIE MI CLIMATE SUMMARY FOR AUGUST 30 2015...

CLIMATE NORMAL PERIOD 1981 TO 2010
CLIMATE RECORD PERIOD 1888 TO 2015


WEATHER ITEM   OBSERVED TIME   RECORD YEAR NORMAL DEPARTURE LAST
                VALUE   (LST)  VALUE       VALUE  FROM      YEAR
                                                  NORMAL
..................................................................
TEMPERATURE (F)
 YESTERDAY
  MAXIMUM         77    204 PM  88    2010  72      5       77
                                      1973
                                      1932
  MINIMUM         59    446 AM  35    1976  53      6       62
  AVERAGE         68                        62      6       70

PRECIPITATION (IN)
  YESTERDAY        0.00          3.15 1995   0.12  -0.12     0.22
  MONTH TO DATE    2.77                      3.06  -0.29     2.48
  SINCE JUN 1      8.55                      8.62  -0.07     6.88
  SINCE JAN 1     17.25                     19.06  -1.81    18.92

DEGREE DAYS
 HEATING
  YESTERDAY        0                         4     -4        0
  MONTH TO DATE   47                        73    -26       70
  SINCE JUN 1    289                       322    -33      290
  SINCE JUL 1    101                       142    -41      181

 COOLING
  YESTERDAY        3                         1      2        5
  MONTH TO DATE   86                        66     20       47
  SINCE JUN 1    185                       174     11      105
  SINCE JAN 1    187                       179      8      107
..................................................................


WIND (MPH)
  HIGHEST WIND SPEED    16   HIGHEST WIND DIRECTION    SW (230)
  HIGHEST GUST SPEED    22   HIGHEST GUST DIRECTION    SW (220)
  AVERAGE WIND SPEED     5.8




RELATIVE HUMIDITY (PERCENT)
 HIGHEST   100
 LOWEST     60
 AVERAGE    80

..........................................................


THE SAULT STE MARIE MI CLIMATE NORMALS FOR TODAY
                         NORMAL    RECORD    YEAR
 MAXIMUM TEMPERATURE (F)   72        89      2000
 MINIMUM TEMPERATURE (F)   52        37      1978
                                             1967


SUNRISE AND SUNSET
AUGUST 31 2015........SUNRISE   656 AM EDT   SUNSET   819 PM EDT
SEPTEMBER  1 2015.....SUNRISE   657 AM EDT   SUNSET   817 PM EDT


-  INDICATES NEGATIVE NUMBERS.
R  INDICATES RECORD WAS SET OR TIED.
MM INDICATES DATA IS MISSING.
T  INDICATES TRACE AMOUNT.




$$
