000
CDUS43 KAPX 250530
CLIANJ


CLIMATE REPORT
NATIONAL WEATHER SERVICE GAYLORD MI
129 AM EDT FRI JUL 25 2014


...................................

...THE SAULT STE MARIE MI CLIMATE SUMMARY FOR JULY 24 2014...

CLIMATE NORMAL PERIOD 1981 TO 2010
CLIMATE RECORD PERIOD 1888 TO 2014


WEATHER ITEM   OBSERVED TIME   RECORD YEAR NORMAL DEPARTURE LAST
                VALUE   (LST)  VALUE       VALUE  FROM      YEAR
                                                  NORMAL
..................................................................
TEMPERATURE (F)
 YESTERDAY
  MAXIMUM         71    320 PM  92    1941  77     -6       71
  MINIMUM         49    543 AM  42    1992  55     -6       46
  AVERAGE         60                        66     -6       59

PRECIPITATION (IN)
  YESTERDAY        0.00          1.10 1996   0.09  -0.09     0.00
  MONTH TO DATE    0.66                      2.14  -1.48     2.37
  SINCE JUN 1      3.58                      4.84  -1.26     5.62
  SINCE JAN 1     15.62                     15.28   0.34    19.88

DEGREE DAYS
 HEATING
  YESTERDAY        5                         2      3        6
  MONTH TO DATE   86                        58     28       27
  SINCE JUN 1    195                       238    -43      173
  SINCE JUL 1     86                        58     28       27

 COOLING
  YESTERDAY        0                         3     -3        0
  MONTH TO DATE   21                        63    -42      115
  SINCE JUN 1     58                        93    -35      154
  SINCE JAN 1     60                        98    -38      163
..................................................................


WIND (MPH)
  HIGHEST WIND SPEED    13   HIGHEST WIND DIRECTION    NW (310)
  HIGHEST GUST SPEED    17   HIGHEST GUST DIRECTION    NW (320)
  AVERAGE WIND SPEED     6.1




RELATIVE HUMIDITY (PERCENT)
 HIGHEST    89
 LOWEST     49
 AVERAGE    69

..........................................................


THE SAULT STE MARIE MI CLIMATE NORMALS FOR TODAY
                         NORMAL    RECORD    YEAR
 MAXIMUM TEMPERATURE (F)   77        91      1917
 MINIMUM TEMPERATURE (F)   55        41      1891


SUNRISE AND SUNSET
JULY 25 2014..........SUNRISE   610 AM EDT   SUNSET   917 PM EDT
JULY 26 2014..........SUNRISE   611 AM EDT   SUNSET   916 PM EDT


-  INDICATES NEGATIVE NUMBERS.
R  INDICATES RECORD WAS SET OR TIED.
MM INDICATES DATA IS MISSING.
T  INDICATES TRACE AMOUNT.




$$
