000
CDUS43 KAPX 262131
CLIANJ


CLIMATE REPORT
NATIONAL WEATHER SERVICE GAYLORD MI
530 PM EDT WED APR 26 2017


...................................

...THE SAULT STE MARIE MI CLIMATE SUMMARY FOR APRIL 26 2017...
VALID TODAY AS OF 0500 PM LOCAL TIME.

CLIMATE NORMAL PERIOD 1981 TO 2010
CLIMATE RECORD PERIOD 1888 TO 2017


WEATHER ITEM   OBSERVED TIME   RECORD YEAR NORMAL DEPARTURE LAST
                VALUE   (LST)  VALUE       VALUE  FROM      YEAR
                                                  NORMAL
..................................................................
TEMPERATURE (F)
 TODAY
  MAXIMUM         59    131 PM  84    1990  55      4       49
  MINIMUM         50    303 AM  18    1907  35     15       33
  AVERAGE         55                        45     10       41

PRECIPITATION (IN)
  TODAY            0.11          2.35 1954   0.07   0.04     0.04
  MONTH TO DATE    2.51                      2.09   0.42     2.43
  SINCE MAR 1      4.46                      4.04   0.42     5.08
  SINCE JAN 1     10.42                      7.57   2.85     8.79

SNOWFALL (IN)
  TODAY            0.0           3.0  1953   0.1             0.2
  MONTH TO DATE    0.5                       6.4            17.6
  SINCE OCT 1    137.4                     120.0            91.9
  SINCE JUL 1    137.4                     120.0            91.9

DEGREE DAYS
 HEATING
  TODAY           10                        20    -10       24
  MONTH TO DATE  568                       666    -98      761
  SINCE MAR 1   1766                      1866   -100     1769
  SINCE JUL 1   6640                      7992  -1352     6910

 COOLING
  TODAY            0                         0      0        0
  MONTH TO DATE    0                         0      0        0
  SINCE MAR 1      0                         0      0        0
  SINCE JAN 1      0                         0      0        0
..................................................................


WIND (MPH)
  RESULTANT WIND SPEED  11   RESULTANT WIND DIRECTION   E (110)
  HIGHEST WIND SPEED    25   HIGHEST WIND DIRECTION    SE (120)
  HIGHEST GUST SPEED    36   HIGHEST GUST DIRECTION    SE (120)
  AVERAGE WIND SPEED    11.2


SKY COVER
  POSSIBLE SUNSHINE  MM
  AVERAGE SKY COVER 1.0


WEATHER CONDITIONS
 THE FOLLOWING WEATHER WAS RECORDED TODAY.
  HEAVY RAIN
  RAIN
  LIGHT RAIN
  FOG


RELATIVE HUMIDITY (PERCENT)
 HIGHEST    93          1200 AM
 LOWEST     77           200 PM
 AVERAGE    85

..........................................................


THE SAULT STE MARIE MI CLIMATE NORMALS FOR TOMORROW
                         NORMAL    RECORD    YEAR
 MAXIMUM TEMPERATURE (F)   56        84      1990
 MINIMUM TEMPERATURE (F)   36        19      1934


SUNRISE AND SUNSET
APRIL 26 2017.........SUNRISE   631 AM EDT   SUNSET   840 PM EDT
APRIL 27 2017.........SUNRISE   629 AM EDT   SUNSET   842 PM EDT


-  INDICATES NEGATIVE NUMBERS.
R  INDICATES RECORD WAS SET OR TIED.
MM INDICATES DATA IS MISSING.
T  INDICATES TRACE AMOUNT.




$$
