000
CDUS43 KAPX 200528
CLIANJ


CLIMATE REPORT
NATIONAL WEATHER SERVICE GAYLORD MI
128 AM EDT SUN APR 20 2014


...................................

...THE SAULT STE MARIE MI CLIMATE SUMMARY FOR APRIL 19 2014...

CLIMATE NORMAL PERIOD 1981 TO 2010
CLIMATE RECORD PERIOD 1888 TO 2014


WEATHER ITEM   OBSERVED TIME   RECORD YEAR NORMAL DEPARTURE LAST
                VALUE   (LST)  VALUE       VALUE  FROM      YEAR
                                                  NORMAL
..................................................................
TEMPERATURE (F)
 YESTERDAY
  MAXIMUM         42    500 PM  81    2005  51     -9       41
  MINIMUM         24    510 AM   5    1897  33     -9       22
  AVERAGE         33                        42     -9       32

PRECIPITATION (IN)
  YESTERDAY        0.02          1.00 1919   0.08  -0.06     0.22
  MONTH TO DATE    2.06                      1.57   0.49     2.51
  SINCE MAR 1      3.77                      3.52   0.25     5.11
  SINCE JAN 1      7.13                      7.05   0.08    11.20

SNOWFALL (IN)
  YESTERDAY        0.0           6.2  1928   0.2   -0.2      0.2
  MONTH TO DATE   10.3                       5.3    5.0     13.7
  SINCE OCT 1    134.6                     118.9   15.7    153.3
  SINCE JUL 1    134.6                     118.9   15.7    153.3
  SNOW DEPTH      10

DEGREE DAYS
 HEATING
  YESTERDAY       32                        23      9       33
  MONTH TO DATE  617                       518     99      634
  SINCE MAR 1   2051                      1718    333     1848
  SINCE JUL 1   8831                      7844    987     7580

 COOLING
  YESTERDAY        0                         0      0        0
  MONTH TO DATE    0                         0      0        0
  SINCE MAR 1      0                         0      0        0
  SINCE JAN 1      0                         0      0        0
..................................................................


WIND (MPH)
  HIGHEST WIND SPEED    17   HIGHEST WIND DIRECTION    SE (140)
  HIGHEST GUST SPEED    21   HIGHEST GUST DIRECTION    SE (130)
  AVERAGE WIND SPEED     7.3




RELATIVE HUMIDITY (PERCENT)
 HIGHEST   100
 LOWEST     41
 AVERAGE    71

..........................................................


THE SAULT STE MARIE MI CLIMATE NORMALS FOR TODAY
                         NORMAL    RECORD    YEAR
 MAXIMUM TEMPERATURE (F)   52        81      1987
 MINIMUM TEMPERATURE (F)   33        10      1928


SUNRISE AND SUNSET
APRIL 20 2014.........SUNRISE   642 AM EDT   SUNSET   832 PM EDT
APRIL 21 2014.........SUNRISE   640 AM EDT   SUNSET   833 PM EDT


-  INDICATES NEGATIVE NUMBERS.
R  INDICATES RECORD WAS SET OR TIED.
MM INDICATES DATA IS MISSING.
T  INDICATES TRACE AMOUNT.




$$
