000
CDAK47 PANT 080908
CLIANN

CLIMATE REPORT
NATIONAL WEATHER SERVICE ANNETTE, AK
1208 AM AKST MON FEB 8 2016

...................................
...THE ANNETTE WSO AP CLIMATE SUMMARY FOR FEBRUARY 7 2016...

CLIMATE NORMAL PERIOD  1981 TO  2010
CLIMATE RECORD PERIOD  1948 TO  2016

WEATHER ITEM   OBSERVED TIME    RECORD YEAR NORMAL DEPARTURE LAST
               VALUE    (LST)   VALUE       VALUE  FROM      YEAR
                                                   NORMAL
...................................................................
TEMPERATURE
YESTERDAY
 MAXIMUM            43  1159 PM    63  1963     43       0     39
 MINIMUM            36  0738 AM    11  2014     33       3     28
 AVERAGE            40                          38       2     34

PRECIPITATION
(INCHES)
 YESTERDAY        1.66           3.11  1976   0.28    1.38   0.24
 MONTH TO DATE    4.68                        2.00    2.68   3.24
 SINCE DEC 1     21.11                       23.45   -2.34  30.91
 SINCE JAN 1     14.18                       12.73    1.45  17.95

SNOWFALL
(INCHES)
 YESTERDAY         0.0            7.3  1969    0.3    -0.3    1.0
 MONTH TO DATE       T                         1.8    -1.8    2.3
 SINCE DEC 1       4.1                        17.5   -13.4    6.0
 SINCE JUL 1       5.0                        21.1   -16.1   10.2
 SNOW DEPTH (IN)     0                                          0

DEGREE DAYS
 HEATING
  YESTERDAY         25                          27      -2     31
  MONTH TO DATE    180                         192     -12    189
  SINCE DEC 1     1813                        1921    -108   1608
  SINCE JUL 1     3586                        3971    -385     MM

 COOLING
  YESTERDAY          0                           0       0      0
  MONTH TO DATE      0                           0       0      0
  SINCE DEC 1        0                           0       0      0
  SINCE JAN 1        0                           0       0      0
...................................................................

WIND (MPH)
 HIGHEST WIND SPEED    24     HIGHEST WIND DIRECTION    130
 HIGHEST GUST SPEED    34     HIGHEST GUST DIRECTION    120
 AVERAGE WIND SPEED  12.7

SKY COVER
  POSSIBLE SUNSHINE    MM          AVERAGE SKY COVER     MM

WEATHER CONDITIONS
 THE FOLLOWING WEATHER WAS RECORDED YESTERDAY.
  FOG
RAIN


RELATIVE HUMIDITY
 HIGHEST RH     MM PERCENT       MM
 LOWEST  RH     MM PERCENT       MM
 AVERAGE RH     MM PERCENT       MM
...................................................................

THE ANNETTE CLIMATE NORMALS FOR TODAY
                           NORMAL    RECORD   YEAR
 MAXIMUM TEMPERATURE (F)     43        59     1963
 MINIMUM TEMPERATURE (F)     33        13     2014

SUNRISE AND SUNSET
 FEB 8 2016..........SUNRISE  7:25 AM      SUNSET  4:38 PM
 FEB 9 2016..........SUNRISE  7:23 AM      SUNSET  4:40 PM

-  INDICATES NEGATIVE NUMBERS.
R  INDICATES RECORD HAS BEEN SET OR TIED.
MM INDICATES DATA IS MISSING.
T  INDICATES TRACE OF PRECIPITATION.

&&
-------------------------------------------------------------------

AMOUNT OF DAYLIGHT TODAY  (HOUR:MIN)........9 HOURS 13 MINUTES
GAIN/LOSS SINCE YESTERDAY (HOUR:MIN:SEC)....+0:04:07

$$
JZ FEB 16
