000
CDAK47 PANT 241200
CLIANN

CLIMATE REPORT
NATIONAL WEATHER SERVICE ANNETTE, AK
534 AM AKDT FRI OCT 24 2014

...................................
...THE ANNETTE WSO AP CLIMATE SUMMARY FOR OCTOBER 23 2014...

CLIMATE NORMAL PERIOD  1981 TO  2010
CLIMATE RECORD PERIOD  1948 TO  2014

WEATHER ITEM   OBSERVED TIME    RECORD YEAR NORMAL DEPARTURE LAST
               VALUE    (LST)   VALUE       VALUE  FROM      YEAR
                                                   NORMAL
...................................................................
TEMPERATURE
YESTERDAY
 MAXIMUM            51  0216 PM    63  1980     50       1     51
 MINIMUM            47  0716 PM    32  2012     40       7     44
 AVERAGE            49                          45       4     48

PRECIPITATION
(INCHES)
 YESTERDAY        0.10           4.42  1955   0.48   -0.38   0.01
 MONTH TO DATE   12.36                       10.11    2.25   7.54
 SINCE SEP 1     22.04                       19.90    2.14  15.05
 SINCE JAN 1     84.12                       74.81    9.31  66.65

SNOWFALL
(INCHES)
 YESTERDAY         0.0              T  1966    0.0     0.0    0.0
 MONTH TO DATE     0.0                         0.0     0.0    0.0
 SINCE SEP 1       0.0                         0.0     0.0    0.0
 SINCE JUL 1       0.0                         0.0     0.0    0.0
 SNOW DEPTH (IN)     0                                          0

DEGREE DAYS
 HEATING
  YESTERDAY         16                          20      -4     17
  MONTH TO DATE    318                         395     -77    367
  SINCE SEP 1      549                         729    -180    627
  SINCE JUL 1     1118                        1130     -12    929

 COOLING
  YESTERDAY          0                           0       0      0
  MONTH TO DATE      0                           0       0      0
  SINCE SEP 1        0                           0       0      0
  SINCE JAN 1       MM                           0      MM     22
...................................................................

WIND (MPH)
 HIGHEST WIND SPEED    17     HIGHEST WIND DIRECTION    120
 HIGHEST GUST SPEED    24     HIGHEST GUST DIRECTION    130
 AVERAGE WIND SPEED  10.4

SKY COVER
  POSSIBLE SUNSHINE    MM          AVERAGE SKY COVER     MM

WEATHER CONDITIONS
 THE FOLLOWING WEATHER WAS RECORDED YESTERDAY.
  FOG
RAIN


RELATIVE HUMIDITY
 HIGHEST RH     MM PERCENT       MM
 LOWEST  RH     MM PERCENT       MM
 AVERAGE RH     MM PERCENT       MM
...................................................................

THE ANNETTE CLIMATE NORMALS FOR TODAY
                           NORMAL    RECORD   YEAR
 MAXIMUM TEMPERATURE (F)     49        61     2010
 MINIMUM TEMPERATURE (F)     40        28     2012

SUNRISE AND SUNSET
 OCT 24 2014..........SUNRISE  7:35 AM      SUNSET  5:26 PM
 OCT 25 2014..........SUNRISE  7:37 AM      SUNSET  5:24 PM

-  INDICATES NEGATIVE NUMBERS.
R  INDICATES RECORD HAS BEEN SET OR TIED.
MM INDICATES DATA IS MISSING.
T  INDICATES TRACE OF PRECIPITATION.

&&
-------------------------------------------------------------------

AMOUNT OF DAYLIGHT TODAY  (HOUR:MIN)........9 HOURS 51 MINUTES
GAIN/LOSS SINCE YESTERDAY (HOUR:MIN:SEC)....-0:04:17

$$
JZ OCT 14
