000
CDAK47 PANT 281009
CLIANN

CLIMATE REPORT
NATIONAL WEATHER SERVICE ANNETTE, AK
109 AM AKST SUN DEC 28 2014

...................................
...THE ANNETTE WSO AP CLIMATE SUMMARY FOR DECEMBER 27 2014...

CLIMATE NORMAL PERIOD  1981 TO  2010
CLIMATE RECORD PERIOD  1948 TO  2014

WEATHER ITEM   OBSERVED TIME    RECORD YEAR NORMAL DEPARTURE LAST
               VALUE    (LST)   VALUE       VALUE  FROM      YEAR
                                                   NORMAL
...................................................................
TEMPERATURE
YESTERDAY
 MAXIMUM            42  0140 PM    52  1979     41       1     42
 MINIMUM            37  1159 PM     7  1968     32       5     29
 AVERAGE            40                          37       3     36

PRECIPITATION
(INCHES)
 YESTERDAY        0.02           1.99  1954   0.33   -0.31   0.00
 MONTH TO DATE   12.57                        9.38    3.19  15.25
 SINCE DEC 1     12.57                        9.38    3.19  15.25
 SINCE JAN 1    108.55                      100.29    8.26  96.46

SNOWFALL
(INCHES)
 YESTERDAY         0.0            6.6  1964    0.3    -0.3    0.0
 MONTH TO DATE     0.4                         6.9    -6.5    3.4
 SINCE DEC 1       0.4                         6.9    -6.5    3.4
 SINCE JUL 1       4.6                        10.5    -5.9    9.1
 SNOW DEPTH (IN)     0                                          0

DEGREE DAYS
 HEATING
  YESTERDAY         25                          28      -3     29
  MONTH TO DATE    596                         749    -153    799
  SINCE DEC 1      596                         749    -153    799
  SINCE JUL 1     2601                        2799    -198   2613

 COOLING
  YESTERDAY          0                           0       0      0
  MONTH TO DATE      0                           0       0      0
  SINCE DEC 1        0                           0       0      0
  SINCE JAN 1       MM                           0      MM     22
...................................................................

WIND (MPH)
 HIGHEST WIND SPEED    23     HIGHEST WIND DIRECTION    320
 HIGHEST GUST SPEED    34     HIGHEST GUST DIRECTION    340
 AVERAGE WIND SPEED  11.3

WEATHER CONDITIONS
 THE FOLLOWING WEATHER WAS RECORDED YESTERDAY.
  RAIN
...................................................................

THE ANNETTE CLIMATE NORMALS FOR TODAY
                           NORMAL    RECORD   YEAR
 MAXIMUM TEMPERATURE (F)     41        53     2005
 MINIMUM TEMPERATURE (F)     32         5     1968

SUNRISE AND SUNSET
 DEC 28 2014..........SUNRISE  8:12 AM      SUNSET  3:25 PM
 DEC 29 2014..........SUNRISE  8:12 AM      SUNSET  3:26 PM

-  INDICATES NEGATIVE NUMBERS.
R  INDICATES RECORD HAS BEEN SET OR TIED.
MM INDICATES DATA IS MISSING.
T  INDICATES TRACE OF PRECIPITATION.

&&
-------------------------------------------------------------------

AMOUNT OF DAYLIGHT TODAY  (HOUR:MIN)........7 HOURS 13 MINUTES
GAIN SINCE YESTERDAY (HOUR:MIN:SEC)....+0:00:50

$$
CRG DEC 14
