000
CDAK47 PANT 290905
CLIANN

CLIMATE REPORT
NATIONAL WEATHER SERVICE ANNETTE, AK
105 AM AKDT FRI MAY 29 2015

...................................
...THE ANNETTE WSO AP CLIMATE SUMMARY FOR MAY 28 2015...

CLIMATE NORMAL PERIOD  1981 TO  2010
CLIMATE RECORD PERIOD  1948 TO  2015

WEATHER ITEM   OBSERVED TIME    RECORD YEAR NORMAL DEPARTURE LAST
               VALUE    (LST)   VALUE       VALUE  FROM      YEAR
                                                   NORMAL
...................................................................
TEMPERATURE
YESTERDAY
 MAXIMUM            65  0113 AM    79  1964     59       6     64
 MINIMUM            50  1127 PM    37  1977     47       3     46
 AVERAGE            58                          53       5     55

PRECIPITATION
(INCHES)
 YESTERDAY           T           1.19  2002   0.17   -0.17   0.00
 MONTH TO DATE    0.50                        5.06   -4.56   4.95
 SINCE MAR 1     22.42                       19.88    2.54  28.69
 SINCE JAN 1     43.48                       37.92    5.56  40.79

SNOWFALL
(INCHES)
 YESTERDAY         0.0              T  1976    0.0     0.0    0.0
 MONTH TO DATE     0.0                         0.1    -0.1    0.0
 SINCE MAR 1         T                         8.4    -8.4    0.3
 SINCE JUL 1      10.2                        34.9   -24.7   25.4
 SNOW DEPTH (IN)     0                                          0

DEGREE DAYS
 HEATING
  YESTERDAY          7                          12      -5     10
  MONTH TO DATE    278                         425    -147    377
  SINCE MAR 1     1514                        1832    -318   1883
  SINCE JUL 1     5598                        6370    -772   6372

 COOLING
  YESTERDAY          0                           0       0      0
  MONTH TO DATE      0                           0       0      0
  SINCE MAR 1        0                           0       0      0
  SINCE JAN 1        0                           0       0      0
...................................................................

WIND (MPH)
 HIGHEST WIND SPEED    17     HIGHEST WIND DIRECTION    320
 HIGHEST GUST SPEED    22     HIGHEST GUST DIRECTION    320
 AVERAGE WIND SPEED   6.1

SKY COVER
  POSSIBLE SUNSHINE    MM          AVERAGE SKY COVER     MM

WEATHER CONDITIONS
 THE FOLLOWING WEATHER WAS RECORDED YESTERDAY.
  RAIN


RELATIVE HUMIDITY
 HIGHEST RH     MM PERCENT       MM
 LOWEST  RH     MM PERCENT       MM
 AVERAGE RH     MM PERCENT       MM
...................................................................

THE ANNETTE CLIMATE NORMALS FOR TODAY
                           NORMAL    RECORD   YEAR
 MAXIMUM TEMPERATURE (F)     59        75     1989
 MINIMUM TEMPERATURE (F)     47        38     1999

SUNRISE AND SUNSET
 MAY 29 2015..........SUNRISE  4:18 AM      SUNSET  9:11 PM
 MAY 30 2015..........SUNRISE  4:17 AM      SUNSET  9:12 PM

-  INDICATES NEGATIVE NUMBERS.
R  INDICATES RECORD HAS BEEN SET OR TIED.
MM INDICATES DATA IS MISSING.
T  INDICATES TRACE OF PRECIPITATION.

&&
-------------------------------------------------------------------

AMOUNT OF DAYLIGHT TODAY  (HOUR:MIN)........16 HOURS 53 MINUTES
GAIN/LOSS SINCE YESTERDAY (HOUR:MIN:SEC)....+0:02:34

$$
JZ MAY 15
