000
CDAK47 PAJK 181137
CLIANN
CLIMATE REPORT
NATIONAL WEATHER SERVICE JUNEAU, AK
334 AM AKDT WED OCT 18 2017


...................................

...THE ANNETTE ISLAND CLIMATE SUMMARY FOR OCTOBER 17 2017...

CLIMATE NORMAL PERIOD 1981 TO 2010
CLIMATE RECORD PERIOD 1941 TO 2017


WEATHER ITEM   OBSERVED RECORD YEAR NORMAL DEPARTURE LAST
                VALUE   VALUE       VALUE  FROM      YEAR
                                           NORMAL
...........................................................
TEMPERATURE (F)
 YESTERDAY
  MAXIMUM         46     61    1958  51     -5       56
  MINIMUM         44     31    1949  42      2       49
  AVERAGE         45                 47     -2       53

PRECIPITATION (IN)
  YESTERDAY        0.16   2.60 1956   0.47  -0.31     0.03
  MONTH TO DATE    2.06               7.25  -5.19     0.38
  SINCE JAN 1     72.39              71.95   0.44    72.16

SNOWFALL (IN)
  YESTERDAY       MM      T    1965   0.0   MM        0.0
  MONTH TO DATE    0.0                0.0    0.0      0.0
  SINCE JUL 1      0.0                0.0    0.0      0.0
  SNOW DEPTH       0

DEGREE DAYS
 HEATING
  YESTERDAY       20                 18      2       12
  MONTH TO DATE   92                278   -186      246
...........................................................


WIND (MPH)
  HIGHEST WIND SPEED    29   HIGHEST WIND DIRECTION    SE (130)
  HIGHEST GUST SPEED    39   HIGHEST GUST DIRECTION    SE (120)
  AVERAGE WIND SPEED     7.3


SKY COVER
  AVERAGE SKY COVER 0.7


WEATHER CONDITIONS
 THE FOLLOWING WEATHER WAS RECORDED YESTERDAY.
  RAIN
  LIGHT RAIN


..........................................................


THE ANNETTE ISLAND CLIMATE NORMALS FOR TODAY
                         NORMAL    RECORD    YEAR
 MAXIMUM TEMPERATURE (F)   51        59      1960
 MINIMUM TEMPERATURE (F)   41        32      2012
                                             1976


SUNRISE AND SUNSET
OCTOBER 18 2017.......SUNRISE   723 AM AKDT  SUNSET   539 PM AKDT
OCTOBER 19 2017.......SUNRISE   725 AM AKDT  SUNSET   537 PM AKDT


-  INDICATES NEGATIVE NUMBERS.
R  INDICATES RECORD WAS SET OR TIED.
MM INDICATES DATA IS MISSING.
T  INDICATES TRACE AMOUNT.




$$
--------------------------------------------------------------

AMOUNT OF DAYLIGHT TODAY (HOUR:MIN)......... 10 HOURS 16 MINUTES
GAIN/LOSS SINCE YESTERDAY (HOUR:MIN:SEC).... -0:04:21

$$
