000
CDUS41 KCTP 170622
CLIAOO


CLIMATE REPORT
NATIONAL WEATHER SERVICE STATE COLLEGE PA
222 AM EDT THU APR 17 2014


...................................

...THE ALTOONA CLIMATE SUMMARY FOR APRIL 16 2014...

CLIMATE NORMAL PERIOD 1981 TO 2010
CLIMATE RECORD PERIOD 1948 TO 2014


WEATHER ITEM   OBSERVED TIME   RECORD YEAR NORMAL DEPARTURE LAST
                VALUE   (LST)  VALUE       VALUE  FROM      YEAR
                                                  NORMAL
..................................................................
TEMPERATURE (F)
 YESTERDAY
  MAXIMUM         44    443 PM  88    2012  60    -16       75
  MINIMUM         22R   543 AM  24    1950  39    -17       54
  AVERAGE         33                        49    -16       65

PRECIPITATION (IN)
  YESTERDAY        0.00          2.56 1993   0.10  -0.10     0.68
  MONTH TO DATE    2.05                      1.71   0.34     1.78
  SINCE MAR 1      4.10                      4.78  -0.68     3.97
  SINCE JAN 1      7.46                      8.99  -1.53     7.64

DEGREE DAYS
 HEATING
  YESTERDAY       32                        16     16        1
  MONTH TO DATE  248                       299    -51      250
  SINCE MAR 1   1195                      1158     37     1223
  SINCE JUL 1   5939                      5713    226     5545

 COOLING
  YESTERDAY        0                         0      0        0
  MONTH TO DATE    6                         0      6       11
  SINCE MAR 1      6                         1      5       11
  SINCE JAN 1      6                         1      5       11
..................................................................


WIND (MPH)
  HIGHEST WIND SPEED    22   HIGHEST WIND DIRECTION     N (350)
  HIGHEST GUST SPEED    31   HIGHEST GUST DIRECTION     N (340)
  AVERAGE WIND SPEED     8.0


SKY COVER
  POSSIBLE SUNSHINE  MM
  AVERAGE SKY COVER 0.1


WEATHER CONDITIONS
 THE FOLLOWING WEATHER WAS RECORDED YESTERDAY.
  NO SIGNIFICANT WEATHER WAS OBSERVED.


RELATIVE HUMIDITY (PERCENT)
 HIGHEST    65           500 AM
 LOWEST     27           500 PM
 AVERAGE    46

..........................................................


THE ALTOONA CLIMATE NORMALS FOR TODAY
                         NORMAL    RECORD    YEAR
 MAXIMUM TEMPERATURE (F)   60        85      1976
 MINIMUM TEMPERATURE (F)   39        23      1980


SUNRISE AND SUNSET
APRIL 17 2014.........SUNRISE   632 AM EDT   SUNSET   754 PM EDT
APRIL 18 2014.........SUNRISE   631 AM EDT   SUNSET   755 PM EDT


-  INDICATES NEGATIVE NUMBERS.
R  INDICATES RECORD WAS SET OR TIED.
MM INDICATES DATA IS MISSING.
T  INDICATES TRACE AMOUNT.




$$
