000
CDUS41 KCTP 300621
CLIAOO


CLIMATE REPORT
NATIONAL WEATHER SERVICE STATE COLLEGE PA
221 AM EDT SUN AUG 30 2015


...................................

...THE ALTOONA CLIMATE SUMMARY FOR AUGUST 29 2015...

CLIMATE NORMAL PERIOD 1981 TO 2010
CLIMATE RECORD PERIOD 1948 TO 2015


WEATHER ITEM   OBSERVED TIME   RECORD YEAR NORMAL DEPARTURE LAST
                VALUE   (LST)  VALUE       VALUE  FROM      YEAR
                                                  NORMAL
..................................................................
TEMPERATURE (F)
 YESTERDAY
  MAXIMUM         86    331 PM  92    1953  78      8       75
  MINIMUM         51    457 AM  36    1982  57     -6       48
  AVERAGE         69                        67      2       62

PRECIPITATION (IN)
  YESTERDAY        0.00          1.20 2009   0.10  -0.10     0.00
  MONTH TO DATE    1.00                      2.80  -1.80     4.82
  SINCE JUN 1     14.27                      9.54   4.73    14.99
  SINCE JAN 1     23.77                     23.72   0.05    28.49

DEGREE DAYS
 HEATING
  YESTERDAY        0                         1     -1        3
  MONTH TO DATE   11                        21    -10       20
  SINCE JUN 1     53                        89    -36       49
  SINCE JUL 1     14                        31    -17       34

 COOLING
  YESTERDAY        4                         4      0        0
  MONTH TO DATE  130                       148    -18       87
  SINCE JUN 1    464                       442     22      391
  SINCE JAN 1    568                       475     93      438
..................................................................


WIND (MPH)
  HIGHEST WIND SPEED    12   HIGHEST WIND DIRECTION    NW (300)
  HIGHEST GUST SPEED    16   HIGHEST GUST DIRECTION    SW (230)
  AVERAGE WIND SPEED     2.0


SKY COVER
  POSSIBLE SUNSHINE  MM
  AVERAGE SKY COVER 0.1


WEATHER CONDITIONS
 THE FOLLOWING WEATHER WAS RECORDED YESTERDAY.
  FOG
  HAZE


RELATIVE HUMIDITY (PERCENT)
 HIGHEST    89           100 AM
 LOWEST     32           400 PM
 AVERAGE    61

..........................................................


THE ALTOONA CLIMATE NORMALS FOR TODAY
                         NORMAL    RECORD    YEAR
 MAXIMUM TEMPERATURE (F)   78        95      1953
 MINIMUM TEMPERATURE (F)   56        38      1986


SUNRISE AND SUNSET
AUGUST 30 2015........SUNRISE   639 AM EDT   SUNSET   749 PM EDT
AUGUST 31 2015........SUNRISE   640 AM EDT   SUNSET   747 PM EDT


-  INDICATES NEGATIVE NUMBERS.
R  INDICATES RECORD WAS SET OR TIED.
MM INDICATES DATA IS MISSING.
T  INDICATES TRACE AMOUNT.




$$
