000
CDUS41 KCTP 160616
CLIAOO


CLIMATE REPORT
NATIONAL WEATHER SERVICE STATE COLLEGE PA
216 AM EDT TUE SEP 16 2014


...................................

...THE ALTOONA CLIMATE SUMMARY FOR SEPTEMBER 15 2014...

CLIMATE NORMAL PERIOD 1981 TO 2010
CLIMATE RECORD PERIOD 1948 TO 2014


WEATHER ITEM   OBSERVED TIME   RECORD YEAR NORMAL DEPARTURE LAST
                VALUE   (LST)  VALUE       VALUE  FROM      YEAR
                                                  NORMAL
..................................................................
TEMPERATURE (F)
 YESTERDAY
  MAXIMUM         68    429 PM  92    1998  73     -5       71
  MINIMUM         40    538 AM  35    2001  52    -12       42
  AVERAGE         54                        62     -8       57

PRECIPITATION (IN)
  YESTERDAY        0.00          1.17 1981   0.12  -0.12     0.00
  MONTH TO DATE    0.16                      1.75  -1.59     1.10
  SINCE SEP 1      0.16                      1.75  -1.59     1.10
  SINCE JAN 1     28.78                     22.67   6.11    20.11

DEGREE DAYS
 HEATING
  YESTERDAY       11                         4      7        8
  MONTH TO DATE   42                        42      0       43
  SINCE SEP 1     42                        42      0       43
  SINCE JUL 1     76                        66     10       64

 COOLING
  YESTERDAY        0                         1     -1        0
  MONTH TO DATE   61                        34     27       55
  SINCE SEP 1     61                        34     27       55
  SINCE JAN 1    513                       507      6      663
..................................................................


WIND (MPH)
  HIGHEST WIND SPEED     9   HIGHEST WIND DIRECTION     S (180)
  HIGHEST GUST SPEED    13   HIGHEST GUST DIRECTION     S (160)
  AVERAGE WIND SPEED     2.8


SKY COVER
  POSSIBLE SUNSHINE  MM
  AVERAGE SKY COVER 0.3


WEATHER CONDITIONS
 THE FOLLOWING WEATHER WAS RECORDED YESTERDAY.
  FOG
  FOG W/VISIBILITY <= 1/4 MILE


RELATIVE HUMIDITY (PERCENT)
 HIGHEST   100          1200 AM
 LOWEST     49           400 PM
 AVERAGE    75

..........................................................


THE ALTOONA CLIMATE NORMALS FOR TODAY
                         NORMAL    RECORD    YEAR
 MAXIMUM TEMPERATURE (F)   72        93      1991
 MINIMUM TEMPERATURE (F)   51        36      1966


SUNRISE AND SUNSET
SEPTEMBER 16 2014.....SUNRISE   655 AM EDT   SUNSET   720 PM EDT
SEPTEMBER 17 2014.....SUNRISE   656 AM EDT   SUNSET   719 PM EDT


-  INDICATES NEGATIVE NUMBERS.
R  INDICATES RECORD WAS SET OR TIED.
MM INDICATES DATA IS MISSING.
T  INDICATES TRACE AMOUNT.




$$
