000
CDUS41 KCTP 272116
CLIAOO


CLIMATE REPORT
NATIONAL WEATHER SERVICE STATE COLLEGE PA
516 PM EDT FRI MAR 27 2015


...................................

...THE ALTOONA CLIMATE SUMMARY FOR MARCH 27 2015...
VALID TODAY AS OF 0500 PM LOCAL TIME.

CLIMATE NORMAL PERIOD 1981 TO 2010
CLIMATE RECORD PERIOD 1948 TO 2015


WEATHER ITEM   OBSERVED TIME   RECORD YEAR NORMAL DEPARTURE LAST
                VALUE   (LST)  VALUE       VALUE  FROM      YEAR
                                                  NORMAL
..................................................................
TEMPERATURE (F)
 TODAY
  MAXIMUM         40    156 PM  81    1998  51    -11       46
  MINIMUM         35    835 AM  14    1955  32      3       16
  AVERAGE         38                        42     -4       31

PRECIPITATION (IN)
  TODAY            0.00          1.22 1983   0.11  -0.11     0.00
  MONTH TO DATE    2.42                      2.63  -0.21     0.67
  SINCE MAR 1      2.42                      2.63  -0.21     0.67
  SINCE JAN 1      4.94                      6.84  -1.90     4.03

DEGREE DAYS
 HEATING
  TODAY           27                        24      3       34
  MONTH TO DATE  794                       769     25      900
  SINCE MAR 1    794                       769     25      900
  SINCE JUL 1   5587                      5324    263     5644

 COOLING
  TODAY            0                         0      0        0
  MONTH TO DATE    0                         0      0        0
  SINCE MAR 1      0                         0      0        0
  SINCE JAN 1      0                         0      0        0
..................................................................


WIND (MPH)
  HIGHEST WIND SPEED    17   HIGHEST WIND DIRECTION    NW (320)
  HIGHEST GUST SPEED    24   HIGHEST GUST DIRECTION     N (350)
  AVERAGE WIND SPEED     9.8


SKY COVER
  POSSIBLE SUNSHINE  MM
  AVERAGE SKY COVER 0.8


WEATHER CONDITIONS
 THE FOLLOWING WEATHER WAS RECORDED TODAY.
  NO SIGNIFICANT WEATHER WAS OBSERVED.


RELATIVE HUMIDITY (PERCENT)
 HIGHEST    85          1200 AM
 LOWEST     50           200 PM
 AVERAGE    68

..........................................................


THE ALTOONA CLIMATE NORMALS FOR TOMORROW
                         NORMAL    RECORD    YEAR
 MAXIMUM TEMPERATURE (F)   52        83      1998
 MINIMUM TEMPERATURE (F)   32        13      1982


SUNRISE AND SUNSET
MARCH 27 2015.........SUNRISE   706 AM EDT   SUNSET   732 PM EDT
MARCH 28 2015.........SUNRISE   704 AM EDT   SUNSET   733 PM EDT


-  INDICATES NEGATIVE NUMBERS.
R  INDICATES RECORD WAS SET OR TIED.
MM INDICATES DATA IS MISSING.
T  INDICATES TRACE AMOUNT.




$$
