000
CDUS41 KCTP 240637
CLIAOO


CLIMATE REPORT
NATIONAL WEATHER SERVICE STATE COLLEGE PA
236 AM EDT SAT JUN 24 2017


...................................

...THE ALTOONA CLIMATE SUMMARY FOR JUNE 23 2017...

CLIMATE NORMAL PERIOD 1981 TO 2010
CLIMATE RECORD PERIOD 1948 TO 2017


WEATHER ITEM   OBSERVED TIME   RECORD YEAR NORMAL DEPARTURE LAST
                VALUE   (LST)  VALUE       VALUE  FROM      YEAR
                                                  NORMAL
..................................................................
TEMPERATURE (F)
 YESTERDAY
  MAXIMUM         78    207 PM  90    1994  79     -1       76
  MINIMUM         67   1251 AM  43    1963  58      9       64
  AVERAGE         73                        69      4       70

PRECIPITATION (IN)
  YESTERDAY        1.95R         1.25 1998   0.12   1.83     0.32
  MONTH TO DATE    4.02                      2.69   1.33     2.51
  SINCE JUN 1      4.02                      2.69   1.33     2.51
  SINCE JAN 1     21.31                     16.87   4.44    12.49

DEGREE DAYS
 HEATING
  YESTERDAY        0                         1     -1        0
  MONTH TO DATE   22                        52    -30       22
  SINCE JUN 1     22                        52    -30       22
  SINCE JUL 1   4991                      6198  -1207     5190

 COOLING
  YESTERDAY        8                         5      3        5
  MONTH TO DATE  134                        73     61       98
  SINCE JUN 1    134                        73     61       98
  SINCE JAN 1    207                       106    101      149
..................................................................


WIND (MPH)
  HIGHEST WIND SPEED    18   HIGHEST WIND DIRECTION    SW (220)
  HIGHEST GUST SPEED    26   HIGHEST GUST DIRECTION    SW (210)
  AVERAGE WIND SPEED     8.5


SKY COVER
  POSSIBLE SUNSHINE  MM
  AVERAGE SKY COVER 0.7


WEATHER CONDITIONS
 THE FOLLOWING WEATHER WAS RECORDED YESTERDAY.
  HEAVY RAIN
  RAIN
  LIGHT RAIN
  FOG


RELATIVE HUMIDITY (PERCENT)
 HIGHEST   100          1200 AM
 LOWEST     82           300 PM
 AVERAGE    91

..........................................................


THE ALTOONA CLIMATE NORMALS FOR TODAY
                         NORMAL    RECORD    YEAR
 MAXIMUM TEMPERATURE (F)   79        91      1966
 MINIMUM TEMPERATURE (F)   58        45      1982


SUNRISE AND SUNSET
JUNE 24 2017..........SUNRISE   545 AM EDT   SUNSET   847 PM EDT
JUNE 25 2017..........SUNRISE   545 AM EDT   SUNSET   847 PM EDT


-  INDICATES NEGATIVE NUMBERS.
R  INDICATES RECORD WAS SET OR TIED.
MM INDICATES DATA IS MISSING.
T  INDICATES TRACE AMOUNT.




$$
