000
CDUS41 KCTP 160609
CLIAOO


CLIMATE REPORT
NATIONAL WEATHER SERVICE STATE COLLEGE PA
209 AM EDT WED AUG 16 2017


...................................

...THE ALTOONA CLIMATE SUMMARY FOR AUGUST 15 2017...

CLIMATE NORMAL PERIOD 1981 TO 2010
CLIMATE RECORD PERIOD 1948 TO 2017


WEATHER ITEM   OBSERVED TIME   RECORD YEAR NORMAL DEPARTURE LAST
                VALUE   (LST)  VALUE       VALUE  FROM      YEAR
                                                  NORMAL
..................................................................
TEMPERATURE (F)
 YESTERDAY
  MAXIMUM         81    331 PM  93    1988  80      1       84
  MINIMUM         63    543 AM  46    2013  59      4       65
  AVERAGE         72                        70      2       75

PRECIPITATION (IN)
  YESTERDAY        T             0.50 1976   0.10  -0.10     0.39
  MONTH TO DATE    2.15                      1.42   0.73     1.55
  SINCE JUN 1     11.83                      8.16   3.67     5.84
  SINCE JAN 1     29.12                     22.34   6.78    15.82

DEGREE DAYS
 HEATING
  YESTERDAY        0                         1     -1        0
  MONTH TO DATE    9                         7      2        0
  SINCE JUN 1     46                        75    -29       27
  SINCE JUL 1     15                        17     -2        4

 COOLING
  YESTERDAY        7                         5      2       10
  MONTH TO DATE   41                        86    -45      155
  SINCE JUN 1    418                       380     38      575
  SINCE JAN 1    491                       413     78      626
..................................................................


WIND (MPH)
  HIGHEST WIND SPEED     6   HIGHEST WIND DIRECTION     S (180)
  HIGHEST GUST SPEED     9   HIGHEST GUST DIRECTION     S (160)
  AVERAGE WIND SPEED     1.1


SKY COVER
  POSSIBLE SUNSHINE  MM
  AVERAGE SKY COVER 0.6


WEATHER CONDITIONS
 THE FOLLOWING WEATHER WAS RECORDED YESTERDAY.
  LIGHT RAIN
  FOG


RELATIVE HUMIDITY (PERCENT)
 HIGHEST   100          1200 AM
 LOWEST     69           400 PM
 AVERAGE    85

..........................................................


THE ALTOONA CLIMATE NORMALS FOR TODAY
                         NORMAL    RECORD    YEAR
 MAXIMUM TEMPERATURE (F)   80        93      1997
 MINIMUM TEMPERATURE (F)   59        47      2014
                                             1963


SUNRISE AND SUNSET
AUGUST 16 2017........SUNRISE   626 AM EDT   SUNSET   809 PM EDT
AUGUST 17 2017........SUNRISE   627 AM EDT   SUNSET   807 PM EDT


-  INDICATES NEGATIVE NUMBERS.
R  INDICATES RECORD WAS SET OR TIED.
MM INDICATES DATA IS MISSING.
T  INDICATES TRACE AMOUNT.




$$
