000
CDUS41 KCTP 300625
CLIAOO


CLIMATE REPORT
NATIONAL WEATHER SERVICE STATE COLLEGE PA
225 AM EDT FRI SEP 30 2016


...................................

...THE ALTOONA CLIMATE SUMMARY FOR SEPTEMBER 29 2016...

CLIMATE NORMAL PERIOD 1981 TO 2010
CLIMATE RECORD PERIOD 1948 TO 2016


WEATHER ITEM   OBSERVED TIME   RECORD YEAR NORMAL DEPARTURE LAST
                VALUE   (LST)  VALUE       VALUE  FROM      YEAR
                                                  NORMAL
..................................................................
TEMPERATURE (F)
 YESTERDAY
  MAXIMUM         61   1211 AM  88    1953  67     -6       71
  MINIMUM         55   1159 PM  33    2000  46      9       65
  AVERAGE         58                        57      1       68

PRECIPITATION (IN)
  YESTERDAY        1.55R         1.15 1973   0.11   1.44     0.90
  MONTH TO DATE    2.80                      3.35  -0.55     2.66
  SINCE SEP 1      2.80                      3.35  -0.55     2.66
  SINCE JAN 1     20.46                     24.27  -3.81    26.82

DEGREE DAYS
 HEATING
  YESTERDAY        7                         9     -2        0
  MONTH TO DATE   44                       138    -94       55
  SINCE SEP 1     44                       138    -94       55
  SINCE JUL 1     48                       162   -114       69

 COOLING
  YESTERDAY        0                         1     -1        3
  MONTH TO DATE  118                        48     70      110
  SINCE SEP 1    118                        48     70      110
  SINCE JAN 1    862                       521    341      695
..................................................................


WIND (MPH)
  HIGHEST WIND SPEED    20   HIGHEST WIND DIRECTION     E (80)
  HIGHEST GUST SPEED    28   HIGHEST GUST DIRECTION     E (70)
  AVERAGE WIND SPEED    11.6


SKY COVER
  POSSIBLE SUNSHINE  MM
  AVERAGE SKY COVER 0.9


WEATHER CONDITIONS
 THE FOLLOWING WEATHER WAS RECORDED YESTERDAY.
  HEAVY RAIN
  RAIN
  LIGHT RAIN
  FOG


RELATIVE HUMIDITY (PERCENT)
 HIGHEST   100           300 AM
 LOWEST     93           200 AM
 AVERAGE    97

..........................................................


THE ALTOONA CLIMATE NORMALS FOR TODAY
                         NORMAL    RECORD    YEAR
 MAXIMUM TEMPERATURE (F)   67        91      1953
 MINIMUM TEMPERATURE (F)   46        31      1951


SUNRISE AND SUNSET
SEPTEMBER 30 2016.....SUNRISE   709 AM EDT   SUNSET   656 PM EDT
OCTOBER  1 2016.......SUNRISE   710 AM EDT   SUNSET   655 PM EDT


-  INDICATES NEGATIVE NUMBERS.
R  INDICATES RECORD WAS SET OR TIED.
MM INDICATES DATA IS MISSING.
T  INDICATES TRACE AMOUNT.




$$
