000
CDUS41 KCTP 150643
CLIAOO


CLIMATE REPORT
NATIONAL WEATHER SERVICE STATE COLLEGE PA
143 AM EST FRI DEC 15 2017


...................................

...THE ALTOONA CLIMATE SUMMARY FOR DECEMBER 14 2017...

CLIMATE NORMAL PERIOD 1981 TO 2010
CLIMATE RECORD PERIOD 1948 TO 2017


WEATHER ITEM   OBSERVED TIME   RECORD YEAR NORMAL DEPARTURE LAST
                VALUE   (LST)  VALUE       VALUE  FROM      YEAR
                                                  NORMAL
..................................................................
TEMPERATURE (F)
 YESTERDAY
  MAXIMUM         32    601 AM  64    2015  38     -6       33
  MINIMUM         10   1032 PM  -3    2005  24    -14       22
  AVERAGE         21                        31    -10       28

PRECIPITATION (IN)
  YESTERDAY        0.14          1.16 1956   0.07   0.07     0.00
  MONTH TO DATE    0.54                      1.24  -0.70     1.19
  SINCE DEC 1      0.54                      1.24  -0.70     1.19
  SINCE JAN 1     39.34                     34.46   4.88    25.33

DEGREE DAYS
 HEATING
  YESTERDAY       44                        34     10       37
  MONTH TO DATE  444                       448     -4      444
  SINCE DEC 1    444                       448     -4      444
  SINCE JUL 1   1509                      1767   -258     1435

 COOLING
  YESTERDAY        0                         0      0        0
  MONTH TO DATE    0                         0      0        0
  SINCE DEC 1      0                         0      0        0
  SINCE JAN 1    655                       531    124      873
..................................................................


WIND (MPH)
  HIGHEST WIND SPEED    21   HIGHEST WIND DIRECTION    NW (330)
  HIGHEST GUST SPEED    32   HIGHEST GUST DIRECTION    NW (300)
  AVERAGE WIND SPEED     7.5


SKY COVER
  POSSIBLE SUNSHINE  MM
  AVERAGE SKY COVER 0.5


WEATHER CONDITIONS
 THE FOLLOWING WEATHER WAS RECORDED YESTERDAY.
  SNOW
  LIGHT SNOW
  FOG


RELATIVE HUMIDITY (PERCENT)
 HIGHEST    88          1200 AM
 LOWEST     46           400 PM
 AVERAGE    67

..........................................................


THE ALTOONA CLIMATE NORMALS FOR TODAY
                         NORMAL    RECORD    YEAR
 MAXIMUM TEMPERATURE (F)   38        66      1971
 MINIMUM TEMPERATURE (F)   24         7      1951


SUNRISE AND SUNSET
DECEMBER 15 2017......SUNRISE   729 AM EST   SUNSET   448 PM EST
DECEMBER 16 2017......SUNRISE   730 AM EST   SUNSET   448 PM EST


-  INDICATES NEGATIVE NUMBERS.
R  INDICATES RECORD WAS SET OR TIED.
MM INDICATES DATA IS MISSING.
T  INDICATES TRACE AMOUNT.




$$
