000
CDUS41 KCTP 290649
CLIAOO


CLIMATE REPORT
NATIONAL WEATHER SERVICE STATE COLLEGE PA
248 AM EDT FRI AUG 29 2014


...................................

...THE ALTOONA CLIMATE SUMMARY FOR AUGUST 28 2014...

CLIMATE NORMAL PERIOD 1981 TO 2010
CLIMATE RECORD PERIOD 1948 TO 2014


WEATHER ITEM   OBSERVED TIME   RECORD YEAR NORMAL DEPARTURE LAST
                VALUE   (LST)  VALUE       VALUE  FROM      YEAR
                                                  NORMAL
..................................................................
TEMPERATURE (F)
 YESTERDAY
  MAXIMUM         74    259 PM  97    1948  78     -4       74
  MINIMUM         53   1156 PM  44    1986  57     -4       69
  AVERAGE         64                        68     -4       72

PRECIPITATION (IN)
  YESTERDAY        0.00          1.66 1987   0.10  -0.10     0.35
  MONTH TO DATE    4.82                      2.70   2.12     2.76
  SINCE JUN 1     14.99                      9.44   5.55     8.16
  SINCE JAN 1     28.49                     23.62   4.87    19.01

DEGREE DAYS
 HEATING
  YESTERDAY        1                         1      0        0
  MONTH TO DATE   17                        20     -3       16
  SINCE JUN 1     46                        88    -42       41
  SINCE JUL 1     31                        30      1       21

 COOLING
  YESTERDAY        0                         4     -4        7
  MONTH TO DATE   87                       144    -57      117
  SINCE JUN 1    391                       438    -47      505
  SINCE JAN 1    438                       471    -33      579
..................................................................


WIND (MPH)
  HIGHEST WIND SPEED    18   HIGHEST WIND DIRECTION    NW (320)
  HIGHEST GUST SPEED    23   HIGHEST GUST DIRECTION    NW (320)
  AVERAGE WIND SPEED     7.6


SKY COVER
  POSSIBLE SUNSHINE  MM
  AVERAGE SKY COVER 0.1


WEATHER CONDITIONS
 THE FOLLOWING WEATHER WAS RECORDED YESTERDAY.
  NO SIGNIFICANT WEATHER WAS OBSERVED.


RELATIVE HUMIDITY (PERCENT)
 HIGHEST    93          1100 PM
 LOWEST     46           200 PM
 AVERAGE    70

..........................................................


THE ALTOONA CLIMATE NORMALS FOR TODAY
                         NORMAL    RECORD    YEAR
 MAXIMUM TEMPERATURE (F)   78        92      1953
 MINIMUM TEMPERATURE (F)   57        36      1982


SUNRISE AND SUNSET
AUGUST 29 2014........SUNRISE   638 AM EDT   SUNSET   750 PM EDT
AUGUST 30 2014........SUNRISE   639 AM EDT   SUNSET   748 PM EDT


-  INDICATES NEGATIVE NUMBERS.
R  INDICATES RECORD WAS SET OR TIED.
MM INDICATES DATA IS MISSING.
T  INDICATES TRACE AMOUNT.




$$
