000
CDUS45 KBOU 280725
CLIAPA


CLIMATE REPORT
NATIONAL WEATHER SERVICE BOULDER, CO
125 AM MDT THU MAY 28 2015


...................................

...THE CENTENNIAL CO CLIMATE SUMMARY FOR MAY 27 2015...

CLIMATE NORMAL PERIOD 1981 TO 2010
CLIMATE RECORD PERIOD 9999 TO 9999


WEATHER ITEM   OBSERVED RECORD YEAR NORMAL DEPARTURE LAST
                VALUE   VALUE       VALUE  FROM      YEAR
                                           NORMAL
...........................................................
TEMPERATURE (F)
 YESTERDAY
  MAXIMUM         75     MM      MM  73      2       81
  MINIMUM         45     MM      MM  45      0       48
  AVERAGE         60                 59      1       65

PRECIPITATION (IN)
  YESTERDAY        T     MM      MM   0.07  -0.07     0.00
  MONTH TO DATE    4.35               2.06   2.29     1.65
  SINCE MAR 1      7.89               5.32   2.57     3.63
  SINCE JAN 1      9.51               6.25   3.26     4.48

DEGREE DAYS
 HEATING
  YESTERDAY        5
  MONTH TO DATE  377

 COOLING
  YESTERDAY        0
  MONTH TO DATE    0
...........................................................


WIND (MPH)
  RESULTANT WIND SPEED   2   RESULTANT WIND DIRECTION   S (170)
  HIGHEST WIND SPEED    16   HIGHEST WIND DIRECTION    SE (120)
  HIGHEST GUST SPEED    20   HIGHEST GUST DIRECTION     E (110)


SKY COVER
  POSSIBLE SUNSHINE  MM
  AVERAGE SKY COVER 0.6


WEATHER CONDITIONS
 THE FOLLOWING WEATHER WAS RECORDED YESTERDAY.
  THUNDERSTORM


RELATIVE HUMIDITY (PERCENT)
 HIGHEST    86
 LOWEST     29
 AVERAGE    58

..........................................................


THE CENTENNIAL CO CLIMATE NORMALS FOR TODAY
                         NORMAL    RECORD    YEAR
 MAXIMUM TEMPERATURE (F)   74        MM        MM
 MINIMUM TEMPERATURE (F)   46        MM        MM


SUNRISE AND SUNSET
MAY 28 2015...........SUNRISE   536 AM MDT   SUNSET   818 PM MDT
MAY 29 2015...........SUNRISE   535 AM MDT   SUNSET   819 PM MDT


-  INDICATES NEGATIVE NUMBERS.
R  INDICATES RECORD WAS SET OR TIED.
MM INDICATES DATA IS MISSING.
T  INDICATES TRACE AMOUNT.




$$
