000
CDUS45 KBOU 190725
CLIAPA


CLIMATE REPORT
NATIONAL WEATHER SERVICE DENVER/BOULDER CO
1225 AM MST SUN FEB 19 2017


...................................

...THE CENTENNIAL CO CLIMATE SUMMARY FOR FEBRUARY 18 2017...

CLIMATE NORMAL PERIOD 1981 TO 2010
CLIMATE RECORD PERIOD 9999 TO 9999


WEATHER ITEM   OBSERVED RECORD YEAR NORMAL DEPARTURE LAST
                VALUE   VALUE       VALUE  FROM      YEAR
                                           NORMAL
...........................................................
TEMPERATURE (F)
 YESTERDAY
  MAXIMUM         65     MM      MM  46     19       69
  MINIMUM         36     MM      MM  21     15       41
  AVERAGE         51                 33     18       55

PRECIPITATION (IN)
  YESTERDAY        0.00  MM      MM   0.02  -0.02      T
  MONTH TO DATE    T                  0.32  -0.32     0.17
  SINCE DEC 1      0.46               1.38  -0.92     0.67
  SINCE JAN 1      0.16               0.77  -0.61     0.47

DEGREE DAYS
 HEATING
  YESTERDAY       14
  MONTH TO DATE  386

 COOLING
  YESTERDAY        0
  MONTH TO DATE    0
...........................................................


WIND (MPH)
  RESULTANT WIND SPEED   8   RESULTANT WIND DIRECTION   S (170)
  HIGHEST WIND SPEED    24   HIGHEST WIND DIRECTION     S (170)
  HIGHEST GUST SPEED    31   HIGHEST GUST DIRECTION     S (170)


SKY COVER
  POSSIBLE SUNSHINE  MM
  AVERAGE SKY COVER 0.7


WEATHER CONDITIONS
 THE FOLLOWING WEATHER WAS RECORDED YESTERDAY.
  NO SIGNIFICANT WEATHER WAS OBSERVED.


RELATIVE HUMIDITY (PERCENT)
 HIGHEST    40
 LOWEST     19
 AVERAGE    30

..........................................................


THE CENTENNIAL CO CLIMATE NORMALS FOR TODAY
                         NORMAL    RECORD    YEAR
 MAXIMUM TEMPERATURE (F)   46        MM        MM
 MINIMUM TEMPERATURE (F)   21        MM        MM


SUNRISE AND SUNSET
FEBRUARY 19 2017......SUNRISE   646 AM MST   SUNSET   541 PM MST
FEBRUARY 20 2017......SUNRISE   645 AM MST   SUNSET   542 PM MST


-  INDICATES NEGATIVE NUMBERS.
R  INDICATES RECORD WAS SET OR TIED.
MM INDICATES DATA IS MISSING.
T  INDICATES TRACE AMOUNT.




$$
