000
CDUS42 KMFL 022116
CLIAPF


CLIMATE REPORT
NATIONAL WEATHER SERVICE MIAMI, FL
415 PM EST FRI DEC 2 2016


...................................

...THE NAPLES CLIMATE SUMMARY FOR DECEMBER 2 2016...
VALID TODAY AS OF 0400 PM LOCAL TIME.

CLIMATE NORMAL PERIOD 1981 TO 2010
CLIMATE RECORD PERIOD 1942 TO 2016


WEATHER ITEM   OBSERVED TIME   RECORD YEAR NORMAL DEPARTURE LAST
                VALUE   (LST)  VALUE       VALUE  FROM      YEAR
                                                  NORMAL
..................................................................
TEMPERATURE (F)
 TODAY
  MAXIMUM         85    311 PM  88    1982  78      7       85
  MINIMUM         65    751 AM  40    1963  59      6       72
  AVERAGE         75                        69      6       79

PRECIPITATION (IN)
  TODAY            0.00          0.14 1996   0.04  -0.04      T
  MONTH TO DATE    0.00                      0.08  -0.08      T
  SINCE NOV 1      T                         2.12  -2.12     2.98
  SINCE JAN 1     44.20                     50.52  -6.32    38.06

SNOWFALL (IN)
  TODAY            0.0
  MONTH TO DATE    0.0
  SINCE DEC 1      0.0
  SINCE JUL 1      0.0
  SNOW DEPTH       0

DEGREE DAYS
 HEATING
  TODAY            0                         1     -1        0
  MONTH TO DATE    0                         2     -2        0
  SINCE DEC 1      0                         2     -2        0
  SINCE JUL 1      4                        16    -12        0

 COOLING
  TODAY           10                         5      5       14
  MONTH TO DATE   21                        10     11       28
  SINCE DEC 1     21                        10     11       28
  SINCE JAN 1   4173                      3829    344     4510
..................................................................


WIND (MPH)
  HIGHEST WIND SPEED    14   HIGHEST WIND DIRECTION    NE (50)
  HIGHEST GUST SPEED    21   HIGHEST GUST DIRECTION    NE (30)
  AVERAGE WIND SPEED     7.4


SKY COVER
  AVERAGE SKY COVER 0.2


WEATHER CONDITIONS
 THE FOLLOWING WEATHER WAS RECORDED TODAY.
  FOG
  HAZE


RELATIVE HUMIDITY (PERCENT)
 HIGHEST   100
 LOWEST     55
 AVERAGE    78

..........................................................


THE NAPLES CLIMATE NORMALS FOR TOMORROW
                         NORMAL    RECORD    YEAR
 MAXIMUM TEMPERATURE (F)   78        86      2001
                                             1978
 MINIMUM TEMPERATURE (F)   59        44      2008
                                             1969


SUNRISE AND SUNSET
DECEMBER  2 2016......SUNRISE   658 AM EST   SUNSET   535 PM EST
DECEMBER  3 2016......SUNRISE   659 AM EST   SUNSET   535 PM EST


-  INDICATES NEGATIVE NUMBERS.
R  INDICATES RECORD WAS SET OR TIED.
MM INDICATES DATA IS MISSING.
T  INDICATES TRACE AMOUNT.




$$
