000
CDUS42 KMFL 050822
CLIAPF


CLIMATE REPORT
NATIONAL WEATHER SERVICE MIAMI, FL
422 AM EDT THU MAY 5 2016


...................................

...THE NAPLES CLIMATE SUMMARY FOR MAY 4 2016...

CLIMATE NORMAL PERIOD 1981 TO 2010
CLIMATE RECORD PERIOD 1942 TO 2016


WEATHER ITEM   OBSERVED TIME   RECORD YEAR NORMAL DEPARTURE LAST
                VALUE   (LST)  VALUE       VALUE  FROM      YEAR
                                                  NORMAL
..................................................................
TEMPERATURE (F)
 YESTERDAY
  MAXIMUM         82    923 AM  92    1989  86     -4       86
  MINIMUM         72    143 PM  55    1971  66      6       63
  AVERAGE         77                        76      1       75

PRECIPITATION (IN)
  YESTERDAY        0.69          1.80 1946   0.08   0.61     0.00
  MONTH TO DATE    0.69                      0.28   0.41     0.00
  SINCE NOV 1     14.93                     12.46   2.47     6.14
  SINCE JAN 1     10.31                      8.97   1.34     4.84

SNOWFALL (IN)
  YESTERDAY        0.0
  MONTH TO DATE    0.0
  SINCE MAR 1      0.0
  SINCE JUL 1      0.0
  SNOW DEPTH       0

DEGREE DAYS
 HEATING
  YESTERDAY        0                         0      0        0
  MONTH TO DATE    0                         0      0        0
  SINCE MAR 1      4                        27    -23        1
  SINCE JUL 1    142                       260   -118      198

 COOLING
  YESTERDAY       12                        11      1       10
  MONTH TO DATE   60                        44     16       38
  SINCE MAR 1    642                       473    169      755
  SINCE JAN 1    804                       664    140      931
..................................................................


WIND (MPH)
  HIGHEST WIND SPEED    23   HIGHEST WIND DIRECTION    SW (210)
  HIGHEST GUST SPEED    31   HIGHEST GUST DIRECTION    NW (300)
  AVERAGE WIND SPEED    10.6


SKY COVER
  AVERAGE SKY COVER 0.5


WEATHER CONDITIONS
 THE FOLLOWING WEATHER WAS RECORDED YESTERDAY.
  THUNDERSTORM
  HEAVY RAIN
  RAIN
  LIGHT RAIN
  FOG
  HAZE


RELATIVE HUMIDITY (PERCENT)
 HIGHEST   100
 LOWEST     69
 AVERAGE    85

..........................................................


THE NAPLES CLIMATE NORMALS FOR TODAY
                         NORMAL    RECORD    YEAR
 MAXIMUM TEMPERATURE (F)   87        92      1989
 MINIMUM TEMPERATURE (F)   66        51      2001


SUNRISE AND SUNSET
MAY  5 2016...........SUNRISE   646 AM EDT   SUNSET   801 PM EDT
MAY  6 2016...........SUNRISE   646 AM EDT   SUNSET   802 PM EDT


-  INDICATES NEGATIVE NUMBERS.
R  INDICATES RECORD WAS SET OR TIED.
MM INDICATES DATA IS MISSING.
T  INDICATES TRACE AMOUNT.




$$
