000
CDUS42 KMFL 262120
CLIAPF


CLIMATE REPORT
NATIONAL WEATHER SERVICE MIAMI, FL
420 PM EST WED NOV 26 2014


...................................

...THE NAPLES CLIMATE SUMMARY FOR NOVEMBER 26 2014...
VALID TODAY AS OF 0400 PM LOCAL TIME.

CLIMATE NORMAL PERIOD 1981 TO 2010
CLIMATE RECORD PERIOD 1942 TO 2014


WEATHER ITEM   OBSERVED TIME   RECORD YEAR NORMAL DEPARTURE LAST
                VALUE   (LST)  VALUE       VALUE  FROM      YEAR
                                                  NORMAL
..................................................................
TEMPERATURE (F)
 TODAY
  MAXIMUM         78    329 AM  90    1948  79     -1       84
  MINIMUM         62    400 PM  14    2012  61      1       71
  AVERAGE         70                        70      0       78

PRECIPITATION (IN)
  TODAY            0.39          0.72 1987   0.06   0.33     0.59
  MONTH TO DATE    1.05                      1.80  -0.75     0.69
  SINCE NOV 1      1.05                      1.80  -0.75     0.69
  SINCE JAN 1     50.41                     50.20   0.21    48.91

SNOWFALL (IN)
  TODAY            0.0
  MONTH TO DATE    0.0
  SINCE SEP 1      0.0
  SINCE JUL 1      0.0
  SNOW DEPTH       0

DEGREE DAYS
 HEATING
  TODAY            0                         1     -1
  MONTH TO DATE   17                         7     10
  SINCE SEP 1     17                         8      9
  SINCE JUL 1     17                         8      9

 COOLING
  TODAY            5                         6     -1
  MONTH TO DATE  142                       202    -60
  SINCE SEP 1   1080                      1140    -60
  SINCE JAN 1   3950                      3797    153
..................................................................


WIND (MPH)
  HIGHEST WIND SPEED    28   HIGHEST WIND DIRECTION    NW (300)
  HIGHEST GUST SPEED    35   HIGHEST GUST DIRECTION    NW (320)
  AVERAGE WIND SPEED    12.6


SKY COVER
  AVERAGE SKY COVER 0.9


WEATHER CONDITIONS
 THE FOLLOWING WEATHER WAS RECORDED TODAY.
  THUNDERSTORM
  HEAVY RAIN
  RAIN
  LIGHT RAIN
  FOG


RELATIVE HUMIDITY (PERCENT)
 HIGHEST    94
 LOWEST     48
 AVERAGE    71

..........................................................


THE NAPLES CLIMATE NORMALS FOR TOMORROW
                         NORMAL    RECORD    YEAR
 MAXIMUM TEMPERATURE (F)   79        88      1990
 MINIMUM TEMPERATURE (F)   60        38      1977


SUNRISE AND SUNSET
NOVEMBER 26 2014......SUNRISE   654 AM EST   SUNSET   535 PM EST
NOVEMBER 27 2014......SUNRISE   654 AM EST   SUNSET   535 PM EST


-  INDICATES NEGATIVE NUMBERS.
R  INDICATES RECORD WAS SET OR TIED.
MM INDICATES DATA IS MISSING.
T  INDICATES TRACE AMOUNT.

$$
