000
CDUS42 KMFL 170920
CLIAPF


CLIMATE REPORT
NATIONAL WEATHER SERVICE MIAMI, FL
420 AM EST WED JAN 17 2018


...................................

...THE NAPLES CLIMATE SUMMARY FOR JANUARY 16 2018...

CLIMATE NORMAL PERIOD 1981 TO 2010
CLIMATE RECORD PERIOD 1942 TO 2018


WEATHER ITEM   OBSERVED TIME   RECORD YEAR NORMAL DEPARTURE LAST
                VALUE   (LST)  VALUE       VALUE  FROM      YEAR
                                                  NORMAL
..................................................................
TEMPERATURE (F)
 YESTERDAY
  MAXIMUM         76    209 PM  86    1947  75      1       81
  MINIMUM         52    746 AM  33    1978  54     -2       64
  AVERAGE         64                        64      0       73

PRECIPITATION (IN)
  YESTERDAY        0.00          6.10 1991   0.05  -0.05      T
  MONTH TO DATE    0.14                      0.86  -0.72     0.38
  SINCE NOV 1      1.29                      4.35  -3.06     0.73
  SINCE JAN 1      0.14                      0.86  -0.72     0.38

SNOWFALL (IN)
  YESTERDAY        0.0
  MONTH TO DATE    0.0
  SINCE DEC 1      0.0
  SINCE JUL 1      0.0
  SNOW DEPTH       0

DEGREE DAYS
 HEATING
  YESTERDAY        1                         4     -3        0
  MONTH TO DATE   87                        58     29       20
  SINCE DEC 1    134                       122     12       25
  SINCE JUL 1    138                       136      2       29

 COOLING
  YESTERDAY        0                         3     -3        8
  MONTH TO DATE   28                        48    -20       89
  SINCE DEC 1    187                       168     19      356
  SINCE JAN 1     28                        48    -20       89
..................................................................


WIND (MPH)
  HIGHEST WIND SPEED    20   HIGHEST WIND DIRECTION    NE (50)
  HIGHEST GUST SPEED    24   HIGHEST GUST DIRECTION     E (70)
  AVERAGE WIND SPEED     9.2


SKY COVER
  AVERAGE SKY COVER 0.0


WEATHER CONDITIONS
 THE FOLLOWING WEATHER WAS RECORDED YESTERDAY.
  NO SIGNIFICANT WEATHER WAS OBSERVED.


RELATIVE HUMIDITY (PERCENT)
 HIGHEST    96
 LOWEST     36
 AVERAGE    66

..........................................................


THE NAPLES CLIMATE NORMALS FOR TODAY
                         NORMAL    RECORD    YEAR
 MAXIMUM TEMPERATURE (F)   75        87      1947
 MINIMUM TEMPERATURE (F)   54        37      1983
                                             1971
                                             1968


SUNRISE AND SUNSET
JANUARY 17 2018.......SUNRISE   716 AM EST   SUNSET   559 PM EST
JANUARY 18 2018.......SUNRISE   716 AM EST   SUNSET   600 PM EST


-  INDICATES NEGATIVE NUMBERS.
R  INDICATES RECORD WAS SET OR TIED.
MM INDICATES DATA IS MISSING.
T  INDICATES TRACE AMOUNT.




$$
