000
CDUS42 KMFL 080931
CLIAPF


CLIMATE REPORT
NATIONAL WEATHER SERVICE MIAMI, FL
431 AM EST MON FEB 8 2016


...................................

...THE NAPLES CLIMATE SUMMARY FOR FEBRUARY 7 2016...

CLIMATE NORMAL PERIOD 1981 TO 2010
CLIMATE RECORD PERIOD 1942 TO 2016


WEATHER ITEM   OBSERVED TIME   RECORD YEAR NORMAL DEPARTURE LAST
                VALUE   (LST)  VALUE       VALUE  FROM      YEAR
                                                  NORMAL
..................................................................
TEMPERATURE (F)
 YESTERDAY
  MAXIMUM         60   1132 AM  86    1982  76    -16       76
  MINIMUM         51   1159 PM  31    1978  56     -5       53
  AVERAGE         56                        66    -10       65

PRECIPITATION (IN)
  YESTERDAY        0.00          0.78 1958   0.07  -0.07     0.00
  MONTH TO DATE    0.20                      0.50  -0.30     1.11
  SINCE NOV 1     12.36                      5.84   6.52     2.51
  SINCE JAN 1      7.74                      2.35   5.39     1.21

SNOWFALL (IN)
  YESTERDAY        0.0
  MONTH TO DATE    0.0
  SINCE DEC 1      0.0
  SINCE JUL 1      0.0
  SNOW DEPTH       0

DEGREE DAYS
 HEATING
  YESTERDAY        9                         2      7        0
  MONTH TO DATE   14                        14      0        1
  SINCE DEC 1     81                       180    -99       89
  SINCE JUL 1     81                       194   -113      118

 COOLING
  YESTERDAY        0                         3     -3        0
  MONTH TO DATE   41                        20     21       10
  SINCE DEC 1    477                       226    251      277
  SINCE JAN 1    121                       106     15      127
..................................................................


WIND (MPH)
  HIGHEST WIND SPEED    26   HIGHEST WIND DIRECTION    NW (300)
  HIGHEST GUST SPEED    36   HIGHEST GUST DIRECTION    NW (300)
  AVERAGE WIND SPEED    12.4


SKY COVER
  AVERAGE SKY COVER 0.4


WEATHER CONDITIONS
 THE FOLLOWING WEATHER WAS RECORDED YESTERDAY.
  NO SIGNIFICANT WEATHER WAS OBSERVED.


RELATIVE HUMIDITY (PERCENT)
 HIGHEST    86
 LOWEST     47
 AVERAGE    67

..........................................................


THE NAPLES CLIMATE NORMALS FOR TODAY
                         NORMAL    RECORD    YEAR
 MAXIMUM TEMPERATURE (F)   76        86      1959
 MINIMUM TEMPERATURE (F)   56        36      1984


SUNRISE AND SUNSET
FEBRUARY  8 2016......SUNRISE   708 AM EST   SUNSET   615 PM EST
FEBRUARY  9 2016......SUNRISE   707 AM EST   SUNSET   616 PM EST


-  INDICATES NEGATIVE NUMBERS.
R  INDICATES RECORD WAS SET OR TIED.
MM INDICATES DATA IS MISSING.
T  INDICATES TRACE AMOUNT.




$$
