000
CDUS42 KMFL 222118
CLIAPF


CLIMATE REPORT
NATIONAL WEATHER SERVICE MIAMI, FL
416 PM EST SUN JAN 22 2017


...................................

...THE NAPLES CLIMATE SUMMARY FOR JANUARY 22 2017...
VALID TODAY AS OF 0400 PM LOCAL TIME.

CLIMATE NORMAL PERIOD 1981 TO 2010
CLIMATE RECORD PERIOD 1942 TO 2017


WEATHER ITEM   OBSERVED TIME   RECORD YEAR NORMAL DEPARTURE LAST
                VALUE   (LST)  VALUE       VALUE  FROM      YEAR
                                                  NORMAL
..................................................................
TEMPERATURE (F)
 TODAY
  MAXIMUM         82    128 PM  87    1962  75      7       70
  MINIMUM         72   1221 AM  28    1985  54     18       62
  AVERAGE         77                        64     13       66

PRECIPITATION (IN)
  TODAY            0.00          2.04 1967   0.07  -0.07     1.20
  MONTH TO DATE    0.38                      1.20  -0.82     3.63
  SINCE NOV 1      0.73                      4.69  -3.96     8.25
  SINCE JAN 1      0.38                      1.20  -0.82     3.63

SNOWFALL (IN)
  TODAY            0.0
  MONTH TO DATE    0.0
  SINCE DEC 1      0.0
  SINCE JUL 1      0.0
  SNOW DEPTH       0

DEGREE DAYS
 HEATING
  TODAY            0                         3     -3        0
  MONTH TO DATE   20                        79    -59       33
  SINCE DEC 1     25                       143   -118       33
  SINCE JUL 1     29                       157   -128       33

 COOLING
  TODAY           12                         3      9        1
  MONTH TO DATE  132                        66     66       67
  SINCE DEC 1    399                       186    213      423
  SINCE JAN 1    132                        66     66       67
..................................................................


WIND (MPH)
  HIGHEST WIND SPEED    30   HIGHEST WIND DIRECTION     S (190)
  HIGHEST GUST SPEED    42   HIGHEST GUST DIRECTION     S (200)
  AVERAGE WIND SPEED    MM


SKY COVER
  AVERAGE SKY COVER  MM


WEATHER CONDITIONS
 THE FOLLOWING WEATHER WAS RECORDED TODAY.
  NO SIGNIFICANT WEATHER WAS OBSERVED.


RELATIVE HUMIDITY (PERCENT)
 HIGHEST    MM
 LOWEST     MM
 AVERAGE    MM

..........................................................


THE NAPLES CLIMATE NORMALS FOR TOMORROW
                         NORMAL    RECORD    YEAR
 MAXIMUM TEMPERATURE (F)   75        87      1975
 MINIMUM TEMPERATURE (F)   54        31      1985


SUNRISE AND SUNSET
JANUARY 22 2017.......SUNRISE   715 AM EST   SUNSET   603 PM EST
JANUARY 23 2017.......SUNRISE   715 AM EST   SUNSET   604 PM EST


-  INDICATES NEGATIVE NUMBERS.
R  INDICATES RECORD WAS SET OR TIED.
MM INDICATES DATA IS MISSING.
T  INDICATES TRACE AMOUNT.




$$
