000
CDUS42 KMFL 180941
CLIAPF


CLIMATE REPORT
NATIONAL WEATHER SERVICE MIAMI, FL
440 AM EST THU DEC 18 2014


...................................

...THE NAPLES CLIMATE SUMMARY FOR DECEMBER 17 2014...

CLIMATE NORMAL PERIOD 1981 TO 2010
CLIMATE RECORD PERIOD 1942 TO 2014


WEATHER ITEM   OBSERVED TIME   RECORD YEAR NORMAL DEPARTURE LAST
                VALUE   (LST)  VALUE       VALUE  FROM      YEAR
                                                  NORMAL
..................................................................
TEMPERATURE (F)
 YESTERDAY
  MAXIMUM         75   1252 PM  88    1959  76     -1       79
  MINIMUM         51    337 AM  34    1968  57     -6       52
  AVERAGE         63                        67     -4       66

PRECIPITATION (IN)
  YESTERDAY        0.00          1.05 1982   0.05  -0.05     0.00
  MONTH TO DATE    0.04                      0.80  -0.76     0.09
  SINCE NOV 1      1.09                      2.84  -1.75     0.87
  SINCE JAN 1     50.45                     51.24  -0.79    49.09

SNOWFALL (IN)
  YESTERDAY        0.0
  MONTH TO DATE    0.0
  SINCE DEC 1      0.0
  SINCE JUL 1      0.0
  SNOW DEPTH       0

DEGREE DAYS
 HEATING
  YESTERDAY        2                         2      0
  MONTH TO DATE   49                        29     20
  SINCE DEC 1     49                        29     20
  SINCE JUL 1     78                        43     35

 COOLING
  YESTERDAY        0                         4     -4
  MONTH TO DATE   59                        78    -19
  SINCE DEC 1     59                        78    -19
  SINCE JAN 1   4007                      3897    110
..................................................................


WIND (MPH)
  HIGHEST WIND SPEED    10   HIGHEST WIND DIRECTION     W (280)
  HIGHEST GUST SPEED    12   HIGHEST GUST DIRECTION     W (250)
  AVERAGE WIND SPEED     2.5


SKY COVER
  AVERAGE SKY COVER 0.0


WEATHER CONDITIONS
 THE FOLLOWING WEATHER WAS RECORDED YESTERDAY.
  HAZE


RELATIVE HUMIDITY (PERCENT)
 HIGHEST   100
 LOWEST     35
 AVERAGE    68

..........................................................


THE NAPLES CLIMATE NORMALS FOR TODAY
                         NORMAL    RECORD    YEAR
 MAXIMUM TEMPERATURE (F)   76        84      2006
                                             1964
 MINIMUM TEMPERATURE (F)   57        35      1973


SUNRISE AND SUNSET
DECEMBER 18 2014......SUNRISE   708 AM EST   SUNSET   539 PM EST
DECEMBER 19 2014......SUNRISE   709 AM EST   SUNSET   539 PM EST


-  INDICATES NEGATIVE NUMBERS.
R  INDICATES RECORD WAS SET OR TIED.
MM INDICATES DATA IS MISSING.
T  INDICATES TRACE AMOUNT.




$$
