000
CDUS42 KMFL 250823
CLIAPF


CLIMATE REPORT
NATIONAL WEATHER SERVICE MIAMI, FL
423 AM EDT THU AUG 25 2016


...................................

...THE NAPLES CLIMATE SUMMARY FOR AUGUST 24 2016...

CLIMATE NORMAL PERIOD 1981 TO 2010
CLIMATE RECORD PERIOD 1942 TO 2016


WEATHER ITEM   OBSERVED TIME   RECORD YEAR NORMAL DEPARTURE LAST
                VALUE   (LST)  VALUE       VALUE  FROM      YEAR
                                                  NORMAL
..................................................................
TEMPERATURE (F)
 YESTERDAY
  MAXIMUM         93    105 PM  97    1989  91      2       94
  MINIMUM         78    535 AM  69    1996  76      2       80
                                      1957
  AVERAGE         86                        83      3       87

PRECIPITATION (IN)
  YESTERDAY        0.03          3.08 1978   0.27  -0.24     0.07
  MONTH TO DATE    6.62                      6.59   0.03     1.13
  SINCE JUN 1     17.83                     22.68  -4.85    17.60
  SINCE JAN 1     29.93                     34.53  -4.60    25.62

SNOWFALL (IN)
  YESTERDAY        0.0
  MONTH TO DATE    0.0
  SINCE JUN 1      0.0
  SINCE JUL 1      0.0
  SNOW DEPTH       0

DEGREE DAYS
 HEATING
  YESTERDAY        0                         0      0        0
  MONTH TO DATE    0                         0      0        0
  SINCE JUN 1      0                         0      0        0
  SINCE JUL 1      0                         0      0        0

 COOLING
  YESTERDAY       21                        18      3       22
  MONTH TO DATE  464                       432     32      488
  SINCE JUN 1   1604                      1498    106     1564
  SINCE JAN 1   2788                      2526    262     2919
..................................................................


WIND (MPH)
  HIGHEST WIND SPEED    17   HIGHEST WIND DIRECTION     S (180)
  HIGHEST GUST SPEED    22   HIGHEST GUST DIRECTION    NE (50)
  AVERAGE WIND SPEED     7.0


SKY COVER
  AVERAGE SKY COVER 0.2


WEATHER CONDITIONS
 THE FOLLOWING WEATHER WAS RECORDED YESTERDAY.
  THUNDERSTORM
  LIGHT RAIN
  FOG


RELATIVE HUMIDITY (PERCENT)
 HIGHEST    97
 LOWEST     56
 AVERAGE    77

..........................................................


THE NAPLES CLIMATE NORMALS FOR TODAY
                         NORMAL    RECORD    YEAR
 MAXIMUM TEMPERATURE (F)   91        96      1943
 MINIMUM TEMPERATURE (F)   76        69      1996
                                             1980
                                             1954


SUNRISE AND SUNSET
AUGUST 25 2016........SUNRISE   704 AM EDT   SUNSET   753 PM EDT
AUGUST 26 2016........SUNRISE   705 AM EDT   SUNSET   752 PM EDT


-  INDICATES NEGATIVE NUMBERS.
R  INDICATES RECORD WAS SET OR TIED.
MM INDICATES DATA IS MISSING.
T  INDICATES TRACE AMOUNT.




$$
