000
CDUS43 KAPX 230529
CLIAPN


CLIMATE REPORT
NATIONAL WEATHER SERVICE GAYLORD MI
128 AM EDT WED JUL 23 2014


...................................

...THE ALPENA MI CLIMATE SUMMARY FOR JULY 22 2014...

CLIMATE NORMAL PERIOD 1981 TO 2010
CLIMATE RECORD PERIOD 1916 TO 2014


WEATHER ITEM   OBSERVED TIME   RECORD YEAR NORMAL DEPARTURE LAST
                VALUE   (LST)  VALUE       VALUE  FROM      YEAR
                                                  NORMAL
..................................................................
TEMPERATURE (F)
 YESTERDAY
  MAXIMUM         89    236 PM  97    1918  80      9       84
  MINIMUM         63    307 AM  42    1992  56      7       60
                                      1966
  AVERAGE         76                        68      8       72

PRECIPITATION (IN)
  YESTERDAY        0.40          1.73 1971   0.10   0.30     0.08
  MONTH TO DATE    3.19                      2.19   1.00     1.22
  SINCE JUN 1      4.37                      4.81  -0.44     3.25
  SINCE JAN 1     15.87                     14.71   1.16    18.18

DEGREE DAYS
 HEATING
  YESTERDAY        0                         1     -1        0
  MONTH TO DATE   51                        32     19       25
  SINCE JUN 1    163                       175    -12      161
  SINCE JUL 1     51                        32     19       25

 COOLING
  YESTERDAY       11                         4      7        7
  MONTH TO DATE   44                        85    -41      123
  SINCE JUN 1     99                       141    -42      187
  SINCE JAN 1    104                       154    -50      200
..................................................................


WIND (MPH)
  HIGHEST WIND SPEED    22   HIGHEST WIND DIRECTION     S (190)
  HIGHEST GUST SPEED    30   HIGHEST GUST DIRECTION     S (190)
  AVERAGE WIND SPEED     7.9




RELATIVE HUMIDITY (PERCENT)
 HIGHEST    93
 LOWEST     48
 AVERAGE    71

..........................................................


THE ALPENA MI CLIMATE NORMALS FOR TODAY
                         NORMAL    RECORD    YEAR
 MAXIMUM TEMPERATURE (F)   80        95      2012
                                             2001
 MINIMUM TEMPERATURE (F)   56        41      1923


SUNRISE AND SUNSET
JULY 23 2014..........SUNRISE   610 AM EDT   SUNSET   911 PM EDT
JULY 24 2014..........SUNRISE   611 AM EDT   SUNSET   910 PM EDT


-  INDICATES NEGATIVE NUMBERS.
R  INDICATES RECORD WAS SET OR TIED.
MM INDICATES DATA IS MISSING.
T  INDICATES TRACE AMOUNT.




$$
