000
CDUS43 KAPX 290527
CLIAPN


CLIMATE REPORT
NATIONAL WEATHER SERVICE GAYLORD MI
127 AM EDT FRI AUG 29 2014


...................................

...THE ALPENA MI CLIMATE SUMMARY FOR AUGUST 28 2014...

CLIMATE NORMAL PERIOD 1981 TO 2010
CLIMATE RECORD PERIOD 1916 TO 2014


WEATHER ITEM   OBSERVED TIME   RECORD YEAR NORMAL DEPARTURE LAST
                VALUE   (LST)  VALUE       VALUE  FROM      YEAR
                                                  NORMAL
..................................................................
TEMPERATURE (F)
 YESTERDAY
  MAXIMUM         71    206 PM  96    1953  75     -4       85
  MINIMUM         43    334 AM  31    1925  52     -9       64
  AVERAGE         57                        63     -6       75

PRECIPITATION (IN)
  YESTERDAY        0.00          1.84 1984   0.11  -0.11     0.00
  MONTH TO DATE    4.17                      2.91   1.26     1.05
  SINCE JUN 1      9.26                      8.56   0.70     6.61
  SINCE JAN 1     20.76                     18.46   2.30    21.54

DEGREE DAYS
 HEATING
  YESTERDAY        8                         3      5        0
  MONTH TO DATE   49                        60    -11       58
  SINCE JUN 1    230                       247    -17      247
  SINCE JUL 1    118                       104     14      111

 COOLING
  YESTERDAY        0                         2     -2       10
  MONTH TO DATE   30                        74    -44       83
  SINCE JUN 1    136                       246   -110      276
  SINCE JAN 1    141                       259   -118      289
..................................................................


WIND (MPH)
  HIGHEST WIND SPEED    10   HIGHEST WIND DIRECTION     E (100)
  HIGHEST GUST SPEED    13   HIGHEST GUST DIRECTION     E (100)
  AVERAGE WIND SPEED     4.0




RELATIVE HUMIDITY (PERCENT)
 HIGHEST   100
 LOWEST     47
 AVERAGE    74

..........................................................


THE ALPENA MI CLIMATE NORMALS FOR TODAY
                         NORMAL    RECORD    YEAR
 MAXIMUM TEMPERATURE (F)   75        95      1991
                                             1953
 MINIMUM TEMPERATURE (F)   52        30      1982


SUNRISE AND SUNSET
AUGUST 29 2014........SUNRISE   653 AM EDT   SUNSET   817 PM EDT
AUGUST 30 2014........SUNRISE   654 AM EDT   SUNSET   815 PM EDT


-  INDICATES NEGATIVE NUMBERS.
R  INDICATES RECORD WAS SET OR TIED.
MM INDICATES DATA IS MISSING.
T  INDICATES TRACE AMOUNT.




$$
