000
CDUS43 KAPX 120530
CLIAPN


CLIMATE REPORT
NATIONAL WEATHER SERVICE GAYLORD MI
129 AM EDT SAT JUL 12 2014


...................................

...THE ALPENA MI CLIMATE SUMMARY FOR JULY 11 2014...

CLIMATE NORMAL PERIOD 1981 TO 2010
CLIMATE RECORD PERIOD 1916 TO 2014


WEATHER ITEM   OBSERVED TIME   RECORD YEAR NORMAL DEPARTURE LAST
                VALUE   (LST)  VALUE       VALUE  FROM      YEAR
                                                  NORMAL
..................................................................
TEMPERATURE (F)
 YESTERDAY
  MAXIMUM         80    318 PM 100    1936  80      0       72
  MINIMUM         43    524 AM  37    1968  55    -12       50
  AVERAGE         62                        68     -6       61

PRECIPITATION (IN)
  YESTERDAY        T             0.76 1964   0.10  -0.10     0.00
  MONTH TO DATE    0.51                      1.09  -0.58     0.35
  SINCE JUN 1      1.69                      3.71  -2.02     2.38
  SINCE JAN 1     13.19                     13.61  -0.42    17.31

DEGREE DAYS
 HEATING
  YESTERDAY        3                         1      2        4
  MONTH TO DATE   31                        21     10       18
  SINCE JUN 1    143                       164    -21      154
  SINCE JUL 1     31                        21     10       18

 COOLING
  YESTERDAY        0                         4     -4        0
  MONTH TO DATE   23                        41    -18       42
  SINCE JUN 1     78                        97    -19      106
  SINCE JAN 1     83                       110    -27      119
..................................................................


WIND (MPH)
  HIGHEST WIND SPEED    13   HIGHEST WIND DIRECTION     E (90)
  HIGHEST GUST SPEED    18   HIGHEST GUST DIRECTION     E (90)
  AVERAGE WIND SPEED     4.8




RELATIVE HUMIDITY (PERCENT)
 HIGHEST   100
 LOWEST     35
 AVERAGE    68

..........................................................


THE ALPENA MI CLIMATE NORMALS FOR TODAY
                         NORMAL    RECORD    YEAR
 MAXIMUM TEMPERATURE (F)   80       105      1936
 MINIMUM TEMPERATURE (F)   55        39      1940


SUNRISE AND SUNSET
JULY 12 2014..........SUNRISE   559 AM EDT   SUNSET   920 PM EDT
JULY 13 2014..........SUNRISE   600 AM EDT   SUNSET   920 PM EDT


-  INDICATES NEGATIVE NUMBERS.
R  INDICATES RECORD WAS SET OR TIED.
MM INDICATES DATA IS MISSING.
T  INDICATES TRACE AMOUNT.




$$
