000
CDUS43 KAPX 230528
CLIAPN


CLIMATE REPORT
NATIONAL WEATHER SERVICE GAYLORD MI
127 AM EDT THU MAR 23 2017


...................................

...THE ALPENA MI CLIMATE SUMMARY FOR MARCH 22 2017...

CLIMATE NORMAL PERIOD 1981 TO 2010
CLIMATE RECORD PERIOD 1916 TO 2017


WEATHER ITEM   OBSERVED TIME   RECORD YEAR NORMAL DEPARTURE LAST
                VALUE   (LST)  VALUE       VALUE  FROM      YEAR
                                                  NORMAL
..................................................................
TEMPERATURE (F)
 YESTERDAY
  MAXIMUM         34    451 PM  79    1938  41     -7       37
  MINIMUM         15   1137 PM  -9    1989  21     -6       27
  AVERAGE         25                        31     -6       32

PRECIPITATION (IN)
  YESTERDAY        T             0.60 1955   0.07  -0.07     0.11
  MONTH TO DATE    1.13                      1.28  -0.15     2.20
  SINCE MAR 1      1.13                      1.28  -0.15     2.20
  SINCE JAN 1      6.62                      4.26   2.36     6.68

SNOWFALL (IN)
  YESTERDAY        T             4.3  1972   0.3   -0.3      0.2
  MONTH TO DATE   10.0                       9.4    0.6      8.6
  SINCE OCT 1     63.5                      75.5  -12.0     56.0
  SINCE JUL 1     63.5                      75.5  -12.0     56.0
  SNOW DEPTH       0

DEGREE DAYS
 HEATING
  YESTERDAY       40                        34      6       33
  MONTH TO DATE  866                       836     30      712
  SINCE MAR 1    866                       836     30      712
  SINCE JUL 1   5497                      6568  -1071     5494

 COOLING
  YESTERDAY        0                         0      0        0
  MONTH TO DATE    0                         0      0        0
  SINCE MAR 1      0                         0      0        0
  SINCE JAN 1      0                         0      0        0
..................................................................


WIND (MPH)
  HIGHEST WIND SPEED    21   HIGHEST WIND DIRECTION     N (360)
  HIGHEST GUST SPEED    27   HIGHEST GUST DIRECTION     N (350)
  AVERAGE WIND SPEED     7.9




RELATIVE HUMIDITY (PERCENT)
 HIGHEST    88
 LOWEST     25
 AVERAGE    57

..........................................................


THE ALPENA MI CLIMATE NORMALS FOR TODAY
                         NORMAL    RECORD    YEAR
 MAXIMUM TEMPERATURE (F)   41        70      1938
 MINIMUM TEMPERATURE (F)   22       -15      1934


SUNRISE AND SUNSET
MARCH 23 2017.........SUNRISE   731 AM EDT   SUNSET   751 PM EDT
MARCH 24 2017.........SUNRISE   729 AM EDT   SUNSET   752 PM EDT


-  INDICATES NEGATIVE NUMBERS.
R  INDICATES RECORD WAS SET OR TIED.
MM INDICATES DATA IS MISSING.
T  INDICATES TRACE AMOUNT.




$$
