000
CDUS43 KAPX 290527
CLIAPN


CLIMATE REPORT
NATIONAL WEATHER SERVICE GAYLORD MI
126 AM EDT FRI JUL 29 2016


...................................

...THE ALPENA MI CLIMATE SUMMARY FOR JULY 28 2016...

CLIMATE NORMAL PERIOD 1981 TO 2010
CLIMATE RECORD PERIOD 1916 TO 2016


WEATHER ITEM   OBSERVED TIME   RECORD YEAR NORMAL DEPARTURE LAST
                VALUE   (LST)  VALUE       VALUE  FROM      YEAR
                                                  NORMAL
..................................................................
TEMPERATURE (F)
 YESTERDAY
  MAXIMUM         80    457 PM  97    1931  79      1       92
  MINIMUM         61   1024 PM  44    1978  56      5       61
                                      1925
  AVERAGE         71                        68      3       77

PRECIPITATION (IN)
  YESTERDAY        0.02          0.66 1986   0.09  -0.07     0.00
  MONTH TO DATE    2.49                      2.74  -0.25     1.62
  SINCE JUN 1      3.93                      5.36  -1.43     3.78
  SINCE JAN 1     18.66                     15.26   3.40    12.33

DEGREE DAYS
 HEATING
  YESTERDAY        0                         1     -1        0
  MONTH TO DATE   17                        38    -21       35
  SINCE JUN 1    125                       181    -56      178
  SINCE JUL 1     17                        38    -21       35

 COOLING
  YESTERDAY        6                         4      2       12
  MONTH TO DATE  185                       109     76      116
  SINCE JUN 1    250                       165     85      127
  SINCE JAN 1    282                       178    104      151
..................................................................


WIND (MPH)
  HIGHEST WIND SPEED    10   HIGHEST WIND DIRECTION    NE (60)
  HIGHEST GUST SPEED    14   HIGHEST GUST DIRECTION    NE (40)
  AVERAGE WIND SPEED     4.4




RELATIVE HUMIDITY (PERCENT)
 HIGHEST    93
 LOWEST     39
 AVERAGE    66

..........................................................


THE ALPENA MI CLIMATE NORMALS FOR TODAY
                         NORMAL    RECORD    YEAR
 MAXIMUM TEMPERATURE (F)   79        99      1917
 MINIMUM TEMPERATURE (F)   56        36      1934


SUNRISE AND SUNSET
JULY 29 2016..........SUNRISE   617 AM EDT   SUNSET   904 PM EDT
JULY 30 2016..........SUNRISE   618 AM EDT   SUNSET   903 PM EDT


-  INDICATES NEGATIVE NUMBERS.
R  INDICATES RECORD WAS SET OR TIED.
MM INDICATES DATA IS MISSING.
T  INDICATES TRACE AMOUNT.




$$
