000
CDUS43 KAPX 270537
CLIAPN


CLIMATE REPORT
NATIONAL WEATHER SERVICE GAYLORD MI
1237 AM EST THU NOV 27 2014


...................................

...THE ALPENA MI CLIMATE SUMMARY FOR NOVEMBER 26 2014...

CLIMATE NORMAL PERIOD 1981 TO 2010
CLIMATE RECORD PERIOD 1916 TO 2014


WEATHER ITEM   OBSERVED TIME   RECORD YEAR NORMAL DEPARTURE LAST
                VALUE   (LST)  VALUE       VALUE  FROM      YEAR
                                                  NORMAL
..................................................................
TEMPERATURE (F)
 YESTERDAY
  MAXIMUM         29        MM  62    1960  39    -10       34
  MINIMUM         25        MM  -2    1949  25      0       22
  AVERAGE         27                        32     -5       28

PRECIPITATION (IN)
  YESTERDAY        0.01          0.93 1926   0.06  -0.05     0.04
  MONTH TO DATE    2.79                      1.83   0.96     2.01
  SINCE SEP 1     10.51                      7.36   3.15     7.39
  SINCE JAN 1     32.41                     26.14   6.27    29.46

SNOWFALL (IN)
  YESTERDAY        T             3.7  1995   0.3   -0.3      0.6
  MONTH TO DATE    4.6                       6.0   -1.4      1.4
  SINCE OCT 1      4.6                       6.4   -1.8      1.4
  SINCE JUL 1      4.6                       6.4   -1.8      1.4
  SNOW DEPTH       2

DEGREE DAYS
 HEATING
  YESTERDAY       38                        33      5       37
  MONTH TO DATE  860                       743    117      757
  SINCE SEP 1   1655                      1572     83     1576
  SINCE JUL 1   1779                      1687     92     1687
..................................................................


WIND (MPH)
  HIGHEST WIND SPEED     9   HIGHEST WIND DIRECTION     W (270)
  HIGHEST GUST SPEED    MM   HIGHEST GUST DIRECTION    MM
  AVERAGE WIND SPEED     3.6




RELATIVE HUMIDITY (PERCENT)
 HIGHEST    92
 LOWEST     75
 AVERAGE    84

..........................................................


THE ALPENA MI CLIMATE NORMALS FOR TODAY
                         NORMAL    RECORD    YEAR
 MAXIMUM TEMPERATURE (F)   38        67      1990
 MINIMUM TEMPERATURE (F)   25        -1      1951


SUNRISE AND SUNSET
NOVEMBER 27 2014......SUNRISE   748 AM EST   SUNSET   456 PM EST
NOVEMBER 28 2014......SUNRISE   749 AM EST   SUNSET   455 PM EST


-  INDICATES NEGATIVE NUMBERS.
R  INDICATES RECORD WAS SET OR TIED.
MM INDICATES DATA IS MISSING.
T  INDICATES TRACE AMOUNT.




$$
