000
CDUS43 KAPX 300530
CLIAPN


CLIMATE REPORT
NATIONAL WEATHER SERVICE GAYLORD MI
128 AM EDT TUE MAY 30 2017


...................................

...THE ALPENA MI CLIMATE SUMMARY FOR MAY 29 2017...

CLIMATE NORMAL PERIOD 1981 TO 2010
CLIMATE RECORD PERIOD 1916 TO 2017


WEATHER ITEM   OBSERVED TIME   RECORD YEAR NORMAL DEPARTURE LAST
                VALUE   (LST)  VALUE       VALUE  FROM      YEAR
                                                  NORMAL
..................................................................
TEMPERATURE (F)
 YESTERDAY
  MAXIMUM         73    250 PM  92    2006  69      4       86
  MINIMUM         49   1144 PM  29    2004  44      5       66
                                      1965
  AVERAGE         61                        57      4       76

PRECIPITATION (IN)
  YESTERDAY        0.03          1.70 1954   0.09  -0.06     0.24
  MONTH TO DATE    2.10                      2.48  -0.38     1.31
  SINCE MAR 1      9.78                      6.73   3.05    10.25
  SINCE JAN 1     15.27                      9.71   5.56    14.73

DEGREE DAYS
 HEATING
  YESTERDAY        4                         9     -5        0
  MONTH TO DATE  381                       381      0      341
  SINCE MAR 1   2097                      2208   -111     2164
  SINCE JUL 1   6728                      7940  -1212     6946

 COOLING
  YESTERDAY        0                         1     -1       11
  MONTH TO DATE    6                         6      0       29
  SINCE MAR 1      6                         8     -2       29
  SINCE JAN 1      6                         8     -2       29
..................................................................


WIND (MPH)
  HIGHEST WIND SPEED    21   HIGHEST WIND DIRECTION     W (260)
  HIGHEST GUST SPEED    33   HIGHEST GUST DIRECTION     W (250)
  AVERAGE WIND SPEED     5.9




RELATIVE HUMIDITY (PERCENT)
 HIGHEST   100
 LOWEST     40
 AVERAGE    70

..........................................................


THE ALPENA MI CLIMATE NORMALS FOR TODAY
                         NORMAL    RECORD    YEAR
 MAXIMUM TEMPERATURE (F)   69        94      1937
 MINIMUM TEMPERATURE (F)   45        29      2009
                                             1964
                                             1961


SUNRISE AND SUNSET
MAY 30 2017...........SUNRISE   552 AM EDT   SUNSET   913 PM EDT
MAY 31 2017...........SUNRISE   551 AM EDT   SUNSET   913 PM EDT


-  INDICATES NEGATIVE NUMBERS.
R  INDICATES RECORD WAS SET OR TIED.
MM INDICATES DATA IS MISSING.
T  INDICATES TRACE AMOUNT.




$$
