000
CDUS43 KAPX 020526
CLIAPN


CLIMATE REPORT
NATIONAL WEATHER SERVICE GAYLORD MI
126 AM EDT WED SEP 2 2015


...................................

...THE ALPENA MI CLIMATE SUMMARY FOR SEPTEMBER 1 2015...

CLIMATE NORMAL PERIOD 1981 TO 2010
CLIMATE RECORD PERIOD 1916 TO 2015


WEATHER ITEM   OBSERVED TIME   RECORD YEAR NORMAL DEPARTURE LAST
                VALUE   (LST)  VALUE       VALUE  FROM      YEAR
                                                  NORMAL
..................................................................
TEMPERATURE (F)
 YESTERDAY
  MAXIMUM         88    354 PM  99    1953  74     14       83
  MINIMUM         56    336 AM  36    1936  51      5       59
  AVERAGE         72                        62     10       71

PRECIPITATION (IN)
  YESTERDAY        0.00          1.33 2014   0.10  -0.10     1.33
  MONTH TO DATE    0.00                      0.10  -0.10     1.33
  SINCE SEP 1      0.00                      0.10  -0.10     1.33
  SINCE JAN 1     14.65                     18.88  -4.23    23.23

DEGREE DAYS
 HEATING
  YESTERDAY        0                         4     -4        0
  MONTH TO DATE    0                         4     -4        0
  SINCE SEP 1      0                         4     -4        0
  SINCE JUL 1     74                       119    -45      124

 COOLING
  YESTERDAY        7                         2      5        6
  MONTH TO DATE    7                         2      5        6
  SINCE SEP 1      7                         2      5        6
  SINCE JAN 1    303                       268     35      156
..................................................................


WIND (MPH)
  HIGHEST WIND SPEED    13   HIGHEST WIND DIRECTION     S (190)
  HIGHEST GUST SPEED    16   HIGHEST GUST DIRECTION    SW (220)
  AVERAGE WIND SPEED     4.0




RELATIVE HUMIDITY (PERCENT)
 HIGHEST    97
 LOWEST     48
 AVERAGE    73

..........................................................


THE ALPENA MI CLIMATE NORMALS FOR TODAY
                         NORMAL    RECORD    YEAR
 MAXIMUM TEMPERATURE (F)   74        97      1953
 MINIMUM TEMPERATURE (F)   51        31      1935


SUNRISE AND SUNSET
SEPTEMBER  2 2015.....SUNRISE   657 AM EDT   SUNSET   810 PM EDT
SEPTEMBER  3 2015.....SUNRISE   658 AM EDT   SUNSET   808 PM EDT


-  INDICATES NEGATIVE NUMBERS.
R  INDICATES RECORD WAS SET OR TIED.
MM INDICATES DATA IS MISSING.
T  INDICATES TRACE AMOUNT.




$$
